{"id":577,"date":"2017-09-23T23:34:39","date_gmt":"2017-09-23T21:34:39","guid":{"rendered":"http:\/\/www1.af-kulturstiftung.de\/wordpress\/?page_id=577"},"modified":"2022-07-24T01:17:15","modified_gmt":"2022-07-23T23:17:15","slug":"kunstfreunde","status":"publish","type":"page","link":"https:\/\/www.af-kulturstiftung.de\/wordpress\/kunstfreunde\/","title":{"rendered":"Kunstfreunde"},"content":{"rendered":"<section class=\"l-section wpb_row height_small with_img parallax_fixed\"><div class=\"l-section-img\" role=\"img\" aria-label=\"Bild\" data-img-width=\"1920\" data-img-height=\"955\" style=\"background-image: url(https:\/\/www.af-kulturstiftung.de\/wordpress\/wp-content\/uploads\/slideshow08-1.jpg);background-repeat: no-repeat;\"><\/div><div class=\"l-section-h i-cf\"><div class=\"g-cols vc_row via_flex valign_top type_default stacking_default\" style=\"--additional-gap:10px;\"><div class=\"vc_col-sm-8 wpb_column vc_column_container has_bg_color\"><div class=\"vc_column-inner us_custom_4fb9e5a3\"><div class=\"wpb_wrapper\"><div class=\"wpb_text_column\"><div class=\"wpb_wrapper\"><h5>Kunstfreunde Andreas Felger e. V.<\/h5>\n<p><strong>\u2013 Ein F\u00f6rderverein f\u00fcr die Andreas Felger Kulturstiftung<\/strong><\/p>\n<p>Der Freundeskreis <em>Kunstfreunde Andreas Felger e. V.<\/em> wurde Ende 2014 \u2013 anl\u00e4sslich des 80sten Geburtstags des Stifters \u2013 von der Andreas Felger Kulturstiftung ins Leben gerufen. Damit wurde ein lang gehegter Wunsch des K\u00fcnstlers in die Tat umgesetzt.<\/p>\n<p>Die <em>Kunstfreunde Andreas Felger<\/em> unterst\u00fctzen einerseits die Stiftung in ihrem <a href=\"\/wordpress\/index.php\/engagement\/\">Engagement<\/a> rund um die Kunst von Andreas Felger, beispielsweise bei besonderen Ausstellungen oder Publikationen. Vor allem aber hat der Verein sich die F\u00f6rderung zeitgen\u00f6ssischer K\u00fcnstler und K\u00fcnstlerinnen mit zum Ziel gesetzt. So wird etwa der <a href=\"https:\/\/www.af-kulturstiftung.de\/wordpress\/index.php\/werk-stoff\/\">WERK.STOFF<\/a> Preis f\u00fcr Malerei, den die Stiftung in Kooperation mit dem Heidelberger Kunstverein auslobt, ma\u00dfgeblich von unseren <em>Kunstfreunden<\/em> mitgetragen. Auch F\u00f6rderprojekte wie die Orgelkomposition CREDO werden vom Verein unterst\u00fctzt.<\/p>\n<p>Zum Highlight des Vereinsjahres geh\u00f6rt der <em>Tag der Kunstfreunde<\/em>: Jedes Jahr erwartet Sie ein neues spannendes Programm! Im Zentrum steht die dialogische Auseinandersetzung mit der Kunst von Andreas Felger, hinzu kommen andere Kulturerlebnisse. Weiterhin gibt es regelm\u00e4\u00dfig bei Ausstellungen, Lesungen, Musik, Vortr\u00e4gen und den Tagen des offenen Ateliers die Gelegenheit, sich mit anderen <em>Kunstfreunden<\/em> auszutauschen.<\/p>\n<p>\u00dcber 100 Mitglieder f\u00fchlen sich bereits durch die Kunst von Andreas Felger verbunden. Viele unserer <em>Kunstfreunde<\/em> sind passionierte Kenner seiner Kunst und langj\u00e4hrige Wegbegleiter. Unser Ziel ist es, eine Plattform zu bieten: f\u00fcr Begegnungen, Austausch und Vernetzung \u2013 unter Liebhabern und Sammlern ebenso wie ganz frischen <em>Kunstfreunden<\/em>.<\/p>\n<\/div><\/div><div class=\"w-separator size_medium\"><\/div><div class=\"w-btn-wrapper align_none\"><a class=\"w-btn us-btn-style_1 icon_atleft\" target=\" _blank\" rel=\"nofollow\" href=\"https:\/\/www.af-kulturstiftung.de\/wordpress\/wp-content\/uploads\/AF_Stiftung_FlyerFreundeskreis_Web.pdf\"><i class=\"fas fa-download\"><\/i><span class=\"w-btn-label\">Flyer Kunstfreunde herunterladen<\/span><\/a><\/div><\/div><\/div><\/div><div class=\"vc_col-sm-4 wpb_column vc_column_container has_bg_color\"><div class=\"vc_column-inner us_custom_4fb9e5a3\"><div class=\"wpb_wrapper\"><div class=\"wpb_text_column klein\"><div class=\"wpb_wrapper\"><h4>Der Vorstand<br \/>\nKunstfreunde Andreas Felger e. V.<\/h4>\n<\/div><\/div><div class=\"w-separator size_small\"><\/div><div class=\"w-image align_none meta_simple\"><div class=\"w-image-h\"><img decoding=\"async\" width=\"370\" height=\"340\" src=\"https:\/\/www.af-kulturstiftung.de\/wordpress\/wp-content\/uploads\/Foto-Werner-Baur_2_klein1.jpg\" class=\"attachment-large size-large\" alt=\"\" loading=\"lazy\" srcset=\"https:\/\/www.af-kulturstiftung.de\/wordpress\/wp-content\/uploads\/Foto-Werner-Baur_2_klein1.jpg 370w, https:\/\/www.af-kulturstiftung.de\/wordpress\/wp-content\/uploads\/Foto-Werner-Baur_2_klein1-300x276.jpg 300w, https:\/\/www.af-kulturstiftung.de\/wordpress\/wp-content\/uploads\/Foto-Werner-Baur_2_klein1-150x138.jpg 150w\" sizes=\"auto, (max-width: 370px) 100vw, 370px\" \/><\/div><div class=\"w-image-meta\"><div class=\"w-image-description\">\u00a9 Foto EMH BRAUN<\/div><\/div><\/div><div class=\"w-separator size_small\"><\/div><div class=\"wpb_text_column klein\"><div class=\"wpb_wrapper\"><p><span style=\"font-size: 13pt;\"><strong>Werner Baur<\/strong>, Vereinsvorsitzender<\/span><\/p>\n<\/div><\/div><div class=\"w-separator size_medium\"><\/div><div class=\"w-image align_none meta_simple\"><div class=\"w-image-h\"><img decoding=\"async\" width=\"581\" height=\"709\" src=\"https:\/\/www.af-kulturstiftung.de\/wordpress\/wp-content\/uploads\/Foto_Hermann-Berner_klein.jpg\" class=\"attachment-large size-large\" alt=\"\" loading=\"lazy\" srcset=\"https:\/\/www.af-kulturstiftung.de\/wordpress\/wp-content\/uploads\/Foto_Hermann-Berner_klein.jpg 581w, https:\/\/www.af-kulturstiftung.de\/wordpress\/wp-content\/uploads\/Foto_Hermann-Berner_klein-246x300.jpg 246w, https:\/\/www.af-kulturstiftung.de\/wordpress\/wp-content\/uploads\/Foto_Hermann-Berner_klein-123x150.jpg 123w\" sizes=\"auto, (max-width: 581px) 100vw, 581px\" \/><\/div><div class=\"w-image-meta\"><div class=\"w-image-description\">\u00a9 Foto Faden<\/div><\/div><\/div><div class=\"w-separator size_small\"><\/div><div class=\"wpb_text_column klein\"><div class=\"wpb_wrapper\"><p><span style=\"font-size: 13pt;\"><strong>Dr. Hermann Berner<\/strong>, stellv. Vereinsvorsitzender<\/span><\/p>\n<\/div><\/div><div class=\"w-separator size_medium\"><\/div><div class=\"w-image align_none meta_simple\"><div class=\"w-image-h\"><img decoding=\"async\" width=\"443\" height=\"348\" src=\"https:\/\/www.af-kulturstiftung.de\/wordpress\/wp-content\/uploads\/Foto_Schockenhoff_klein.jpg\" class=\"attachment-large size-large\" alt=\"\" loading=\"lazy\" srcset=\"https:\/\/www.af-kulturstiftung.de\/wordpress\/wp-content\/uploads\/Foto_Schockenhoff_klein.jpg 443w, https:\/\/www.af-kulturstiftung.de\/wordpress\/wp-content\/uploads\/Foto_Schockenhoff_klein-300x236.jpg 300w, https:\/\/www.af-kulturstiftung.de\/wordpress\/wp-content\/uploads\/Foto_Schockenhoff_klein-150x118.jpg 150w\" sizes=\"auto, (max-width: 443px) 100vw, 443px\" \/><\/div><div class=\"w-image-meta\"><div class=\"w-image-description\">\u00a9 Foto Gleiss Lutz<\/div><\/div><\/div><div class=\"w-separator size_small\"><\/div><div class=\"wpb_text_column klein\"><div class=\"wpb_wrapper\"><p><span style=\"font-size: 13pt;\"><strong>Dr. Martin Schockenhoff<\/strong>, Mitglied im Vorstand<\/span><\/p>\n<\/div><\/div><div class=\"w-separator size_medium\"><\/div><div class=\"w-image align_none meta_simple\"><div class=\"w-image-h\"><img decoding=\"async\" width=\"323\" height=\"403\" src=\"https:\/\/www.af-kulturstiftung.de\/wordpress\/wp-content\/uploads\/2017_FF.jpg\" class=\"attachment-large size-large\" alt=\"\" loading=\"lazy\" srcset=\"https:\/\/www.af-kulturstiftung.de\/wordpress\/wp-content\/uploads\/2017_FF.jpg 323w, https:\/\/www.af-kulturstiftung.de\/wordpress\/wp-content\/uploads\/2017_FF-240x300.jpg 240w, https:\/\/www.af-kulturstiftung.de\/wordpress\/wp-content\/uploads\/2017_FF-120x150.jpg 120w\" sizes=\"auto, (max-width: 323px) 100vw, 323px\" \/><\/div><div class=\"w-image-meta\"><div class=\"w-image-description\">\u00a9 Foto FF<\/div><\/div><\/div><div class=\"w-separator size_small\"><\/div><div class=\"wpb_text_column klein\"><div class=\"wpb_wrapper\"><p><span style=\"font-size: 13pt;\"><strong>Friedemann Felger<\/strong>, Mitglied im Vorstand<\/span><\/p>\n<\/div><\/div><div class=\"w-separator size_medium\"><\/div><div class=\"w-image align_none meta_simple\"><div class=\"w-image-h\"><img decoding=\"async\" width=\"182\" height=\"277\" src=\"https:\/\/www.af-kulturstiftung.de\/wordpress\/wp-content\/uploads\/Foto_Vees.jpg\" class=\"attachment-large size-large\" alt=\"\" loading=\"lazy\" srcset=\"https:\/\/www.af-kulturstiftung.de\/wordpress\/wp-content\/uploads\/Foto_Vees.jpg 182w, https:\/\/www.af-kulturstiftung.de\/wordpress\/wp-content\/uploads\/Foto_Vees-99x150.jpg 99w\" sizes=\"auto, (max-width: 182px) 100vw, 182px\" \/><\/div><div class=\"w-image-meta\"><div class=\"w-image-description\">\u00a9 Foto AFKFeV<\/div><\/div><\/div><div class=\"w-separator size_small\"><\/div><div class=\"wpb_text_column klein\"><div class=\"wpb_wrapper\"><p><span style=\"font-size: 13pt;\"><strong>Lothar Vees<\/strong>, Kassenpr\u00fcfer<\/span><\/p>\n<\/div><\/div><\/div><\/div><\/div><\/div><\/div><\/section>\n","protected":false},"excerpt":{"rendered":"Kunstfreunde Andreas Felger e. V. \u2013 Ein F\u00f6rderverein f\u00fcr die Andreas Felger Kulturstiftung Der Freundeskreis Kunstfreunde Andreas Felger e. V. wurde Ende 2014 \u2013 anl\u00e4sslich des 80sten Geburtstags des Stifters \u2013 von der Andreas Felger Kulturstiftung ins Leben gerufen. Damit wurde ein lang gehegter Wunsch des K\u00fcnstlers in die Tat umgesetzt. Die Kunstfreunde Andreas Felger...","protected":false},"author":4,"featured_media":0,"parent":0,"menu_order":0,"comment_status":"closed","ping_status":"closed","template":"","meta":{"h5ap_radio_sources":[],"footnotes":""},"class_list":["post-577","page","type-page","status-publish","hentry"],"_links":{"self":[{"href":"https:\/\/www.af-kulturstiftung.de\/wordpress\/wp-json\/wp\/v2\/pages\/577","targetHints":{"allow":["GET"]}}],"collection":[{"href":"https:\/\/www.af-kulturstiftung.de\/wordpress\/wp-json\/wp\/v2\/pages"}],"about":[{"href":"https:\/\/www.af-kulturstiftung.de\/wordpress\/wp-json\/wp\/v2\/types\/page"}],"author":[{"embeddable":true,"href":"https:\/\/www.af-kulturstiftung.de\/wordpress\/wp-json\/wp\/v2\/users\/4"}],"replies":[{"embeddable":true,"href":"https:\/\/www.af-kulturstiftung.de\/wordpress\/wp-json\/wp\/v2\/comments?post=577"}],"version-history":[{"count":0,"href":"https:\/\/www.af-kulturstiftung.de\/wordpress\/wp-json\/wp\/v2\/pages\/577\/revisions"}],"wp:attachment":[{"href":"https:\/\/www.af-kulturstiftung.de\/wordpress\/wp-json\/wp\/v2\/media?parent=577"}],"curies":[{"name":"wp","href":"https:\/\/api.w.org\/{rel}","templated":true}]}}