{"id":383,"date":"2017-09-12T10:19:13","date_gmt":"2017-09-12T08:19:13","guid":{"rendered":"http:\/\/www1.af-kulturstiftung.de\/wordpress\/?page_id=383"},"modified":"2021-03-05T11:41:03","modified_gmt":"2021-03-05T10:41:03","slug":"mitglied-werden","status":"publish","type":"page","link":"https:\/\/www.af-kulturstiftung.de\/wordpress\/mitglied-werden\/","title":{"rendered":"Mitglied werden"},"content":{"rendered":"<section class=\"l-section wpb_row height_small with_img parallax_fixed\"><div class=\"l-section-img\" role=\"img\" aria-label=\"Bild\" data-img-width=\"1920\" data-img-height=\"955\" style=\"background-image: url(https:\/\/www.af-kulturstiftung.de\/wordpress\/wp-content\/uploads\/slideshow13-1.jpg);background-repeat: no-repeat;\"><\/div><div class=\"l-section-h i-cf\"><div class=\"g-cols vc_row via_flex valign_top type_default stacking_default\" style=\"--additional-gap:10px;\"><div class=\"vc_col-sm-6 wpb_column vc_column_container has_bg_color\"><div class=\"vc_column-inner us_custom_4fb9e5a3\"><div class=\"wpb_wrapper\"><div class=\"wpb_text_column\"><div class=\"wpb_wrapper\"><h4>MITGLIED WERDEN<\/h4>\n<p><strong>Sie sind Freunde der Kunst von Andreas Felger? Sie m\u00f6chten einen Beitrag leisten zur F\u00f6rderung zeitgen\u00f6ssischer K\u00fcnstlerinnen und K\u00fcnstler? Dann laden wir Sie herzlich ein, unserem Freundeskreis beizutreten. <\/strong><\/p>\n<p>Um ihren Zielen gerecht zu werden, brauchen die Kunstfreunde Andreas Felger e. V. engagierte Mitglieder. Mit Ihrer ideellen und materiellen Unterst\u00fctzung leisten Sie einen wertvollen Beitrag, das Werk von Andreas Felger zu bewahren und vielen Menschen zug\u00e4nglich zu machen. Dar\u00fcber hinaus erf\u00fcllen Sie den Wunsch von Andreas Felger, andere K\u00fcnstler und K\u00fcnstlerinnen in ihrem Werdegang zu f\u00f6rdern.<\/p>\n<p><strong>Ihre Vorz\u00fcge als Mitglied<\/strong><\/p>\n<ul>\n<li>Unterst\u00fctzung zeitgen\u00f6ssischer K\u00fcnstlerinnen und K\u00fcnstler<\/li>\n<li>F\u00f6rderung der Bewahrung und Vermittlung der Kunst von Andreas Felger<\/li>\n<li>Einladungen zu allen Er\u00f6ffnungen und Events rund um das Werk von Andreas Felger: Ausstellungen, Lesungen, Buchvorstellungen, Musik, Vortr\u00e4ge, Exkursionen, K\u00fcnstlergespr\u00e4che, Kuratorengespr\u00e4che, Tage des offenen Ateliers<\/li>\n<li>Ein j\u00e4hrlicher Ausflug zum \u201eTag der Kunstfreunde\u201c<\/li>\n<li>Erwerb von Kunstwerken Andreas Felgers und Sondereditionen mit 10% Rabatt<\/li>\n<li>Austausch mit Kennern und Liebhabern der Kunst von Andreas Felger<\/li>\n<li>Vertiefte Auseinandersetzung mit dem Werk in allen seinen Facetten, Materialit\u00e4ten und Deutungsm\u00f6glichkeiten<\/li>\n<\/ul>\n<\/div><\/div><\/div><\/div><\/div><div class=\"vc_col-sm-6 wpb_column vc_column_container has_bg_color\"><div class=\"vc_column-inner us_custom_4fb9e5a3\"><div class=\"wpb_wrapper\"><div class=\"w-separator size_custom\" style=\"height:54px\"><\/div><div class=\"wpb_text_column\"><div class=\"wpb_wrapper\"><p><strong>\u201eIch habe nur Lieblingsfarben\u201c<\/strong><\/p>\n<p>Mitglieder zahlen f\u00fcr die Dauer ihrer Mitgliedschaft einen Jahresbeitrag. Inspiriert von Andreas Felgers Motto \u201eIch habe nur Lieblingsfarben\u201c k\u00f6nnen Sie aus f\u00fcnf Kategorien ausw\u00e4hlen. Eine bevorzugte Behandlung aufgrund einer h\u00f6heren Kategorie erfolgt nicht. Die Vorz\u00fcge einer Mitgliedschaft sind f\u00fcr alle gleich. Jedes neue Mitglied bekommt zur Begr\u00fc\u00dfung eine DVD mit dem Film \u201eIch habe nur Lieblingsfarben\u201c von Wolfram Huke geschenkt.<\/p>\n\n<table id=\"tablepress-1\" class=\"tablepress tablepress-id-1 mitgliedschaften\">\n<tbody class=\"row-hover\">\n<tr class=\"row-1\">\n\t<td class=\"column-1\"><strong>Mitgliedschaften<\/strong><\/td><td class=\"column-2\">Einzel<\/td><td class=\"column-3\">Paar<\/td><td class=\"column-4\">Firma<\/td>\n<\/tr>\n<tr class=\"row-2\">\n\t<td class=\"column-1\"><span style=\"color:#F9C455\";>GELB<\/span><\/td><td class=\"column-2\">50,-\u20ac<\/td><td class=\"column-3\">80,-\u20ac<\/td><td class=\"column-4\">200,-\u20ac<\/td>\n<\/tr>\n<tr class=\"row-3\">\n\t<td class=\"column-1\"><span style=\"color:#7AA443;\">GR\u00dcN<\/span><\/td><td class=\"column-2\">90,-\u20ac<\/td><td class=\"column-3\">130,-\u20ac<\/td><td class=\"column-4\">300,-\u20ac<\/td>\n<\/tr>\n<tr class=\"row-4\">\n\t<td class=\"column-1\"><span style=\"color:#1C6FBE;\">BLAU<\/span><\/td><td class=\"column-2\">150,-\u20ac<\/td><td class=\"column-3\">250,-\u20ac<\/td><td class=\"column-4\">500,-\u20ac<\/td>\n<\/tr>\n<tr class=\"row-5\">\n\t<td class=\"column-1\"><span style=\"color:#E4419C;\">LILA<\/span><\/td><td class=\"column-2\">300,-\u20ac<\/td><td class=\"column-3\">500,-\u20ac<\/td><td class=\"column-4\">1000,-\u20ac<\/td>\n<\/tr>\n<tr class=\"row-6\">\n\t<td class=\"column-1\"><span style=\"color:#FA361A;\">ROT<\/span><\/td><td class=\"column-2\">500,-\u20ac<\/td><td class=\"column-3\">800,-\u20ac<\/td><td class=\"column-4\">1500,-\u20ac<\/td>\n<\/tr>\n<\/tbody>\n<\/table>\n<!-- #tablepress-1 from cache -->\n<\/div><\/div><div class=\"w-tabs style_default switch_click accordion has_scrolling\" style=\"--sections-title-size:inherit\"><div class=\"w-tabs-sections titles-align_none icon_chevron cpos_right\"><div class=\"w-tabs-section\" id=\"ob9a\"><button class=\"w-tabs-section-header\" aria-controls=\"content-ob9a\" aria-expanded=\"false\"><div class=\"w-tabs-section-title\">Anmeldeformular anfordern<\/div><div class=\"w-tabs-section-control\"><\/div><\/button><div  class=\"w-tabs-section-content\" id=\"content-ob9a\"><div class=\"w-tabs-section-content-h i-cf\"><div class=\"wpb_text_column\"><div class=\"wpb_wrapper\">\n<div class=\"wpcf7 no-js\" id=\"wpcf7-f1962-o1\" lang=\"de-DE\" dir=\"ltr\" data-wpcf7-id=\"1962\">\n<div class=\"screen-reader-response\"><p role=\"status\" aria-live=\"polite\" aria-atomic=\"true\"><\/p> <ul><\/ul><\/div>\n<form action=\"\/wordpress\/wp-json\/wp\/v2\/pages\/383#wpcf7-f1962-o1\" method=\"post\" class=\"wpcf7-form init\" aria-label=\"Kontaktformular\" novalidate=\"novalidate\" data-status=\"init\">\n<fieldset class=\"hidden-fields-container\"><input type=\"hidden\" name=\"_wpcf7\" value=\"1962\" \/><input type=\"hidden\" name=\"_wpcf7_version\" value=\"6.1.5\" \/><input type=\"hidden\" name=\"_wpcf7_locale\" value=\"de_DE\" \/><input type=\"hidden\" name=\"_wpcf7_unit_tag\" value=\"wpcf7-f1962-o1\" \/><input type=\"hidden\" name=\"_wpcf7_container_post\" value=\"0\" \/><input type=\"hidden\" name=\"_wpcf7_posted_data_hash\" value=\"\" \/>\n<\/fieldset>\n<p><strong>Ich \/ Wir m\u00f6chte(n) Mitglied im Verein der Kunstfreunde Andreas Felger e. V. werden. Bitte senden Sie mir\/uns das Anmeldeformular.<\/strong>\n<\/p>\n<p><label>Name, Vorname*<br \/>\n<span class=\"wpcf7-form-control-wrap\" data-name=\"your-name\"><input size=\"40\" maxlength=\"400\" class=\"wpcf7-form-control wpcf7-text wpcf7-validates-as-required\" aria-required=\"true\" aria-invalid=\"false\" value=\"\" type=\"text\" name=\"your-name\" \/><\/span> <\/label><br \/>\n<label>Firma (Firmenmitgliedschaft)<br \/>\n<span class=\"wpcf7-form-control-wrap\" data-name=\"your-company\"><input size=\"40\" maxlength=\"400\" class=\"wpcf7-form-control wpcf7-text wpcf7-validates-as-required\" aria-required=\"true\" aria-invalid=\"false\" value=\"\" type=\"text\" name=\"your-company\" \/><\/span> <\/label><br \/>\n<label>Stra\u00dfe und Hausnummer*<br \/>\n<span class=\"wpcf7-form-control-wrap\" data-name=\"your-address\"><input size=\"40\" maxlength=\"400\" class=\"wpcf7-form-control wpcf7-text wpcf7-validates-as-required\" aria-required=\"true\" aria-invalid=\"false\" value=\"\" type=\"text\" name=\"your-address\" \/><\/span> <\/label><br \/>\n<label>Postleitzahl*<br \/>\n<span class=\"wpcf7-form-control-wrap\" data-name=\"your-postcode\"><input size=\"40\" maxlength=\"400\" class=\"wpcf7-form-control wpcf7-text wpcf7-validates-as-required\" aria-required=\"true\" aria-invalid=\"false\" value=\"\" type=\"text\" name=\"your-postcode\" \/><\/span> <\/label><br \/>\n<label>Stadt*<br \/>\n<span class=\"wpcf7-form-control-wrap\" data-name=\"your-city\"><input size=\"40\" maxlength=\"400\" class=\"wpcf7-form-control wpcf7-text wpcf7-validates-as-required\" aria-required=\"true\" aria-invalid=\"false\" value=\"\" type=\"text\" name=\"your-city\" \/><\/span> <\/label><br \/>\n<label>E-Mail*<br \/>\n<span class=\"wpcf7-form-control-wrap\" data-name=\"your-address\"><input size=\"40\" maxlength=\"400\" class=\"wpcf7-form-control wpcf7-email wpcf7-validates-as-required wpcf7-text wpcf7-validates-as-email\" aria-required=\"true\" aria-invalid=\"false\" value=\"\" type=\"email\" name=\"your-address\" \/><\/span> <\/label><br \/>\n<div id=\"cf7sr-69f3a00acda99\" class=\"cf7sr-g-recaptcha\" data-theme=\"light\" data-type=\"image\" data-size=\"normal\" data-sitekey=\"6LeLtEEUAAAAAAAdijMHm8b_FM97NuAw6RTSYmR_\"><\/div><span class=\"wpcf7-form-control-wrap cf7sr-recaptcha\" data-name=\"cf7sr-recaptcha\"><input type=\"hidden\" name=\"cf7sr-recaptcha\" value=\"\" class=\"wpcf7-form-control\"><\/span>\n<\/p>\n<p>Felder mit einem * versehen, sind Pflichtfelder.\n<\/p>\n<p><input class=\"wpcf7-form-control wpcf7-submit has-spinner\" type=\"submit\" value=\"Anforderung abschicken\" \/>\n<\/p><div class=\"wpcf7-response-output\" aria-hidden=\"true\"><\/div>\n<\/form>\n<\/div>\n\n<\/div><\/div><\/div><\/div><\/div><div class=\"w-tabs-section\" id=\"de2b\"><button class=\"w-tabs-section-header\" aria-controls=\"content-de2b\" aria-expanded=\"false\"><div class=\"w-tabs-section-title\">Anmeldeformular herunterladen<\/div><div class=\"w-tabs-section-control\"><\/div><\/button><div  class=\"w-tabs-section-content\" id=\"content-de2b\"><div class=\"w-tabs-section-content-h i-cf\"><div class=\"wpb_text_column\"><div class=\"wpb_wrapper\"><p><a href=\"https:\/\/www.af-kulturstiftung.de\/wordpress\/wp-content\/uploads\/AF_Stiftung_FlyerFreundeskreis_Web.pdf\" target=\"_blank\" rel=\"noopener noreferrer\">Laden Sie hier unseren Informationsflyer zusammen mit dem Anmeldeformular herunter.<\/a><\/p>\n<\/div><\/div><\/div><\/div><\/div><\/div><\/div><\/div><\/div><\/div><\/div><\/div><\/section><!-- Row Backgrounds -->\n","protected":false},"excerpt":{"rendered":"MITGLIED WERDEN Sie sind Freunde der Kunst von Andreas Felger? Sie m\u00f6chten einen Beitrag leisten zur F\u00f6rderung zeitgen\u00f6ssischer K\u00fcnstlerinnen und K\u00fcnstler? Dann laden wir Sie herzlich ein, unserem Freundeskreis beizutreten. Um ihren Zielen gerecht zu werden, brauchen die Kunstfreunde Andreas Felger e. V. engagierte Mitglieder. Mit Ihrer ideellen und materiellen Unterst\u00fctzung leisten Sie einen wertvollen...","protected":false},"author":4,"featured_media":0,"parent":0,"menu_order":0,"comment_status":"closed","ping_status":"closed","template":"","meta":{"h5ap_radio_sources":[],"footnotes":""},"class_list":["post-383","page","type-page","status-publish","hentry"],"_links":{"self":[{"href":"https:\/\/www.af-kulturstiftung.de\/wordpress\/wp-json\/wp\/v2\/pages\/383","targetHints":{"allow":["GET"]}}],"collection":[{"href":"https:\/\/www.af-kulturstiftung.de\/wordpress\/wp-json\/wp\/v2\/pages"}],"about":[{"href":"https:\/\/www.af-kulturstiftung.de\/wordpress\/wp-json\/wp\/v2\/types\/page"}],"author":[{"embeddable":true,"href":"https:\/\/www.af-kulturstiftung.de\/wordpress\/wp-json\/wp\/v2\/users\/4"}],"replies":[{"embeddable":true,"href":"https:\/\/www.af-kulturstiftung.de\/wordpress\/wp-json\/wp\/v2\/comments?post=383"}],"version-history":[{"count":0,"href":"https:\/\/www.af-kulturstiftung.de\/wordpress\/wp-json\/wp\/v2\/pages\/383\/revisions"}],"wp:attachment":[{"href":"https:\/\/www.af-kulturstiftung.de\/wordpress\/wp-json\/wp\/v2\/media?parent=383"}],"curies":[{"name":"wp","href":"https:\/\/api.w.org\/{rel}","templated":true}]}}

<section class="l-section wpb_row height_small with_img parallax_fixed"><div class="l-section-img" role="img" aria-label="Bild" data-img-width="1920" data-img-height="955" style="background-image: url(https://www.af-kulturstiftung.de/wordpress/wp-content/uploads/slideshow13-1.jpg);background-repeat: no-repeat;"></div><div class="l-section-h i-cf"><div class="g-cols vc_row via_flex valign_top type_default stacking_default" style="--additional-gap:10px;"><div class="vc_col-sm-6 wpb_column vc_column_container has_bg_color"><div class="vc_column-inner us_custom_4fb9e5a3"><div class="wpb_wrapper"><div class="wpb_text_column"><div class="wpb_wrapper"><h4>MITGLIED WERDEN</h4>
<p><strong>Sie sind Freunde der Kunst von Andreas Felger? Sie möchten einen Beitrag leisten zur Förderung zeitgenössischer Künstlerinnen und Künstler? Dann laden wir Sie herzlich ein, unserem Freundeskreis beizutreten. </strong></p>
<p>Um ihren Zielen gerecht zu werden, brauchen die Kunstfreunde Andreas Felger e. V. engagierte Mitglieder. Mit Ihrer ideellen und materiellen Unterstützung leisten Sie einen wertvollen Beitrag, das Werk von Andreas Felger zu bewahren und vielen Menschen zugänglich zu machen. Darüber hinaus erfüllen Sie den Wunsch von Andreas Felger, andere Künstler und Künstlerinnen in ihrem Werdegang zu fördern.</p>
<p><strong>Ihre Vorzüge als Mitglied</strong></p>
<ul>
<li>Unterstützung zeitgenössischer Künstlerinnen und Künstler</li>
<li>Förderung der Bewahrung und Vermittlung der Kunst von Andreas Felger</li>
<li>Einladungen zu allen Eröffnungen und Events rund um das Werk von Andreas Felger: Ausstellungen, Lesungen, Buchvorstellungen, Musik, Vorträge, Exkursionen, Künstlergespräche, Kuratorengespräche, Tage des offenen Ateliers</li>
<li>Ein jährlicher Ausflug zum „Tag der Kunstfreunde“</li>
<li>Erwerb von Kunstwerken Andreas Felgers und Sondereditionen mit 10% Rabatt</li>
<li>Austausch mit Kennern und Liebhabern der Kunst von Andreas Felger</li>
<li>Vertiefte Auseinandersetzung mit dem Werk in allen seinen Facetten, Materialitäten und Deutungsmöglichkeiten</li>
</ul>
</div></div></div></div></div><div class="vc_col-sm-6 wpb_column vc_column_container has_bg_color"><div class="vc_column-inner us_custom_4fb9e5a3"><div class="wpb_wrapper"><div class="w-separator size_custom" style="height:54px"></div><div class="wpb_text_column"><div class="wpb_wrapper"><p><strong>„Ich habe nur Lieblingsfarben“</strong></p>
<p>Mitglieder zahlen für die Dauer ihrer Mitgliedschaft einen Jahresbeitrag. Inspiriert von Andreas Felgers Motto „Ich habe nur Lieblingsfarben“ können Sie aus fünf Kategorien auswählen. Eine bevorzugte Behandlung aufgrund einer höheren Kategorie erfolgt nicht. Die Vorzüge einer Mitgliedschaft sind für alle gleich. Jedes neue Mitglied bekommt zur Begrüßung eine DVD mit dem Film „Ich habe nur Lieblingsfarben“ von Wolfram Huke geschenkt.</p>

<table id="tablepress-1" class="tablepress tablepress-id-1 mitgliedschaften">
<tbody class="row-hover">
<tr class="row-1">
	<td class="column-1"><strong>Mitgliedschaften</strong></td><td class="column-2">Einzel</td><td class="column-3">Paar</td><td class="column-4">Firma</td>
</tr>
<tr class="row-2">
	<td class="column-1"><span style="color:#F9C455";>GELB</span></td><td class="column-2">50,-€</td><td class="column-3">80,-€</td><td class="column-4">200,-€</td>
</tr>
<tr class="row-3">
	<td class="column-1"><span style="color:#7AA443;">GRÜN</span></td><td class="column-2">90,-€</td><td class="column-3">130,-€</td><td class="column-4">300,-€</td>
</tr>
<tr class="row-4">
	<td class="column-1"><span style="color:#1C6FBE;">BLAU</span></td><td class="column-2">150,-€</td><td class="column-3">250,-€</td><td class="column-4">500,-€</td>
</tr>
<tr class="row-5">
	<td class="column-1"><span style="color:#E4419C;">LILA</span></td><td class="column-2">300,-€</td><td class="column-3">500,-€</td><td class="column-4">1000,-€</td>
</tr>
<tr class="row-6">
	<td class="column-1"><span style="color:#FA361A;">ROT</span></td><td class="column-2">500,-€</td><td class="column-3">800,-€</td><td class="column-4">1500,-€</td>
</tr>
</tbody>
</table>
<!-- #tablepress-1 from cache -->
</div></div><div class="w-tabs style_default switch_click accordion has_scrolling" style="--sections-title-size:inherit"><div class="w-tabs-sections titles-align_none icon_chevron cpos_right"><div class="w-tabs-section" id="ob9a"><button class="w-tabs-section-header" aria-controls="content-ob9a" aria-expanded="false"><div class="w-tabs-section-title">Anmeldeformular anfordern</div><div class="w-tabs-section-control"></div></button><div  class="w-tabs-section-content" id="content-ob9a"><div class="w-tabs-section-content-h i-cf"><div class="wpb_text_column"><div class="wpb_wrapper">
<div class="wpcf7 no-js" id="wpcf7-f1962-o1" lang="de-DE" dir="ltr" data-wpcf7-id="1962">
<div class="screen-reader-response"><p role="status" aria-live="polite" aria-atomic="true"></p> <ul></ul></div>
<form action="/wordpress/wp-json/wp/v2/pages/383#wpcf7-f1962-o1" method="post" class="wpcf7-form init" aria-label="Kontaktformular" novalidate="novalidate" data-status="init">
<fieldset class="hidden-fields-container"><input type="hidden" name="_wpcf7" value="1962" /><input type="hidden" name="_wpcf7_version" value="6.1.5" /><input type="hidden" name="_wpcf7_locale" value="de_DE" /><input type="hidden" name="_wpcf7_unit_tag" value="wpcf7-f1962-o1" /><input type="hidden" name="_wpcf7_container_post" value="0" /><input type="hidden" name="_wpcf7_posted_data_hash" value="" />
</fieldset>
<p><strong>Ich / Wir möchte(n) Mitglied im Verein der Kunstfreunde Andreas Felger e. V. werden. Bitte senden Sie mir/uns das Anmeldeformular.</strong>
</p>
<p><label>Name, Vorname*<br />
<span class="wpcf7-form-control-wrap" data-name="your-name"><input size="40" maxlength="400" class="wpcf7-form-control wpcf7-text wpcf7-validates-as-required" aria-required="true" aria-invalid="false" value="" type="text" name="your-name" /></span> </label><br />
<label>Firma (Firmenmitgliedschaft)<br />
<span class="wpcf7-form-control-wrap" data-name="your-company"><input size="40" maxlength="400" class="wpcf7-form-control wpcf7-text wpcf7-validates-as-required" aria-required="true" aria-invalid="false" value="" type="text" name="your-company" /></span> </label><br />
<label>Straße und Hausnummer*<br />
<span class="wpcf7-form-control-wrap" data-name="your-address"><input size="40" maxlength="400" class="wpcf7-form-control wpcf7-text wpcf7-validates-as-required" aria-required="true" aria-invalid="false" value="" type="text" name="your-address" /></span> </label><br />
<label>Postleitzahl*<br />
<span class="wpcf7-form-control-wrap" data-name="your-postcode"><input size="40" maxlength="400" class="wpcf7-form-control wpcf7-text wpcf7-validates-as-required" aria-required="true" aria-invalid="false" value="" type="text" name="your-postcode" /></span> </label><br />
<label>Stadt*<br />
<span class="wpcf7-form-control-wrap" data-name="your-city"><input size="40" maxlength="400" class="wpcf7-form-control wpcf7-text wpcf7-validates-as-required" aria-required="true" aria-invalid="false" value="" type="text" name="your-city" /></span> </label><br />
<label>E-Mail*<br />
<span class="wpcf7-form-control-wrap" data-name="your-address"><input size="40" maxlength="400" class="wpcf7-form-control wpcf7-email wpcf7-validates-as-required wpcf7-text wpcf7-validates-as-email" aria-required="true" aria-invalid="false" value="" type="email" name="your-address" /></span> </label><br />
<div id="cf7sr-69f3a00acda99" class="cf7sr-g-recaptcha" data-theme="light" data-type="image" data-size="normal" data-sitekey="6LeLtEEUAAAAAAAdijMHm8b_FM97NuAw6RTSYmR_"></div><span class="wpcf7-form-control-wrap cf7sr-recaptcha" data-name="cf7sr-recaptcha"><input type="hidden" name="cf7sr-recaptcha" value="" class="wpcf7-form-control"></span>
</p>
<p>Felder mit einem * versehen, sind Pflichtfelder.
</p>
<p><input class="wpcf7-form-control wpcf7-submit has-spinner" type="submit" value="Anforderung abschicken" />
</p><div class="wpcf7-response-output" aria-hidden="true"></div>
</form>
</div>

</div></div></div></div></div><div class="w-tabs-section" id="de2b"><button class="w-tabs-section-header" aria-controls="content-de2b" aria-expanded="false"><div class="w-tabs-section-title">Anmeldeformular herunterladen</div><div class="w-tabs-section-control"></div></button><div  class="w-tabs-section-content" id="content-de2b"><div class="w-tabs-section-content-h i-cf"><div class="wpb_text_column"><div class="wpb_wrapper"><p><a href="https://www.af-kulturstiftung.de/wordpress/wp-content/uploads/AF_Stiftung_FlyerFreundeskreis_Web.pdf" target="_blank" rel="noopener noreferrer">Laden Sie hier unseren Informationsflyer zusammen mit dem Anmeldeformular herunter.</a></p>
</div></div></div></div></div></div></div></div></div></div></div></div></section><!-- Row Backgrounds -->

MITGLIED WERDEN Sie sind Freunde der Kunst von Andreas Felger? Sie möchten einen Beitrag leisten zur Förderung zeitgenössischer Künstlerinnen und Künstler? Dann laden wir Sie herzlich ein, unserem Freundeskreis beizutreten. Um ihren Zielen gerecht zu werden, brauchen die Kunstfreunde Andreas Felger e. V. engagierte Mitglieder. Mit Ihrer ideellen und materiellen Unterstützung leisten Sie einen wertvollen...
