{"id":381,"date":"2017-09-12T10:18:49","date_gmt":"2017-09-12T08:18:49","guid":{"rendered":"http:\/\/www1.af-kulturstiftung.de\/wordpress\/?page_id=381"},"modified":"2025-07-02T12:43:53","modified_gmt":"2025-07-02T10:43:53","slug":"spenden","status":"publish","type":"page","link":"https:\/\/www.af-kulturstiftung.de\/wordpress\/spenden\/","title":{"rendered":"Spenden"},"content":{"rendered":"<section class=\"l-section wpb_row height_small with_img parallax_fixed\"><div class=\"l-section-img\" role=\"img\" aria-label=\"Bild\" data-img-width=\"1920\" data-img-height=\"955\" style=\"background-image: url(https:\/\/www.af-kulturstiftung.de\/wordpress\/wp-content\/uploads\/slideshow10.jpg);background-repeat: no-repeat;\"><\/div><div class=\"l-section-h i-cf\"><div class=\"g-cols vc_row via_flex valign_top type_default stacking_default\" style=\"--additional-gap:10px;\"><div class=\"vc_col-sm-6 wpb_column vc_column_container has_bg_color\"><div class=\"vc_column-inner us_custom_4fb9e5a3\"><div class=\"wpb_wrapper\"><div class=\"wpb_text_column\"><div class=\"wpb_wrapper\"><h4>SPENDEN<\/h4>\n<p>Sie wollen auch ohne Mitgliedschaft unsere Vereinszwecke unterst\u00fctzen? Oder Sie finden ein Projekt so spannend, dass Sie \u00fcber Ihren Mitgliedsbeitrag hinaus dem Verein mit einer zus\u00e4tzlichen Spende helfen m\u00f6chten? Dann k\u00f6nnen Sie aktuell die Jubil\u00e4umsveranstaltungen anl\u00e4sslich des 90sten Geburtstags Andreas Felgers unterst\u00fctzen:<\/p>\n<p><a href=\"https:\/\/www.af-kulturstiftung.de\/wordpress\/veranstaltungen\/\" target=\"_blank\" rel=\"noopener\">ANDREAS FELGER KULTURSTIFTUNG JUBIL\u00c4UMSVERANSTALTUNGEN<\/a><\/p>\n<p>Freiwillige Spenden sind steuerlich abzugsf\u00e4hig. Eine Spendenquittung wird Ihnen zugestellt.<\/p>\n<p><strong>Unsere Kontoverbindung:<\/strong><br \/>\nKunstfreunde Andreas Felger e. V.<br \/>\nF\u00fcrstlich Castell\u2018sche Bank<br \/>\nIBAN DE76790300011002514200<br \/>\nBIC FUCEDE77XXX<\/p>\n<p>Spenden an die Kunstfreunde Andreas Felger e. V. sind aufgrund unseres gemeinn\u00fctzigen Status vollst\u00e4ndig steuerlich abzugsf\u00e4hig. F\u00fcr Betr\u00e4ge ab 30 Euro stellen wir Ihnen gerne auch eine Spendenquittung aus.<\/p>\n<\/div><\/div><div class=\"w-separator size_medium\"><\/div><div class=\"w-btn-wrapper align_none\"><a class=\"w-btn us-btn-style_1\" href=\"\/wordpress\/index.php\/kontakt\/\"><span class=\"w-btn-label\">Spendenquittung anfragen<\/span><\/a><\/div><\/div><\/div><\/div><div class=\"vc_col-sm-6 wpb_column vc_column_container\"><div class=\"vc_column-inner\"><div class=\"wpb_wrapper\"><\/div><\/div><\/div><\/div><\/div><\/section><!-- Row Backgrounds -->\n","protected":false},"excerpt":{"rendered":"SPENDEN Sie wollen auch ohne Mitgliedschaft unsere Vereinszwecke unterst\u00fctzen? Oder Sie finden ein Projekt so spannend, dass Sie \u00fcber Ihren Mitgliedsbeitrag hinaus dem Verein mit einer zus\u00e4tzlichen Spende helfen m\u00f6chten? Dann k\u00f6nnen Sie aktuell die Jubil\u00e4umsveranstaltungen anl\u00e4sslich des 90sten Geburtstags Andreas Felgers unterst\u00fctzen: ANDREAS FELGER KULTURSTIFTUNG JUBIL\u00c4UMSVERANSTALTUNGEN Freiwillige Spenden sind steuerlich abzugsf\u00e4hig. Eine Spendenquittung wird...","protected":false},"author":4,"featured_media":0,"parent":0,"menu_order":0,"comment_status":"closed","ping_status":"closed","template":"","meta":{"h5ap_radio_sources":[],"footnotes":""},"class_list":["post-381","page","type-page","status-publish","hentry"],"_links":{"self":[{"href":"https:\/\/www.af-kulturstiftung.de\/wordpress\/wp-json\/wp\/v2\/pages\/381","targetHints":{"allow":["GET"]}}],"collection":[{"href":"https:\/\/www.af-kulturstiftung.de\/wordpress\/wp-json\/wp\/v2\/pages"}],"about":[{"href":"https:\/\/www.af-kulturstiftung.de\/wordpress\/wp-json\/wp\/v2\/types\/page"}],"author":[{"embeddable":true,"href":"https:\/\/www.af-kulturstiftung.de\/wordpress\/wp-json\/wp\/v2\/users\/4"}],"replies":[{"embeddable":true,"href":"https:\/\/www.af-kulturstiftung.de\/wordpress\/wp-json\/wp\/v2\/comments?post=381"}],"version-history":[{"count":0,"href":"https:\/\/www.af-kulturstiftung.de\/wordpress\/wp-json\/wp\/v2\/pages\/381\/revisions"}],"wp:attachment":[{"href":"https:\/\/www.af-kulturstiftung.de\/wordpress\/wp-json\/wp\/v2\/media?parent=381"}],"curies":[{"name":"wp","href":"https:\/\/api.w.org\/{rel}","templated":true}]}}

<section class="l-section wpb_row height_small with_img parallax_fixed"><div class="l-section-img" role="img" aria-label="Bild" data-img-width="1920" data-img-height="955" style="background-image: url(https://www.af-kulturstiftung.de/wordpress/wp-content/uploads/slideshow10.jpg);background-repeat: no-repeat;"></div><div class="l-section-h i-cf"><div class="g-cols vc_row via_flex valign_top type_default stacking_default" style="--additional-gap:10px;"><div class="vc_col-sm-6 wpb_column vc_column_container has_bg_color"><div class="vc_column-inner us_custom_4fb9e5a3"><div class="wpb_wrapper"><div class="wpb_text_column"><div class="wpb_wrapper"><h4>SPENDEN</h4>
<p>Sie wollen auch ohne Mitgliedschaft unsere Vereinszwecke unterstützen? Oder Sie finden ein Projekt so spannend, dass Sie über Ihren Mitgliedsbeitrag hinaus dem Verein mit einer zusätzlichen Spende helfen möchten? Dann können Sie aktuell die Jubiläumsveranstaltungen anlässlich des 90sten Geburtstags Andreas Felgers unterstützen:</p>
<p><a href="https://www.af-kulturstiftung.de/wordpress/veranstaltungen/" target="_blank" rel="noopener">ANDREAS FELGER KULTURSTIFTUNG JUBILÄUMSVERANSTALTUNGEN</a></p>
<p>Freiwillige Spenden sind steuerlich abzugsfähig. Eine Spendenquittung wird Ihnen zugestellt.</p>
<p><strong>Unsere Kontoverbindung:</strong><br />
Kunstfreunde Andreas Felger e. V.<br />
Fürstlich Castell‘sche Bank<br />
IBAN DE76790300011002514200<br />
BIC FUCEDE77XXX</p>
<p>Spenden an die Kunstfreunde Andreas Felger e. V. sind aufgrund unseres gemeinnützigen Status vollständig steuerlich abzugsfähig. Für Beträge ab 30 Euro stellen wir Ihnen gerne auch eine Spendenquittung aus.</p>
</div></div><div class="w-separator size_medium"></div><div class="w-btn-wrapper align_none"><a class="w-btn us-btn-style_1" href="/wordpress/index.php/kontakt/"><span class="w-btn-label">Spendenquittung anfragen</span></a></div></div></div></div><div class="vc_col-sm-6 wpb_column vc_column_container"><div class="vc_column-inner"><div class="wpb_wrapper"></div></div></div></div></div></section><!-- Row Backgrounds -->

SPENDEN Sie wollen auch ohne Mitgliedschaft unsere Vereinszwecke unterstützen? Oder Sie finden ein Projekt so spannend, dass Sie über Ihren Mitgliedsbeitrag hinaus dem Verein mit einer zusätzlichen Spende helfen möchten? Dann können Sie aktuell die Jubiläumsveranstaltungen anlässlich des 90sten Geburtstags Andreas Felgers unterstützen: ANDREAS FELGER KULTURSTIFTUNG JUBILÄUMSVERANSTALTUNGEN Freiwillige Spenden sind steuerlich abzugsfähig. Eine Spendenquittung wird...
