{"id":366,"date":"2017-09-12T10:14:52","date_gmt":"2017-09-12T08:14:52","guid":{"rendered":"http:\/\/www1.af-kulturstiftung.de\/wordpress\/?page_id=366"},"modified":"2026-04-23T23:19:51","modified_gmt":"2026-04-23T21:19:51","slug":"veranstaltungen","status":"publish","type":"page","link":"https:\/\/www.af-kulturstiftung.de\/wordpress\/veranstaltungen\/","title":{"rendered":"Veranstaltungen"},"content":{"rendered":"<section class=\"l-section wpb_row us_custom_d971738f height_medium\"><div class=\"l-section-h i-cf\"><div class=\"g-cols vc_row via_flex valign_top type_default stacking_default\"><div class=\"vc_col-sm-12 wpb_column vc_column_container\"><div class=\"vc_column-inner\"><div class=\"wpb_wrapper\"><div class=\"wpb_text_column us_custom_259007ab\"><div class=\"wpb_wrapper\"><h3>Termine<\/h3>\n<\/div><\/div><div class=\"w-separator size_huge\"><\/div><\/div><\/div><\/div><\/div><\/div><\/section><section class=\"l-section wpb_row us_custom_d984a24d height_small\"><div class=\"l-section-h i-cf\"><div class=\"g-cols vc_row via_flex valign_top type_default stacking_default\"><div class=\"vc_col-sm-3 wpb_column vc_column_container\"><div class=\"vc_column-inner\"><div class=\"wpb_wrapper\"><div class=\"wpb_text_column\"><div class=\"wpb_wrapper\"><h5>2026<br \/>\nTermin folgt<\/h5>\n<\/div><\/div><\/div><\/div><\/div><div class=\"vc_col-sm-9 wpb_column vc_column_container\"><div class=\"vc_column-inner\"><div class=\"wpb_wrapper\"><div class=\"wpb_text_column\"><div class=\"wpb_wrapper\"><h5><a href=\"https:\/\/www.af-kulturstiftung.de\/wordpress\/tag-des-offenen-ateliers\/\"><strong>Tag des offenen Ateliers, Bad Sebastiansweiler<\/strong><\/a><\/h5>\n<\/div><\/div><\/div><\/div><\/div><\/div><\/div><\/section><section class=\"l-section wpb_row us_custom_d984a24d height_small\"><div class=\"l-section-h i-cf\"><div class=\"g-cols vc_row via_flex valign_top type_default stacking_default\"><div class=\"vc_col-sm-3 wpb_column vc_column_container\"><div class=\"vc_column-inner\"><div class=\"wpb_wrapper\"><div class=\"wpb_text_column\"><div class=\"wpb_wrapper\"><h5>AKTUELL<\/h5>\n<\/div><\/div><\/div><\/div><\/div><div class=\"vc_col-sm-9 wpb_column vc_column_container\"><div class=\"vc_column-inner\"><div class=\"wpb_wrapper\"><div class=\"wpb_text_column\"><div class=\"wpb_wrapper\"><h5><a href=\"https:\/\/www.af-kulturstiftung.de\/wordpress\/ausstellung-im-vera-2026\/\"><strong>Popup Ausstellung im Restaurant VERA in Berlin Pankow<\/strong><\/a><\/h5>\n<\/div><\/div><\/div><\/div><\/div><\/div><\/div><\/section><section class=\"l-section wpb_row us_custom_d984a24d height_small\"><div class=\"l-section-h i-cf\"><div class=\"g-cols vc_row via_flex valign_top type_default stacking_default\"><div class=\"vc_col-sm-3 wpb_column vc_column_container\"><div class=\"vc_column-inner\"><div class=\"wpb_wrapper\"><div class=\"wpb_text_column\"><div class=\"wpb_wrapper\"><h5>10.\/17.\/26.5.\/<br \/>\n6.\/27.6.2026<br \/>\njeweils 19.30<\/h5>\n<\/div><\/div><\/div><\/div><\/div><div class=\"vc_col-sm-9 wpb_column vc_column_container\"><div class=\"vc_column-inner\"><div class=\"wpb_wrapper\"><div class=\"wpb_text_column\"><div class=\"wpb_wrapper\"><h5><strong><a href=\"https:\/\/www.af-kulturstiftung.de\/wordpress\/theater-heidelberg-2026\/\" target=\"_blank\" rel=\"noopener\">Auf der anderen Seite des Mondes von Marcel Kohler<\/a><\/strong><\/h5>\n<h5>Im Marguerre-Saal des Heidelberger Theaters wird das St\u00fcck mit Texten von Hilde Domin verbunden mit der Erst-Pr\u00e4sentation des Theater-Vorhangs Andreas Felgers auf der B\u00fchne gezeigt.<\/h5>\n<\/div><\/div><\/div><\/div><\/div><\/div><\/div><\/section><section class=\"l-section wpb_row us_custom_d984a24d height_small\"><div class=\"l-section-h i-cf\"><div class=\"g-cols vc_row via_flex valign_top type_default stacking_default\"><div class=\"vc_col-sm-3 wpb_column vc_column_container\"><div class=\"vc_column-inner\"><div class=\"wpb_wrapper\"><div class=\"wpb_text_column\"><div class=\"wpb_wrapper\"><h5>18.10.2026 \u2013 11.4.2027<\/h5>\n<\/div><\/div><\/div><\/div><\/div><div class=\"vc_col-sm-9 wpb_column vc_column_container\"><div class=\"vc_column-inner\"><div class=\"wpb_wrapper\"><div class=\"wpb_text_column\"><div class=\"wpb_wrapper\"><h5>Andreas Felger \u2013 Textildesigns der PAUSA<\/h5>\n<h5>Ausstellung der Stadt M\u00f6ssingen, <a href=\"https:\/\/www.pausa-sammlung.de\/willkommen\/Die-Sammlung\" target=\"_blank\"><strong>PAUSA Archiv<\/strong><\/a>, in der Tonnenhalle, PAUSA Areal, M\u00f6ssingen<\/h5>\n<\/div><\/div><\/div><\/div><\/div><\/div><\/div><\/section><section class=\"l-section wpb_row height_medium\"><div class=\"l-section-h i-cf\"><div class=\"g-cols vc_row via_flex valign_top type_default stacking_default\"><div class=\"vc_col-sm-12 wpb_column vc_column_container\"><div class=\"vc_column-inner\"><div class=\"wpb_wrapper\"><div class=\"w-separator size_medium\"><\/div><\/div><\/div><\/div><\/div><\/div><\/section>\n","protected":false},"excerpt":{"rendered":"Termine 2026 Termin folgt Tag des offenen Ateliers, Bad Sebastiansweiler AKTUELL Popup Ausstellung im Restaurant VERA in Berlin Pankow 10.\/17.\/26.5.\/ 6.\/27.6.2026 jeweils 19.30 Auf der anderen Seite des Mondes von Marcel Kohler Im Marguerre-Saal des Heidelberger Theaters wird das St\u00fcck mit Texten von Hilde Domin verbunden mit der Erst-Pr\u00e4sentation des Theater-Vorhangs Andreas Felgers auf der...","protected":false},"author":4,"featured_media":0,"parent":0,"menu_order":0,"comment_status":"closed","ping_status":"closed","template":"","meta":{"h5ap_radio_sources":[],"footnotes":""},"class_list":["post-366","page","type-page","status-publish","hentry"],"_links":{"self":[{"href":"https:\/\/www.af-kulturstiftung.de\/wordpress\/wp-json\/wp\/v2\/pages\/366","targetHints":{"allow":["GET"]}}],"collection":[{"href":"https:\/\/www.af-kulturstiftung.de\/wordpress\/wp-json\/wp\/v2\/pages"}],"about":[{"href":"https:\/\/www.af-kulturstiftung.de\/wordpress\/wp-json\/wp\/v2\/types\/page"}],"author":[{"embeddable":true,"href":"https:\/\/www.af-kulturstiftung.de\/wordpress\/wp-json\/wp\/v2\/users\/4"}],"replies":[{"embeddable":true,"href":"https:\/\/www.af-kulturstiftung.de\/wordpress\/wp-json\/wp\/v2\/comments?post=366"}],"version-history":[{"count":4,"href":"https:\/\/www.af-kulturstiftung.de\/wordpress\/wp-json\/wp\/v2\/pages\/366\/revisions"}],"predecessor-version":[{"id":20394,"href":"https:\/\/www.af-kulturstiftung.de\/wordpress\/wp-json\/wp\/v2\/pages\/366\/revisions\/20394"}],"wp:attachment":[{"href":"https:\/\/www.af-kulturstiftung.de\/wordpress\/wp-json\/wp\/v2\/media?parent=366"}],"curies":[{"name":"wp","href":"https:\/\/api.w.org\/{rel}","templated":true}]}}