{"id":3554,"date":"2018-06-16T17:53:02","date_gmt":"2018-06-16T15:53:02","guid":{"rendered":"http:\/\/www1.af-kulturstiftung.de\/wordpress\/?page_id=3554"},"modified":"2025-06-22T17:28:55","modified_gmt":"2025-06-22T15:28:55","slug":"fragmente","status":"publish","type":"page","link":"https:\/\/www.af-kulturstiftung.de\/wordpress\/werkzyklen\/fragmente\/","title":{"rendered":"Fragmente"},"content":{"rendered":"<section class=\"l-section wpb_row us_custom_d971738f height_medium\"><div class=\"l-section-h i-cf\"><div class=\"g-cols vc_row via_flex valign_top type_default stacking_default\"><div class=\"vc_col-sm-6 wpb_column vc_column_container\"><div class=\"vc_column-inner\"><div class=\"wpb_wrapper\"><div class=\"wpb_text_column\"><div class=\"wpb_wrapper\"><h4><a href=\"\/wordpress\/werkzyklen\/\">WERKZYKLEN<\/a>\u00a0\/\u00a0FRAGMENTE<\/h4>\n<\/div><\/div><\/div><\/div><\/div><div class=\"vc_col-sm-6 wpb_column vc_column_container\"><div class=\"vc_column-inner\"><div class=\"wpb_wrapper\"><div class=\"wpb_text_column\"><div class=\"wpb_wrapper\"><p>Der Zyklus <em>Fragmente der Hoffnung<\/em> umfasst 16 \u00d6lgem\u00e4lde, die Andreas Felger 1992 nach einer Reise in die \u00f6stlichen Bundesl\u00e4nder malte. Stumpfe Farben, die karge Geometrie von H\u00e4userfassaden und unregelm\u00e4\u00dfig durchbrochene Bildoberfl\u00e4chen veranschaulichen abstrahierend des K\u00fcnstlers Wahrnehmung eines Landes in einer Zeit gesellschaftlichen Umbruchs.<\/p>\n<p>Andreas Felger hat verschiedene Werkgruppen und Zyklen geschaffen, die inhaltliche Einheiten bilden. Im Sinne von Wanderausstellungen sind sie auf Anfrage aus dem Stiftungsbestand <a href=\"\/wordpress\/index.php\/ausstellung-buchen\/\">entleihbar<\/a>.<\/p>\n<\/div><\/div><\/div><\/div><\/div><\/div><\/div><\/section><section class=\"l-section wpb_row us_custom_d984a24d height_small\"><div class=\"l-section-h i-cf\"><div class=\"g-cols vc_row via_flex valign_top type_default stacking_default\"><div class=\"vc_col-sm-12 wpb_column vc_column_container\"><div class=\"vc_column-inner\"><div class=\"wpb_wrapper\"><div class=\"w-separator size_huge\"><\/div><div class=\"w-grid us_grid type_grid layout_6333 cols_4 preload_style_spinner\" id=\"us_grid_1\" style=\"--columns:4;--gap:1.5rem;\" data-filterable=\"true\"><style>@media (max-width:1280px){#us_grid_1{--columns:3!important}}@media (max-width:1024px){#us_grid_1{--columns:2!important}}@media (max-width:600px){#us_grid_1{--columns:1!important}}.layout_6333 .w-grid-item-h{}.layout_6333 .usg_post_image_1{margin-bottom:1rem!important}.layout_6333 .usg_post_content_1{margin-top:0.5rem!important}<\/style><div class=\"w-grid-list\">\t<article class=\"w-grid-item size_1x1 post-3556 post type-post status-publish format-standard has-post-thumbnail hentry category-fragmente tag-bibel\" data-id=\"3556\">\r\n\t\t<div class=\"w-grid-item-h\">\r\n\t\t\t\t\t\t<div class=\"w-post-elm post_image usg_post_image_1 stretched\"><a href=\"https:\/\/www.af-kulturstiftung.de\/wordpress\/af_oel_92_0018\/\" aria-label=\"AF_OEL_92_0018\"><img loading=\"lazy\" decoding=\"async\" width=\"667\" height=\"841\" src=\"https:\/\/www.af-kulturstiftung.de\/wordpress\/wp-content\/uploads\/AF_OEL_92_0018.jpg\" class=\"attachment-us_768_0 size-us_768_0 wp-post-image\" alt=\"\" srcset=\"https:\/\/www.af-kulturstiftung.de\/wordpress\/wp-content\/uploads\/AF_OEL_92_0018.jpg 667w, https:\/\/www.af-kulturstiftung.de\/wordpress\/wp-content\/uploads\/AF_OEL_92_0018-238x300.jpg 238w, https:\/\/www.af-kulturstiftung.de\/wordpress\/wp-content\/uploads\/AF_OEL_92_0018-119x150.jpg 119w\" sizes=\"auto, (max-width: 667px) 100vw, 667px\" \/><\/a><\/div><div class=\"w-post-elm post_content usg_post_content_1\"><p>ohne Titel (Fragmente I)<br \/>\n1992<br \/>\n\u00d6l auf Leinwand<br \/>\n100 x 80 cm<\/p>\n<\/div>\t\t<\/div>\r\n\t\t\t<\/article>\r\n\t<article class=\"w-grid-item size_1x1 post-3577 post type-post status-publish format-standard has-post-thumbnail hentry category-fragmente tag-bibel\" data-id=\"3577\">\r\n\t\t<div class=\"w-grid-item-h\">\r\n\t\t\t\t\t\t<div class=\"w-post-elm post_image usg_post_image_1 stretched\"><a href=\"https:\/\/www.af-kulturstiftung.de\/wordpress\/af_oel_92_0019\/\" aria-label=\"AF_OEL_92_0019\"><img loading=\"lazy\" decoding=\"async\" width=\"667\" height=\"831\" src=\"https:\/\/www.af-kulturstiftung.de\/wordpress\/wp-content\/uploads\/AF_OEL_92_0019.jpg\" class=\"attachment-us_768_0 size-us_768_0 wp-post-image\" alt=\"\" srcset=\"https:\/\/www.af-kulturstiftung.de\/wordpress\/wp-content\/uploads\/AF_OEL_92_0019.jpg 667w, https:\/\/www.af-kulturstiftung.de\/wordpress\/wp-content\/uploads\/AF_OEL_92_0019-241x300.jpg 241w, https:\/\/www.af-kulturstiftung.de\/wordpress\/wp-content\/uploads\/AF_OEL_92_0019-120x150.jpg 120w\" sizes=\"auto, (max-width: 667px) 100vw, 667px\" \/><\/a><\/div><div class=\"w-post-elm post_content usg_post_content_1\"><p>ohne Titel (Fragmente II)<br \/>\n1992<br \/>\n\u00d6l auf Leinwand<br \/>\n100 x 80 cm<\/p>\n<\/div>\t\t<\/div>\r\n\t\t\t<\/article>\r\n\t<article class=\"w-grid-item size_1x1 post-3579 post type-post status-publish format-standard has-post-thumbnail hentry category-fragmente tag-bibel\" data-id=\"3579\">\r\n\t\t<div class=\"w-grid-item-h\">\r\n\t\t\t\t\t\t<div class=\"w-post-elm post_image usg_post_image_1 stretched\"><a href=\"https:\/\/www.af-kulturstiftung.de\/wordpress\/af_oel_92_0020\/\" aria-label=\"AF_OEL_92_0020\"><img loading=\"lazy\" decoding=\"async\" width=\"768\" height=\"612\" src=\"https:\/\/www.af-kulturstiftung.de\/wordpress\/wp-content\/uploads\/AF_OEL_92_0020-768x612.jpg\" class=\"attachment-us_768_0 size-us_768_0 wp-post-image\" alt=\"\" srcset=\"https:\/\/www.af-kulturstiftung.de\/wordpress\/wp-content\/uploads\/AF_OEL_92_0020-768x612.jpg 768w, https:\/\/www.af-kulturstiftung.de\/wordpress\/wp-content\/uploads\/AF_OEL_92_0020-300x239.jpg 300w, https:\/\/www.af-kulturstiftung.de\/wordpress\/wp-content\/uploads\/AF_OEL_92_0020-150x120.jpg 150w, https:\/\/www.af-kulturstiftung.de\/wordpress\/wp-content\/uploads\/AF_OEL_92_0020.jpg 1000w\" sizes=\"auto, (max-width: 768px) 100vw, 768px\" \/><\/a><\/div><div class=\"w-post-elm post_content usg_post_content_1\"><p>ohne Titel (Fragmente III)<br \/>\n1992<br \/>\n\u00d6l auf Leinwand<br \/>\n80 x 100 cm<\/p>\n<\/div>\t\t<\/div>\r\n\t\t\t<\/article>\r\n\t<article class=\"w-grid-item size_1x1 post-3581 post type-post status-publish format-standard has-post-thumbnail hentry category-fragmente tag-bibel\" data-id=\"3581\">\r\n\t\t<div class=\"w-grid-item-h\">\r\n\t\t\t\t\t\t<div class=\"w-post-elm post_image usg_post_image_1 stretched\"><a href=\"https:\/\/www.af-kulturstiftung.de\/wordpress\/af_oel_92_0021\/\" aria-label=\"AF_OEL_92_0021\"><img loading=\"lazy\" decoding=\"async\" width=\"667\" height=\"844\" src=\"https:\/\/www.af-kulturstiftung.de\/wordpress\/wp-content\/uploads\/AF_OEL_92_0021.jpg\" class=\"attachment-us_768_0 size-us_768_0 wp-post-image\" alt=\"\" srcset=\"https:\/\/www.af-kulturstiftung.de\/wordpress\/wp-content\/uploads\/AF_OEL_92_0021.jpg 667w, https:\/\/www.af-kulturstiftung.de\/wordpress\/wp-content\/uploads\/AF_OEL_92_0021-237x300.jpg 237w, https:\/\/www.af-kulturstiftung.de\/wordpress\/wp-content\/uploads\/AF_OEL_92_0021-119x150.jpg 119w\" sizes=\"auto, (max-width: 667px) 100vw, 667px\" \/><\/a><\/div><div class=\"w-post-elm post_content usg_post_content_1\"><p>ohne Titel (Fragmente IV)<br \/>\n1992<br \/>\n\u00d6l auf Leinwand<br \/>\n100 x 80 cm<\/p>\n<\/div>\t\t<\/div>\r\n\t\t\t<\/article>\r\n\t<article class=\"w-grid-item size_1x1 post-18217 post type-post status-publish format-standard has-post-thumbnail hentry category-fragmente tag-bibel\" data-id=\"18217\">\r\n\t\t<div class=\"w-grid-item-h\">\r\n\t\t\t\t\t\t<div class=\"w-post-elm post_image usg_post_image_1 stretched\"><a href=\"https:\/\/www.af-kulturstiftung.de\/wordpress\/af_oel_92_0022\/\" aria-label=\"AF_OEL_92_0022\"><img loading=\"lazy\" decoding=\"async\" width=\"667\" height=\"823\" src=\"https:\/\/www.af-kulturstiftung.de\/wordpress\/wp-content\/uploads\/AF_OEL_92_0022.jpg\" class=\"attachment-us_768_0 size-us_768_0 wp-post-image\" alt=\"\" srcset=\"https:\/\/www.af-kulturstiftung.de\/wordpress\/wp-content\/uploads\/AF_OEL_92_0022.jpg 667w, https:\/\/www.af-kulturstiftung.de\/wordpress\/wp-content\/uploads\/AF_OEL_92_0022-243x300.jpg 243w, https:\/\/www.af-kulturstiftung.de\/wordpress\/wp-content\/uploads\/AF_OEL_92_0022-122x150.jpg 122w\" sizes=\"auto, (max-width: 667px) 100vw, 667px\" \/><\/a><\/div><div class=\"w-post-elm post_content usg_post_content_1\"><p>ohne Titel (Fragmente V)<br \/>\n1992<br \/>\n\u00d6l auf Leinwand<br \/>\n100 x 80 cm<\/p>\n<\/div>\t\t<\/div>\r\n\t\t\t<\/article>\r\n\t<article class=\"w-grid-item size_1x1 post-3585 post type-post status-publish format-standard has-post-thumbnail hentry category-fragmente tag-bibel\" data-id=\"3585\">\r\n\t\t<div class=\"w-grid-item-h\">\r\n\t\t\t\t\t\t<div class=\"w-post-elm post_image usg_post_image_1 stretched\"><a href=\"https:\/\/www.af-kulturstiftung.de\/wordpress\/af_oel_92_0023\/\" aria-label=\"AF_OEL_92_0023\"><img loading=\"lazy\" decoding=\"async\" width=\"560\" height=\"446\" src=\"https:\/\/www.af-kulturstiftung.de\/wordpress\/wp-content\/uploads\/AF_OEL_92_0023.jpg\" class=\"attachment-us_768_0 size-us_768_0 wp-post-image\" alt=\"\" srcset=\"https:\/\/www.af-kulturstiftung.de\/wordpress\/wp-content\/uploads\/AF_OEL_92_0023.jpg 560w, https:\/\/www.af-kulturstiftung.de\/wordpress\/wp-content\/uploads\/AF_OEL_92_0023-300x239.jpg 300w, https:\/\/www.af-kulturstiftung.de\/wordpress\/wp-content\/uploads\/AF_OEL_92_0023-150x119.jpg 150w\" sizes=\"auto, (max-width: 560px) 100vw, 560px\" \/><\/a><\/div><div class=\"w-post-elm post_content usg_post_content_1\"><p>ohne Titel (Fragmente VI)<br \/>\n1992<br \/>\n\u00d6l auf Leinwand<br \/>\n80 x 100 cm<\/p>\n<\/div>\t\t<\/div>\r\n\t\t\t<\/article>\r\n\t<article class=\"w-grid-item size_1x1 post-3587 post type-post status-publish format-standard has-post-thumbnail hentry category-fragmente tag-bibel\" data-id=\"3587\">\r\n\t\t<div class=\"w-grid-item-h\">\r\n\t\t\t\t\t\t<div class=\"w-post-elm post_image usg_post_image_1 stretched\"><a href=\"https:\/\/www.af-kulturstiftung.de\/wordpress\/af_oel_92_0024\/\" aria-label=\"AF_OEL_92_0024\"><img loading=\"lazy\" decoding=\"async\" width=\"448\" height=\"560\" src=\"https:\/\/www.af-kulturstiftung.de\/wordpress\/wp-content\/uploads\/AF_OEL_92_0024.jpg\" class=\"attachment-us_768_0 size-us_768_0 wp-post-image\" alt=\"\" srcset=\"https:\/\/www.af-kulturstiftung.de\/wordpress\/wp-content\/uploads\/AF_OEL_92_0024.jpg 448w, https:\/\/www.af-kulturstiftung.de\/wordpress\/wp-content\/uploads\/AF_OEL_92_0024-240x300.jpg 240w, https:\/\/www.af-kulturstiftung.de\/wordpress\/wp-content\/uploads\/AF_OEL_92_0024-120x150.jpg 120w\" sizes=\"auto, (max-width: 448px) 100vw, 448px\" \/><\/a><\/div><div class=\"w-post-elm post_content usg_post_content_1\"><p>ohne Titel (Fragmente VII)<br \/>\n1992<br \/>\n\u00d6l auf Leinwand<br \/>\n100 x 80 cm<\/p>\n<\/div>\t\t<\/div>\r\n\t\t\t<\/article>\r\n\t<article class=\"w-grid-item size_1x1 post-3589 post type-post status-publish format-standard has-post-thumbnail hentry category-fragmente tag-bibel\" data-id=\"3589\">\r\n\t\t<div class=\"w-grid-item-h\">\r\n\t\t\t\t\t\t<div class=\"w-post-elm post_image usg_post_image_1 stretched\"><a href=\"https:\/\/www.af-kulturstiftung.de\/wordpress\/af_oel_92_0025\/\" aria-label=\"AF_OEL_92_0025\"><img loading=\"lazy\" decoding=\"async\" width=\"667\" height=\"838\" src=\"https:\/\/www.af-kulturstiftung.de\/wordpress\/wp-content\/uploads\/AF_OEL_92_0025.jpg\" class=\"attachment-us_768_0 size-us_768_0 wp-post-image\" alt=\"\" srcset=\"https:\/\/www.af-kulturstiftung.de\/wordpress\/wp-content\/uploads\/AF_OEL_92_0025.jpg 667w, https:\/\/www.af-kulturstiftung.de\/wordpress\/wp-content\/uploads\/AF_OEL_92_0025-239x300.jpg 239w, https:\/\/www.af-kulturstiftung.de\/wordpress\/wp-content\/uploads\/AF_OEL_92_0025-119x150.jpg 119w\" sizes=\"auto, (max-width: 667px) 100vw, 667px\" \/><\/a><\/div><div class=\"w-post-elm post_content usg_post_content_1\"><p>ohne Titel (Fragmente VIII)<br \/>\n1992<br \/>\n\u00d6l auf Leinwand<br \/>\n100 x 80 cm<\/p>\n<\/div>\t\t<\/div>\r\n\t\t\t<\/article>\r\n\t<article class=\"w-grid-item size_1x1 post-18222 post type-post status-publish format-standard has-post-thumbnail hentry category-fragmente tag-bibel\" data-id=\"18222\">\r\n\t\t<div class=\"w-grid-item-h\">\r\n\t\t\t\t\t\t<div class=\"w-post-elm post_image usg_post_image_1 stretched\"><a href=\"https:\/\/www.af-kulturstiftung.de\/wordpress\/af_oel_92_0026\/\" aria-label=\"AF_OEL_92_0026\"><img loading=\"lazy\" decoding=\"async\" width=\"667\" height=\"835\" src=\"https:\/\/www.af-kulturstiftung.de\/wordpress\/wp-content\/uploads\/AF_OEL_92_0026.jpg\" class=\"attachment-us_768_0 size-us_768_0 wp-post-image\" alt=\"\" srcset=\"https:\/\/www.af-kulturstiftung.de\/wordpress\/wp-content\/uploads\/AF_OEL_92_0026.jpg 667w, https:\/\/www.af-kulturstiftung.de\/wordpress\/wp-content\/uploads\/AF_OEL_92_0026-240x300.jpg 240w, https:\/\/www.af-kulturstiftung.de\/wordpress\/wp-content\/uploads\/AF_OEL_92_0026-120x150.jpg 120w\" sizes=\"auto, (max-width: 667px) 100vw, 667px\" \/><\/a><\/div><div class=\"w-post-elm post_content usg_post_content_1\"><p>ohne Titel (Fragmente IX)<br \/>\n1992<br \/>\n\u00d6l auf Leinwand<br \/>\n100 x 80 cm<\/p>\n<\/div>\t\t<\/div>\r\n\t\t\t<\/article>\r\n\t<article class=\"w-grid-item size_1x1 post-3593 post type-post status-publish format-standard has-post-thumbnail hentry category-fragmente tag-bibel\" data-id=\"3593\">\r\n\t\t<div class=\"w-grid-item-h\">\r\n\t\t\t\t\t\t<div class=\"w-post-elm post_image usg_post_image_1 stretched\"><a href=\"https:\/\/www.af-kulturstiftung.de\/wordpress\/af_oel_92_0027\/\" aria-label=\"AF_OEL_92_0027\"><img loading=\"lazy\" decoding=\"async\" width=\"667\" height=\"541\" src=\"https:\/\/www.af-kulturstiftung.de\/wordpress\/wp-content\/uploads\/AF_OEL_92_0027.jpg\" class=\"attachment-us_768_0 size-us_768_0 wp-post-image\" alt=\"\" srcset=\"https:\/\/www.af-kulturstiftung.de\/wordpress\/wp-content\/uploads\/AF_OEL_92_0027.jpg 667w, https:\/\/www.af-kulturstiftung.de\/wordpress\/wp-content\/uploads\/AF_OEL_92_0027-300x243.jpg 300w, https:\/\/www.af-kulturstiftung.de\/wordpress\/wp-content\/uploads\/AF_OEL_92_0027-150x122.jpg 150w\" sizes=\"auto, (max-width: 667px) 100vw, 667px\" \/><\/a><\/div><div class=\"w-post-elm post_content usg_post_content_1\"><p>ohne Titel (Fragmente X)<br \/>\n1992<br \/>\n\u00d6l auf Leinwand<br \/>\n80 x 100 cm<\/p>\n<\/div>\t\t<\/div>\r\n\t\t\t<\/article>\r\n\t<article class=\"w-grid-item size_1x1 post-18226 post type-post status-publish format-standard has-post-thumbnail hentry category-fragmente tag-bibel\" data-id=\"18226\">\r\n\t\t<div class=\"w-grid-item-h\">\r\n\t\t\t\t\t\t<div class=\"w-post-elm post_image usg_post_image_1 stretched\"><a href=\"https:\/\/www.af-kulturstiftung.de\/wordpress\/af_oel_92_0028\/\" aria-label=\"AF_OEL_92_0028\"><img loading=\"lazy\" decoding=\"async\" width=\"531\" height=\"667\" src=\"https:\/\/www.af-kulturstiftung.de\/wordpress\/wp-content\/uploads\/AF_OEL_92_0028-e1615759025867.jpg\" class=\"attachment-us_768_0 size-us_768_0 wp-post-image\" alt=\"\" srcset=\"https:\/\/www.af-kulturstiftung.de\/wordpress\/wp-content\/uploads\/AF_OEL_92_0028-e1615759025867.jpg 531w, https:\/\/www.af-kulturstiftung.de\/wordpress\/wp-content\/uploads\/AF_OEL_92_0028-e1615759025867-239x300.jpg 239w, https:\/\/www.af-kulturstiftung.de\/wordpress\/wp-content\/uploads\/AF_OEL_92_0028-e1615759025867-119x150.jpg 119w\" sizes=\"auto, (max-width: 531px) 100vw, 531px\" \/><\/a><\/div><div class=\"w-post-elm post_content usg_post_content_1\"><p>ohne Titel (Fragmente XI)<br \/>\n1992<br \/>\n\u00d6l auf Leinwand<br \/>\n100 x 80 cm<\/p>\n<\/div>\t\t<\/div>\r\n\t\t\t<\/article>\r\n\t<article class=\"w-grid-item size_1x1 post-18228 post type-post status-publish format-standard has-post-thumbnail hentry category-fragmente tag-bibel\" data-id=\"18228\">\r\n\t\t<div class=\"w-grid-item-h\">\r\n\t\t\t\t\t\t<div class=\"w-post-elm post_image usg_post_image_1 stretched\"><a href=\"https:\/\/www.af-kulturstiftung.de\/wordpress\/af_oel_92_0029\/\" aria-label=\"AF_OEL_92_0029\"><img loading=\"lazy\" decoding=\"async\" width=\"667\" height=\"835\" src=\"https:\/\/www.af-kulturstiftung.de\/wordpress\/wp-content\/uploads\/AF_OEL_92_0029.jpg\" class=\"attachment-us_768_0 size-us_768_0 wp-post-image\" alt=\"\" srcset=\"https:\/\/www.af-kulturstiftung.de\/wordpress\/wp-content\/uploads\/AF_OEL_92_0029.jpg 667w, https:\/\/www.af-kulturstiftung.de\/wordpress\/wp-content\/uploads\/AF_OEL_92_0029-240x300.jpg 240w, https:\/\/www.af-kulturstiftung.de\/wordpress\/wp-content\/uploads\/AF_OEL_92_0029-120x150.jpg 120w\" sizes=\"auto, (max-width: 667px) 100vw, 667px\" \/><\/a><\/div><div class=\"w-post-elm post_content usg_post_content_1\"><p>ohne Titel (Fragmente XII)<br \/>\n1992<br \/>\n\u00d6l auf Leinwand<br \/>\n100 x 80 cm<\/p>\n<\/div>\t\t<\/div>\r\n\t\t\t<\/article>\r\n\t<article class=\"w-grid-item size_1x1 post-3599 post type-post status-publish format-standard has-post-thumbnail hentry category-fragmente tag-bibel\" data-id=\"3599\">\r\n\t\t<div class=\"w-grid-item-h\">\r\n\t\t\t\t\t\t<div class=\"w-post-elm post_image usg_post_image_1 stretched\"><a href=\"https:\/\/www.af-kulturstiftung.de\/wordpress\/af_oel_92_0030\/\" aria-label=\"AF_OEL_92_0030\"><img loading=\"lazy\" decoding=\"async\" width=\"667\" height=\"834\" src=\"https:\/\/www.af-kulturstiftung.de\/wordpress\/wp-content\/uploads\/AF_OEL_92_0030.jpg\" class=\"attachment-us_768_0 size-us_768_0 wp-post-image\" alt=\"\" srcset=\"https:\/\/www.af-kulturstiftung.de\/wordpress\/wp-content\/uploads\/AF_OEL_92_0030.jpg 667w, https:\/\/www.af-kulturstiftung.de\/wordpress\/wp-content\/uploads\/AF_OEL_92_0030-240x300.jpg 240w, https:\/\/www.af-kulturstiftung.de\/wordpress\/wp-content\/uploads\/AF_OEL_92_0030-120x150.jpg 120w\" sizes=\"auto, (max-width: 667px) 100vw, 667px\" \/><\/a><\/div><div class=\"w-post-elm post_content usg_post_content_1\"><p>ohne Titel (Fragmente XIII)<br \/>\n2001<br \/>\n\u00d6l auf Leinwand<br \/>\n100 x 80 cm<\/p>\n<\/div>\t\t<\/div>\r\n\t\t\t<\/article>\r\n\t<article class=\"w-grid-item size_1x1 post-3601 post type-post status-publish format-standard has-post-thumbnail hentry category-fragmente tag-bibel\" data-id=\"3601\">\r\n\t\t<div class=\"w-grid-item-h\">\r\n\t\t\t\t\t\t<div class=\"w-post-elm post_image usg_post_image_1 stretched\"><a href=\"https:\/\/www.af-kulturstiftung.de\/wordpress\/af_oel_92_0031\/\" aria-label=\"AF_OEL_92_0031\"><img loading=\"lazy\" decoding=\"async\" width=\"667\" height=\"528\" src=\"https:\/\/www.af-kulturstiftung.de\/wordpress\/wp-content\/uploads\/AF_OEL_92_0031.jpg\" class=\"attachment-us_768_0 size-us_768_0 wp-post-image\" alt=\"\" srcset=\"https:\/\/www.af-kulturstiftung.de\/wordpress\/wp-content\/uploads\/AF_OEL_92_0031.jpg 667w, https:\/\/www.af-kulturstiftung.de\/wordpress\/wp-content\/uploads\/AF_OEL_92_0031-300x237.jpg 300w, https:\/\/www.af-kulturstiftung.de\/wordpress\/wp-content\/uploads\/AF_OEL_92_0031-150x119.jpg 150w\" sizes=\"auto, (max-width: 667px) 100vw, 667px\" \/><\/a><\/div><div class=\"w-post-elm post_content usg_post_content_1\"><p>ohne Titel (Fragmente XIV)<br \/>\n1992<br \/>\n\u00d6l auf Leinwand<br \/>\n80 x 100 cm<\/p>\n<\/div>\t\t<\/div>\r\n\t\t\t<\/article>\r\n\t<article class=\"w-grid-item size_1x1 post-18230 post type-post status-publish format-standard has-post-thumbnail hentry category-fragmente tag-bibel\" data-id=\"18230\">\r\n\t\t<div class=\"w-grid-item-h\">\r\n\t\t\t\t\t\t<div class=\"w-post-elm post_image usg_post_image_1 stretched\"><a href=\"https:\/\/www.af-kulturstiftung.de\/wordpress\/af_oel_92_0032\/\" aria-label=\"AF_OEL_92_0032\"><img loading=\"lazy\" decoding=\"async\" width=\"667\" height=\"832\" src=\"https:\/\/www.af-kulturstiftung.de\/wordpress\/wp-content\/uploads\/AF_OEL_92_0032.jpg\" class=\"attachment-us_768_0 size-us_768_0 wp-post-image\" alt=\"\" srcset=\"https:\/\/www.af-kulturstiftung.de\/wordpress\/wp-content\/uploads\/AF_OEL_92_0032.jpg 667w, https:\/\/www.af-kulturstiftung.de\/wordpress\/wp-content\/uploads\/AF_OEL_92_0032-241x300.jpg 241w, https:\/\/www.af-kulturstiftung.de\/wordpress\/wp-content\/uploads\/AF_OEL_92_0032-120x150.jpg 120w\" sizes=\"auto, (max-width: 667px) 100vw, 667px\" \/><\/a><\/div><div class=\"w-post-elm post_content usg_post_content_1\"><p>ohne Titel (Fragmente XV)<br \/>\n1992<br \/>\n\u00d6l auf Leinwand<br \/>\n100 x 80 cm<\/p>\n<\/div>\t\t<\/div>\r\n\t\t\t<\/article>\r\n\t<article class=\"w-grid-item size_1x1 post-18232 post type-post status-publish format-standard has-post-thumbnail hentry category-fragmente tag-bibel\" data-id=\"18232\">\r\n\t\t<div class=\"w-grid-item-h\">\r\n\t\t\t\t\t\t<div class=\"w-post-elm post_image usg_post_image_1 stretched\"><a href=\"https:\/\/www.af-kulturstiftung.de\/wordpress\/af_oel_92_0003\/\" aria-label=\"AF_OEL_92_0003\"><img loading=\"lazy\" decoding=\"async\" width=\"768\" height=\"962\" src=\"https:\/\/www.af-kulturstiftung.de\/wordpress\/wp-content\/uploads\/AF_Oel_92_0033-768x962.jpg\" class=\"attachment-us_768_0 size-us_768_0 wp-post-image\" alt=\"\" srcset=\"https:\/\/www.af-kulturstiftung.de\/wordpress\/wp-content\/uploads\/AF_Oel_92_0033-768x962.jpg 768w, https:\/\/www.af-kulturstiftung.de\/wordpress\/wp-content\/uploads\/AF_Oel_92_0033-240x300.jpg 240w, https:\/\/www.af-kulturstiftung.de\/wordpress\/wp-content\/uploads\/AF_Oel_92_0033-818x1024.jpg 818w, https:\/\/www.af-kulturstiftung.de\/wordpress\/wp-content\/uploads\/AF_Oel_92_0033-120x150.jpg 120w, https:\/\/www.af-kulturstiftung.de\/wordpress\/wp-content\/uploads\/AF_Oel_92_0033.jpg 1042w\" sizes=\"auto, (max-width: 768px) 100vw, 768px\" \/><\/a><\/div><div class=\"w-post-elm post_content usg_post_content_1\"><p>ohne Titel (Fragmente XVI)<br \/>\n1992<br \/>\n\u00d6l auf Leinwand<br \/>\n100 x 80 cm<\/p>\n<\/div>\t\t<\/div>\r\n\t\t\t<\/article>\r\n<\/div>\t<div class=\"w-grid-preloader\">\r\n\t\t<div class=\"g-preloader type_1\">\r\n\t\t\t<div><\/div>\r\n\t\t<\/div>\r\n\t<\/div>\r\n\t\t<div class=\"w-grid-json hidden\" onclick='return {&quot;action&quot;:&quot;us_ajax_grid&quot;,&quot;infinite_scroll&quot;:0,&quot;max_num_pages&quot;:1,&quot;pagination&quot;:&quot;none&quot;,&quot;template_vars&quot;:{&quot;columns&quot;:&quot;4&quot;,&quot;exclude_items&quot;:&quot;none&quot;,&quot;img_size&quot;:&quot;us_768_0&quot;,&quot;ignore_items_size&quot;:0,&quot;items_layout&quot;:&quot;6333&quot;,&quot;items_offset&quot;:&quot;1&quot;,&quot;load_animation&quot;:&quot;none&quot;,&quot;overriding_link&quot;:&quot;{\\&quot;url\\&quot;:\\&quot;\\&quot;}&quot;,&quot;post_id&quot;:0,&quot;query_args&quot;:{&quot;post_type&quot;:[&quot;post&quot;],&quot;tax_query&quot;:[{&quot;taxonomy&quot;:&quot;category&quot;,&quot;field&quot;:&quot;slug&quot;,&quot;terms&quot;:[&quot;fragmente&quot;]}],&quot;post_status&quot;:[&quot;publish&quot;],&quot;posts_per_page&quot;:&quot;50&quot;},&quot;orderby_query_args&quot;:{&quot;orderby&quot;:{&quot;date&quot;:&quot;ASC&quot;}},&quot;type&quot;:&quot;grid&quot;,&quot;us_grid_post_type&quot;:&quot;post&quot;,&quot;us_grid_ajax_index&quot;:1,&quot;us_grid_filter_query_string&quot;:null,&quot;us_grid_index&quot;:1,&quot;page_args&quot;:[]}}'><\/div>\r\n\t<\/div><\/div><\/div><\/div><\/div><\/div><\/section><section class=\"l-section wpb_row height_medium\"><div class=\"l-section-h i-cf\"><div class=\"g-cols vc_row via_flex valign_top type_default stacking_default\"><div class=\"vc_col-sm-12 wpb_column vc_column_container\"><div class=\"vc_column-inner\"><div class=\"wpb_wrapper\"><\/div><\/div><\/div><\/div><\/div><\/section>\n","protected":false},"excerpt":{"rendered":"WERKZYKLEN \/ FRAGMENTE Andreas Felger, Fragmente der Hoffnung XVI, 1992\u00d6l auf Leinwand, 100 x 80 cm \u00a9 AFKSohne Titel (Fragmente XVI) 1992 \u00d6l auf Leinwand 100 x 80 cm AF_Oel_92_0003 unverk\u00e4uflich zur\u00fcck zur \u00dcbersichtVorheriger BeitragAF_OEL_92_0032","protected":false},"author":4,"featured_media":3573,"parent":2890,"menu_order":0,"comment_status":"closed","ping_status":"closed","template":"","meta":{"h5ap_radio_sources":[],"footnotes":""},"class_list":["post-3554","page","type-page","status-publish","has-post-thumbnail","hentry"],"_links":{"self":[{"href":"https:\/\/www.af-kulturstiftung.de\/wordpress\/wp-json\/wp\/v2\/pages\/3554","targetHints":{"allow":["GET"]}}],"collection":[{"href":"https:\/\/www.af-kulturstiftung.de\/wordpress\/wp-json\/wp\/v2\/pages"}],"about":[{"href":"https:\/\/www.af-kulturstiftung.de\/wordpress\/wp-json\/wp\/v2\/types\/page"}],"author":[{"embeddable":true,"href":"https:\/\/www.af-kulturstiftung.de\/wordpress\/wp-json\/wp\/v2\/users\/4"}],"replies":[{"embeddable":true,"href":"https:\/\/www.af-kulturstiftung.de\/wordpress\/wp-json\/wp\/v2\/comments?post=3554"}],"version-history":[{"count":0,"href":"https:\/\/www.af-kulturstiftung.de\/wordpress\/wp-json\/wp\/v2\/pages\/3554\/revisions"}],"up":[{"embeddable":true,"href":"https:\/\/www.af-kulturstiftung.de\/wordpress\/wp-json\/wp\/v2\/pages\/2890"}],"wp:featuredmedia":[{"embeddable":true,"href":"https:\/\/www.af-kulturstiftung.de\/wordpress\/wp-json\/wp\/v2\/media\/3573"}],"wp:attachment":[{"href":"https:\/\/www.af-kulturstiftung.de\/wordpress\/wp-json\/wp\/v2\/media?parent=3554"}],"curies":[{"name":"wp","href":"https:\/\/api.w.org\/{rel}","templated":true}]}}