{"id":2784,"date":"2018-03-13T10:26:19","date_gmt":"2018-03-13T09:26:19","guid":{"rendered":"http:\/\/www1.af-kulturstiftung.de\/wordpress\/?page_id=2784"},"modified":"2023-06-05T21:16:02","modified_gmt":"2023-06-05T19:16:02","slug":"produkte","status":"publish","type":"page","link":"https:\/\/www.af-kulturstiftung.de\/wordpress\/produkte\/","title":{"rendered":"Produkte"},"content":{"rendered":"<section class=\"l-section wpb_row us_custom_d971738f height_medium\"><div class=\"l-section-h i-cf\"><div class=\"g-cols vc_row via_flex valign_top type_default stacking_default\"><div class=\"vc_col-sm-3 wpb_column vc_column_container\"><div class=\"vc_column-inner\"><div class=\"wpb_wrapper\"><div class=\"wpb_text_column\"><div class=\"wpb_wrapper\"><h4>PRODUKTE<\/h4>\n<\/div><\/div><\/div><\/div><\/div><div class=\"vc_col-sm-9 wpb_column vc_column_container\"><div class=\"vc_column-inner\"><div class=\"wpb_wrapper\"><\/div><\/div><\/div><\/div><\/div><\/section><section class=\"l-section wpb_row us_custom_d984a24d height_small with_img\"><div class=\"l-section-img\" role=\"img\" aria-label=\"Bild\" data-img-width=\"667\" data-img-height=\"910\" style=\"background-image: url(https:\/\/www.af-kulturstiftung.de\/wordpress\/wp-content\/uploads\/AF_ZE_96_0009.jpg);\"><\/div><div class=\"l-section-h i-cf\"><div class=\"g-cols vc_row via_flex valign_top type_default stacking_default\"><div class=\"vc_col-sm-12 wpb_column vc_column_container\"><div class=\"vc_column-inner\"><div class=\"wpb_wrapper\"><div class=\"w-grid us_grid type_masonry layout_6333 cols_4 preload_style_spinner with_isotope\" id=\"us_grid_1\" style=\"--columns:4;--gap:1.5rem;\" data-filterable=\"true\"><style>@media (max-width:1280px){#us_grid_1{--columns:3!important}}@media (max-width:1024px){#us_grid_1{--columns:2!important}}@media (max-width:600px){#us_grid_1{--columns:1!important}}.layout_6333 .w-grid-item-h{}.layout_6333 .usg_post_image_1{margin-bottom:1rem!important}.layout_6333 .usg_post_content_1{margin-top:0.5rem!important}<\/style><div class=\"w-grid-list\">\t<article class=\"w-grid-item size_1x1 post-13019 post type-post status-publish format-standard has-post-thumbnail hentry category-produkte\" data-id=\"13019\">\r\n\t\t<div class=\"w-grid-item-h\">\r\n\t\t\t\t\t\t<div class=\"w-post-elm post_image usg_post_image_1 stretched\"><a href=\"https:\/\/www.af-kulturstiftung.de\/wordpress\/weisheit-der-psalmen\/\" aria-label=\"Die Weisheit der Psalmen\"><img loading=\"lazy\" decoding=\"async\" width=\"768\" height=\"1179\" src=\"https:\/\/www.af-kulturstiftung.de\/wordpress\/wp-content\/uploads\/U1_978-3-96340-347-7-768x1179.jpg\" class=\"attachment-us_768_0 size-us_768_0 wp-post-image\" alt=\"\" srcset=\"https:\/\/www.af-kulturstiftung.de\/wordpress\/wp-content\/uploads\/U1_978-3-96340-347-7-768x1179.jpg 768w, https:\/\/www.af-kulturstiftung.de\/wordpress\/wp-content\/uploads\/U1_978-3-96340-347-7-195x300.jpg 195w, https:\/\/www.af-kulturstiftung.de\/wordpress\/wp-content\/uploads\/U1_978-3-96340-347-7-667x1024.jpg 667w, https:\/\/www.af-kulturstiftung.de\/wordpress\/wp-content\/uploads\/U1_978-3-96340-347-7-98x150.jpg 98w, https:\/\/www.af-kulturstiftung.de\/wordpress\/wp-content\/uploads\/U1_978-3-96340-347-7.jpg 1600w\" sizes=\"auto, (max-width: 768px) 100vw, 768px\" \/><\/a><\/div><div class=\"w-post-elm post_content usg_post_content_1\"><p>Martin Schleske \/ Andreas Felger<br \/>\npsalm\u00f3s<\/p>\n<\/div>\t\t<\/div>\r\n\t\t\t<\/article>\r\n\t<article class=\"w-grid-item size_1x1 post-13014 post type-post status-publish format-standard has-post-thumbnail hentry category-kunstkalender category-produkte\" data-id=\"13014\">\r\n\t\t<div class=\"w-grid-item-h\">\r\n\t\t\t\t\t\t<div class=\"w-post-elm post_image usg_post_image_1 stretched\"><a href=\"https:\/\/www.af-kulturstiftung.de\/wordpress\/wandkalender-2026\/\" aria-label=\"Wandkalender Licht 2026\"><img loading=\"lazy\" decoding=\"async\" width=\"768\" height=\"858\" src=\"https:\/\/www.af-kulturstiftung.de\/wordpress\/wp-content\/uploads\/U1_4251693905066-768x858.jpg\" class=\"attachment-us_768_0 size-us_768_0 wp-post-image\" alt=\"\" srcset=\"https:\/\/www.af-kulturstiftung.de\/wordpress\/wp-content\/uploads\/U1_4251693905066-768x858.jpg 768w, https:\/\/www.af-kulturstiftung.de\/wordpress\/wp-content\/uploads\/U1_4251693905066-268x300.jpg 268w, https:\/\/www.af-kulturstiftung.de\/wordpress\/wp-content\/uploads\/U1_4251693905066-916x1024.jpg 916w, https:\/\/www.af-kulturstiftung.de\/wordpress\/wp-content\/uploads\/U1_4251693905066-134x150.jpg 134w, https:\/\/www.af-kulturstiftung.de\/wordpress\/wp-content\/uploads\/U1_4251693905066.jpg 1600w\" sizes=\"auto, (max-width: 768px) 100vw, 768px\" \/><\/a><\/div><div class=\"w-post-elm post_content usg_post_content_1\"><p>WANDKALENDER LICHT 2026<\/p>\n<\/div>\t\t<\/div>\r\n\t\t\t<\/article>\r\n\t<article class=\"w-grid-item size_1x1 post-12629 post type-post status-publish format-standard has-post-thumbnail hentry category-kunstkarten category-produkte\" data-id=\"12629\">\r\n\t\t<div class=\"w-grid-item-h\">\r\n\t\t\t\t\t\t<div class=\"w-post-elm post_image usg_post_image_1 stretched\"><a href=\"https:\/\/www.af-kulturstiftung.de\/wordpress\/jahreslosung-2026\/\" aria-label=\"Jahreslosung 2026\"><img loading=\"lazy\" decoding=\"async\" width=\"768\" height=\"1086\" src=\"https:\/\/www.af-kulturstiftung.de\/wordpress\/wp-content\/uploads\/U1_4251693904984-768x1086.jpg\" class=\"attachment-us_768_0 size-us_768_0 wp-post-image\" alt=\"\" srcset=\"https:\/\/www.af-kulturstiftung.de\/wordpress\/wp-content\/uploads\/U1_4251693904984-768x1086.jpg 768w, https:\/\/www.af-kulturstiftung.de\/wordpress\/wp-content\/uploads\/U1_4251693904984-212x300.jpg 212w, https:\/\/www.af-kulturstiftung.de\/wordpress\/wp-content\/uploads\/U1_4251693904984-724x1024.jpg 724w, https:\/\/www.af-kulturstiftung.de\/wordpress\/wp-content\/uploads\/U1_4251693904984-106x150.jpg 106w, https:\/\/www.af-kulturstiftung.de\/wordpress\/wp-content\/uploads\/U1_4251693904984.jpg 1600w\" sizes=\"auto, (max-width: 768px) 100vw, 768px\" \/><\/a><\/div><div class=\"w-post-elm post_content usg_post_content_1\"><p>Jahreslosung 2026<\/p>\n<\/div>\t\t<\/div>\r\n\t\t\t<\/article>\r\n\t<article class=\"w-grid-item size_1x1 post-16301 post type-post status-publish format-standard has-post-thumbnail hentry category-kunstkarten category-produkte\" data-id=\"16301\">\r\n\t\t<div class=\"w-grid-item-h\">\r\n\t\t\t\t\t\t<div class=\"w-post-elm post_image usg_post_image_1 stretched\"><a href=\"https:\/\/www.af-kulturstiftung.de\/wordpress\/jahreslosung-2025\/\" aria-label=\"Jahreslosung 2025\"><img loading=\"lazy\" decoding=\"async\" width=\"768\" height=\"1086\" src=\"https:\/\/www.af-kulturstiftung.de\/wordpress\/wp-content\/uploads\/U1_4251693904328-768x1086.jpg\" class=\"attachment-us_768_0 size-us_768_0 wp-post-image\" alt=\"\" srcset=\"https:\/\/www.af-kulturstiftung.de\/wordpress\/wp-content\/uploads\/U1_4251693904328-768x1086.jpg 768w, https:\/\/www.af-kulturstiftung.de\/wordpress\/wp-content\/uploads\/U1_4251693904328-212x300.jpg 212w, https:\/\/www.af-kulturstiftung.de\/wordpress\/wp-content\/uploads\/U1_4251693904328-724x1024.jpg 724w, https:\/\/www.af-kulturstiftung.de\/wordpress\/wp-content\/uploads\/U1_4251693904328-106x150.jpg 106w, https:\/\/www.af-kulturstiftung.de\/wordpress\/wp-content\/uploads\/U1_4251693904328.jpg 1600w\" sizes=\"auto, (max-width: 768px) 100vw, 768px\" \/><\/a><\/div><div class=\"w-post-elm post_content usg_post_content_1\"><p>Jahreslosung 2025<\/p>\n<\/div>\t\t<\/div>\r\n\t\t\t<\/article>\r\n\t<article class=\"w-grid-item size_1x1 post-16307 post type-post status-publish format-standard has-post-thumbnail hentry category-kunstkarten category-produkte\" data-id=\"16307\">\r\n\t\t<div class=\"w-grid-item-h\">\r\n\t\t\t\t\t\t<div class=\"w-post-elm post_image usg_post_image_1 stretched\"><a href=\"https:\/\/www.af-kulturstiftung.de\/wordpress\/monatskalender-blumen-2025\/\" aria-label=\"Monatskalender Blumen 2025\"><img loading=\"lazy\" decoding=\"async\" width=\"768\" height=\"723\" src=\"https:\/\/www.af-kulturstiftung.de\/wordpress\/wp-content\/uploads\/U1_4251693904205_blanko-768x723.jpg\" class=\"attachment-us_768_0 size-us_768_0 wp-post-image\" alt=\"\" srcset=\"https:\/\/www.af-kulturstiftung.de\/wordpress\/wp-content\/uploads\/U1_4251693904205_blanko-768x723.jpg 768w, https:\/\/www.af-kulturstiftung.de\/wordpress\/wp-content\/uploads\/U1_4251693904205_blanko-300x282.jpg 300w, https:\/\/www.af-kulturstiftung.de\/wordpress\/wp-content\/uploads\/U1_4251693904205_blanko-1024x964.jpg 1024w, https:\/\/www.af-kulturstiftung.de\/wordpress\/wp-content\/uploads\/U1_4251693904205_blanko-150x141.jpg 150w, https:\/\/www.af-kulturstiftung.de\/wordpress\/wp-content\/uploads\/U1_4251693904205_blanko.jpg 1600w\" sizes=\"auto, (max-width: 768px) 100vw, 768px\" \/><\/a><\/div><div class=\"w-post-elm post_content usg_post_content_1\"><p>Monatskalender Blumen 2025<\/p>\n<\/div>\t\t<\/div>\r\n\t\t\t<\/article>\r\n\t<article class=\"w-grid-item size_1x1 post-16312 post type-post status-publish format-standard has-post-thumbnail hentry category-kunstkarten category-produkte\" data-id=\"16312\">\r\n\t\t<div class=\"w-grid-item-h\">\r\n\t\t\t\t\t\t<div class=\"w-post-elm post_image usg_post_image_1 stretched\"><a href=\"https:\/\/www.af-kulturstiftung.de\/wordpress\/kartenset-bluete-2025\/\" aria-label=\"Kartenset Bl\u00fcte 2025\"><img loading=\"lazy\" decoding=\"async\" width=\"768\" height=\"525\" src=\"https:\/\/www.af-kulturstiftung.de\/wordpress\/wp-content\/uploads\/U1_4251693904212_blanko-768x525.jpg\" class=\"attachment-us_768_0 size-us_768_0 wp-post-image\" alt=\"\" srcset=\"https:\/\/www.af-kulturstiftung.de\/wordpress\/wp-content\/uploads\/U1_4251693904212_blanko-768x525.jpg 768w, https:\/\/www.af-kulturstiftung.de\/wordpress\/wp-content\/uploads\/U1_4251693904212_blanko-300x205.jpg 300w, https:\/\/www.af-kulturstiftung.de\/wordpress\/wp-content\/uploads\/U1_4251693904212_blanko-1024x700.jpg 1024w, https:\/\/www.af-kulturstiftung.de\/wordpress\/wp-content\/uploads\/U1_4251693904212_blanko-150x103.jpg 150w, https:\/\/www.af-kulturstiftung.de\/wordpress\/wp-content\/uploads\/U1_4251693904212_blanko.jpg 1600w\" sizes=\"auto, (max-width: 768px) 100vw, 768px\" \/><\/a><\/div><div class=\"w-post-elm post_content usg_post_content_1\"><p>Faltkarten Bl\u00fcte 2025<\/p>\n<\/div>\t\t<\/div>\r\n\t\t\t<\/article>\r\n\t<article class=\"w-grid-item size_1x1 post-6042 post type-post status-publish format-standard has-post-thumbnail hentry category-film category-produkte\" data-id=\"6042\">\r\n\t\t<div class=\"w-grid-item-h\">\r\n\t\t\t\t\t\t<div class=\"w-post-elm post_image usg_post_image_1 stretched\"><a href=\"https:\/\/www.af-kulturstiftung.de\/wordpress\/ich-habe-nur-lieblingsfarben2\/\" aria-label=\"Ich habe nur Lieblingsfarben\"><img loading=\"lazy\" decoding=\"async\" width=\"354\" height=\"512\" src=\"https:\/\/www.af-kulturstiftung.de\/wordpress\/wp-content\/uploads\/Ich-habe-nur-Lieblingsfarben_Ein-Film-von-Wolfram_Huke-Beitragsbild.jpg\" class=\"attachment-us_768_0 size-us_768_0 wp-post-image\" alt=\"\" srcset=\"https:\/\/www.af-kulturstiftung.de\/wordpress\/wp-content\/uploads\/Ich-habe-nur-Lieblingsfarben_Ein-Film-von-Wolfram_Huke-Beitragsbild.jpg 354w, https:\/\/www.af-kulturstiftung.de\/wordpress\/wp-content\/uploads\/Ich-habe-nur-Lieblingsfarben_Ein-Film-von-Wolfram_Huke-Beitragsbild-207x300.jpg 207w, https:\/\/www.af-kulturstiftung.de\/wordpress\/wp-content\/uploads\/Ich-habe-nur-Lieblingsfarben_Ein-Film-von-Wolfram_Huke-Beitragsbild-104x150.jpg 104w\" sizes=\"auto, (max-width: 354px) 100vw, 354px\" \/><\/a><\/div><div class=\"w-post-elm post_content usg_post_content_1\"><p>DVD<\/p>\n<\/div>\t\t<\/div>\r\n\t\t\t<\/article>\r\n\t<article class=\"w-grid-item size_1x1 post-12600 post type-post status-publish format-standard has-post-thumbnail hentry category-produkte\" data-id=\"12600\">\r\n\t\t<div class=\"w-grid-item-h\">\r\n\t\t\t\t\t\t<div class=\"w-post-elm post_image usg_post_image_1 stretched\"><a href=\"https:\/\/www.af-kulturstiftung.de\/wordpress\/buch-der-engel-2023\/\" aria-label=\"Buch der Engel\"><img loading=\"lazy\" decoding=\"async\" width=\"498\" height=\"595\" src=\"https:\/\/www.af-kulturstiftung.de\/wordpress\/wp-content\/uploads\/Bildschirmfoto-2022-09-02-um-16.54.40.png\" class=\"attachment-us_768_0 size-us_768_0 wp-post-image\" alt=\"\" srcset=\"https:\/\/www.af-kulturstiftung.de\/wordpress\/wp-content\/uploads\/Bildschirmfoto-2022-09-02-um-16.54.40.png 498w, https:\/\/www.af-kulturstiftung.de\/wordpress\/wp-content\/uploads\/Bildschirmfoto-2022-09-02-um-16.54.40-251x300.png 251w, https:\/\/www.af-kulturstiftung.de\/wordpress\/wp-content\/uploads\/Bildschirmfoto-2022-09-02-um-16.54.40-126x150.png 126w\" sizes=\"auto, (max-width: 498px) 100vw, 498px\" \/><\/a><\/div><div class=\"w-post-elm post_content usg_post_content_1\"><p>DAS BUCH DER ENGEL<\/p>\n<\/div>\t\t<\/div>\r\n\t\t\t<\/article>\r\n<\/div>\t<div class=\"w-grid-preloader\">\r\n\t\t<div class=\"g-preloader type_1\">\r\n\t\t\t<div><\/div>\r\n\t\t<\/div>\r\n\t<\/div>\r\n\t\t<div class=\"w-grid-json hidden\" onclick='return {&quot;action&quot;:&quot;us_ajax_grid&quot;,&quot;infinite_scroll&quot;:0,&quot;max_num_pages&quot;:1,&quot;pagination&quot;:&quot;none&quot;,&quot;template_vars&quot;:{&quot;columns&quot;:&quot;4&quot;,&quot;exclude_items&quot;:&quot;none&quot;,&quot;img_size&quot;:&quot;us_768_0&quot;,&quot;ignore_items_size&quot;:0,&quot;items_layout&quot;:&quot;6333&quot;,&quot;items_offset&quot;:&quot;1&quot;,&quot;load_animation&quot;:&quot;none&quot;,&quot;overriding_link&quot;:&quot;{\\&quot;url\\&quot;:\\&quot;\\&quot;}&quot;,&quot;post_id&quot;:0,&quot;query_args&quot;:{&quot;post_type&quot;:[&quot;post&quot;],&quot;tax_query&quot;:[{&quot;taxonomy&quot;:&quot;category&quot;,&quot;field&quot;:&quot;slug&quot;,&quot;terms&quot;:[&quot;produkte&quot;]}],&quot;post_status&quot;:[&quot;publish&quot;],&quot;posts_per_page&quot;:&quot;15&quot;},&quot;orderby_query_args&quot;:{&quot;orderby&quot;:{&quot;date&quot;:&quot;DESC&quot;}},&quot;type&quot;:&quot;masonry&quot;,&quot;us_grid_post_type&quot;:&quot;post&quot;,&quot;us_grid_ajax_index&quot;:1,&quot;us_grid_filter_query_string&quot;:null,&quot;us_grid_index&quot;:1,&quot;page_args&quot;:[]}}'><\/div>\r\n\t<\/div><\/div><\/div><\/div><\/div><\/div><\/section>\n","protected":false},"excerpt":{"rendered":"DAS BUCH DER ENGEL Aquarelle und Zeichnungen von Andreas Felger Einleitung und Textauswahl von Klaus Hamburger Dieser prachtvolle Engel-Bildband vereint einige der ausdrucksst\u00e4rksten Motive des K\u00fcnstlers mit besonderen Texten, die Klaus Hamburger ausgew\u00e4hlt hat. Texten von Augustinus, Teresa von \u00c1vila, Franz von Sales, Ignatius von Loyola, Benedikt XVI., Fr\u00e8re Roger, Mascha Kal\u00e9ko, Dom Helder Camara,...","protected":false},"author":4,"featured_media":0,"parent":0,"menu_order":0,"comment_status":"closed","ping_status":"closed","template":"","meta":{"h5ap_radio_sources":[],"footnotes":""},"class_list":["post-2784","page","type-page","status-publish","hentry"],"_links":{"self":[{"href":"https:\/\/www.af-kulturstiftung.de\/wordpress\/wp-json\/wp\/v2\/pages\/2784","targetHints":{"allow":["GET"]}}],"collection":[{"href":"https:\/\/www.af-kulturstiftung.de\/wordpress\/wp-json\/wp\/v2\/pages"}],"about":[{"href":"https:\/\/www.af-kulturstiftung.de\/wordpress\/wp-json\/wp\/v2\/types\/page"}],"author":[{"embeddable":true,"href":"https:\/\/www.af-kulturstiftung.de\/wordpress\/wp-json\/wp\/v2\/users\/4"}],"replies":[{"embeddable":true,"href":"https:\/\/www.af-kulturstiftung.de\/wordpress\/wp-json\/wp\/v2\/comments?post=2784"}],"version-history":[{"count":0,"href":"https:\/\/www.af-kulturstiftung.de\/wordpress\/wp-json\/wp\/v2\/pages\/2784\/revisions"}],"wp:attachment":[{"href":"https:\/\/www.af-kulturstiftung.de\/wordpress\/wp-json\/wp\/v2\/media?parent=2784"}],"curies":[{"name":"wp","href":"https:\/\/api.w.org\/{rel}","templated":true}]}}