{"id":1975,"date":"2017-12-11T18:41:10","date_gmt":"2017-12-11T17:41:10","guid":{"rendered":"http:\/\/www1.af-kulturstiftung.de\/wordpress\/?page_id=1975"},"modified":"2021-03-05T11:41:07","modified_gmt":"2021-03-05T10:41:07","slug":"kontakt-kunstfreunde","status":"publish","type":"page","link":"https:\/\/www.af-kulturstiftung.de\/wordpress\/kontakt-kunstfreunde\/","title":{"rendered":"Kontakt &#8211; Kunstfreunde"},"content":{"rendered":"<section class=\"l-section wpb_row height_small with_img parallax_fixed\"><div class=\"l-section-img\" role=\"img\" aria-label=\"Bild\" data-img-width=\"1920\" data-img-height=\"955\" style=\"background-image: url(https:\/\/www.af-kulturstiftung.de\/wordpress\/wp-content\/uploads\/slideshow13.jpg);background-repeat: no-repeat;\"><\/div><div class=\"l-section-h i-cf\"><div class=\"g-cols vc_row via_flex valign_top type_default stacking_default\"><div class=\"vc_col-sm-6 wpb_column vc_column_container\"><div class=\"vc_column-inner\"><div class=\"wpb_wrapper\"><\/div><\/div><\/div><div class=\"vc_col-sm-6 wpb_column vc_column_container has_bg_color\"><div class=\"vc_column-inner us_custom_4fb9e5a3\"><div class=\"wpb_wrapper\"><div class=\"wpb_text_column\"><div class=\"wpb_wrapper\"><h4>KONTAKT<\/h4>\n<p>Gerne stehen wir Ihnen f\u00fcr weiterf\u00fchrende Informationen und Fragen zur Verf\u00fcgung:<\/p>\n<p>Kunstfreunde Andreas Felger e. V.<\/p>\n<p>Angela Gr\u00e4fin Basselet de la Ros\u00e9e<\/p>\n<p>Gei\u00dfh\u00e4userstra\u00dfe 15\u00a0|\u00a072116 M\u00f6ssingen<\/p>\n<p>m +49 (0)178 7228297<\/p>\n<p>E-Mail: <a href=\"mailto:kunstfreunde@af-kulturstiftung.de\">kunstfreunde@af-kulturstiftung.de<\/a><\/p>\n<\/div><\/div><\/div><\/div><\/div><\/div><\/div><\/section><!-- Row Backgrounds -->\n","protected":false},"excerpt":{"rendered":"KONTAKT Gerne stehen wir Ihnen f\u00fcr weiterf\u00fchrende Informationen und Fragen zur Verf\u00fcgung: Kunstfreunde Andreas Felger e. V. Angela Gr\u00e4fin Basselet de la Ros\u00e9e Gei\u00dfh\u00e4userstra\u00dfe 15\u00a0|\u00a072116 M\u00f6ssingen m +49 (0)178 7228297 E-Mail: kunstfreunde@af-kulturstiftung.de","protected":false},"author":4,"featured_media":0,"parent":0,"menu_order":0,"comment_status":"closed","ping_status":"closed","template":"","meta":{"h5ap_radio_sources":[],"footnotes":""},"class_list":["post-1975","page","type-page","status-publish","hentry"],"_links":{"self":[{"href":"https:\/\/www.af-kulturstiftung.de\/wordpress\/wp-json\/wp\/v2\/pages\/1975","targetHints":{"allow":["GET"]}}],"collection":[{"href":"https:\/\/www.af-kulturstiftung.de\/wordpress\/wp-json\/wp\/v2\/pages"}],"about":[{"href":"https:\/\/www.af-kulturstiftung.de\/wordpress\/wp-json\/wp\/v2\/types\/page"}],"author":[{"embeddable":true,"href":"https:\/\/www.af-kulturstiftung.de\/wordpress\/wp-json\/wp\/v2\/users\/4"}],"replies":[{"embeddable":true,"href":"https:\/\/www.af-kulturstiftung.de\/wordpress\/wp-json\/wp\/v2\/comments?post=1975"}],"version-history":[{"count":0,"href":"https:\/\/www.af-kulturstiftung.de\/wordpress\/wp-json\/wp\/v2\/pages\/1975\/revisions"}],"wp:attachment":[{"href":"https:\/\/www.af-kulturstiftung.de\/wordpress\/wp-json\/wp\/v2\/media?parent=1975"}],"curies":[{"name":"wp","href":"https:\/\/api.w.org\/{rel}","templated":true}]}}