{"id":18337,"date":"2025-03-22T14:29:10","date_gmt":"2025-03-22T13:29:10","guid":{"rendered":"https:\/\/www.af-kulturstiftung.de\/wordpress\/?page_id=18337"},"modified":"2026-04-19T23:26:14","modified_gmt":"2026-04-19T21:26:14","slug":"ausstellungen","status":"publish","type":"page","link":"https:\/\/www.af-kulturstiftung.de\/wordpress\/ausstellungen\/","title":{"rendered":"Ausstellungen"},"content":{"rendered":"<section class=\"l-section wpb_row height_medium\"><div class=\"l-section-h i-cf\"><div class=\"g-cols vc_row via_flex valign_top type_default stacking_default\"><div class=\"vc_col-sm-3 wpb_column vc_column_container\"><div class=\"vc_column-inner\"><div class=\"wpb_wrapper\"><div class=\"wpb_text_column\"><div class=\"wpb_wrapper\"><h4>AUSSTELLUNGEN<\/h4>\n<\/div><\/div><\/div><\/div><\/div><div class=\"vc_col-sm-9 wpb_column vc_column_container\"><div class=\"vc_column-inner\"><div class=\"wpb_wrapper\"><div class=\"wpb_text_column\"><div class=\"wpb_wrapper\"><p><span style=\"font-size: 14pt;\">Seit 1974 wurden die Werke von Andreas Felger in \u00fcber 500 Einzelausstellungen im In- und Ausland gezeigt. Eine tabellarische \u00dcbersicht finden Sie <a href=\"\/index.php\/ausstellungen\/einzelausstellungen\/\">hier<\/a>. F\u00fcr n\u00e4here Informationen zu den aktuellen Ausstellungen klicken Sie auf ein Bild.<\/span><\/p>\n<\/div><\/div><\/div><\/div><\/div><\/div><\/div><\/section><section class=\"l-section wpb_row us_custom_c2f20314 height_medium with_img\"><div class=\"l-section-img\" role=\"img\" aria-label=\"Bild\" data-img-width=\"1000\" data-img-height=\"739\" style=\"background-image: url(https:\/\/www.af-kulturstiftung.de\/wordpress\/wp-content\/uploads\/AF_AQ_94_0120-1.jpg);\"><\/div><div class=\"l-section-h i-cf\"><div class=\"g-cols vc_row via_flex valign_top type_default stacking_default\" style=\"--additional-gap:5px;\"><div class=\"vc_col-sm-3 wpb_column vc_column_container\"><div class=\"vc_column-inner\"><div class=\"wpb_wrapper\"><div class=\"w-separator size_custom\" style=\"height:16px\"><\/div><div class=\"w-image align_none\"><a target=\"_blank\" title=\"Werk des Quartals 01.2023\" href=\"\/wordpress\/theater-heidelberg-2026\/\" aria-label=\"Mitglieder des Opernchors des Theaters und Orchesters Heidelberg vor Andreas Felgers Theater-Vorhang w\u00e4hrend der Urauff\u00fchrung von &quot;Auf der anderen Seite des Mondes&quot;\" class=\"w-image-h\"><img decoding=\"async\" width=\"768\" height=\"512\" src=\"https:\/\/www.af-kulturstiftung.de\/wordpress\/wp-content\/uploads\/Andere-Seite-Mond_2_CSusanne-Reichardt_u-768x512.jpg\" class=\"attachment-us_768_0 size-us_768_0\" alt=\"\" loading=\"lazy\" srcset=\"https:\/\/www.af-kulturstiftung.de\/wordpress\/wp-content\/uploads\/Andere-Seite-Mond_2_CSusanne-Reichardt_u-768x512.jpg 768w, https:\/\/www.af-kulturstiftung.de\/wordpress\/wp-content\/uploads\/Andere-Seite-Mond_2_CSusanne-Reichardt_u-300x200.jpg 300w, https:\/\/www.af-kulturstiftung.de\/wordpress\/wp-content\/uploads\/Andere-Seite-Mond_2_CSusanne-Reichardt_u-1024x682.jpg 1024w, https:\/\/www.af-kulturstiftung.de\/wordpress\/wp-content\/uploads\/Andere-Seite-Mond_2_CSusanne-Reichardt_u-150x100.jpg 150w, https:\/\/www.af-kulturstiftung.de\/wordpress\/wp-content\/uploads\/Andere-Seite-Mond_2_CSusanne-Reichardt_u.jpg 1400w\" sizes=\"auto, (max-width: 768px) 100vw, 768px\" \/><\/a><\/div><div class=\"w-separator size_custom\" style=\"height:16px\"><\/div><div class=\"wpb_text_column\"><div class=\"wpb_wrapper\"><p><span style=\"color: #000000;\">THEATER HEIDELBERG<\/span><br \/>\n<span style=\"color: #000000;\">Marcel Kohler<\/span><br \/>\n<span style=\"color: #000000;\"><em>Auf der anderen Seite des Mondes<\/em> mit Texten von Hilde Domin und Andreas Felgers Theater-Vorhang<\/span><\/p>\n<\/div><\/div><\/div><\/div><\/div><div class=\"vc_col-sm-3 wpb_column vc_column_container\"><div class=\"vc_column-inner\"><div class=\"wpb_wrapper\"><div class=\"w-separator size_custom\" style=\"height:16px\"><\/div><div class=\"w-image align_none\"><a target=\"_blank\" title=\"Werk des Quartals 01.2023\" href=\"\/wordpress\/tag-des-offenen-ateliers\/\" aria-label=\"Andreas Felger an der Staffelei, Atelier K, Foto: Verena M\u00fcller, Stuttgart\" class=\"w-image-h\"><img decoding=\"async\" width=\"768\" height=\"1156\" src=\"https:\/\/www.af-kulturstiftung.de\/wordpress\/wp-content\/uploads\/Atelier_K_Innen_VMueller_02-768x1156.jpg\" class=\"attachment-us_768_0 size-us_768_0\" alt=\"\" loading=\"lazy\" srcset=\"https:\/\/www.af-kulturstiftung.de\/wordpress\/wp-content\/uploads\/Atelier_K_Innen_VMueller_02-768x1156.jpg 768w, https:\/\/www.af-kulturstiftung.de\/wordpress\/wp-content\/uploads\/Atelier_K_Innen_VMueller_02-199x300.jpg 199w, https:\/\/www.af-kulturstiftung.de\/wordpress\/wp-content\/uploads\/Atelier_K_Innen_VMueller_02-681x1024.jpg 681w, https:\/\/www.af-kulturstiftung.de\/wordpress\/wp-content\/uploads\/Atelier_K_Innen_VMueller_02-100x150.jpg 100w, https:\/\/www.af-kulturstiftung.de\/wordpress\/wp-content\/uploads\/Atelier_K_Innen_VMueller_02.jpg 864w\" sizes=\"auto, (max-width: 768px) 100vw, 768px\" \/><\/a><\/div><div class=\"w-separator size_custom\" style=\"height:16px\"><\/div><div class=\"wpb_text_column\"><div class=\"wpb_wrapper\"><p><span style=\"color: #000000;\">TAG DES OFFENEN ATELIERS<\/span><br \/>\n<span style=\"color: #000000;\">Atelier K<\/span><br \/>\n<span style=\"color: #000000;\">Bad Sebastiansweiler<\/span><br \/>\n<span style=\"color: #000000;\"><strong>Termin folgt<\/strong><\/span><\/p>\n<\/div><\/div><\/div><\/div><\/div><div class=\"vc_col-sm-3 wpb_column vc_column_container\"><div class=\"vc_column-inner\"><div class=\"wpb_wrapper\"><div class=\"w-separator size_custom\" style=\"height:16px\"><\/div><div class=\"w-image align_none\"><a target=\"_blank\" title=\"Werk des Quartals 01.2023\" href=\"\/wordpress\/ausstellung-im-vera-2026\/\" aria-label=\"Andreas Felger, ohne Titel (Detail), 2020\" class=\"w-image-h\"><img decoding=\"async\" width=\"437\" height=\"682\" src=\"https:\/\/www.af-kulturstiftung.de\/wordpress\/wp-content\/uploads\/AF_Oel_20_0030_Detail.png\" class=\"attachment-us_768_0 size-us_768_0\" alt=\"\" loading=\"lazy\" srcset=\"https:\/\/www.af-kulturstiftung.de\/wordpress\/wp-content\/uploads\/AF_Oel_20_0030_Detail.png 437w, https:\/\/www.af-kulturstiftung.de\/wordpress\/wp-content\/uploads\/AF_Oel_20_0030_Detail-192x300.png 192w, https:\/\/www.af-kulturstiftung.de\/wordpress\/wp-content\/uploads\/AF_Oel_20_0030_Detail-96x150.png 96w\" sizes=\"auto, (max-width: 437px) 100vw, 437px\" \/><\/a><\/div><div class=\"w-separator size_custom\" style=\"height:16px\"><\/div><div class=\"wpb_text_column\"><div class=\"wpb_wrapper\"><p><span style=\"color: #000000;\">POPUP AUSSTELLUNG<\/span><br \/>\n<span style=\"color: #000000;\">Andreas Felger<\/span><br \/>\n<span style=\"color: #000000;\">Restaurant VERA, Berlin Pankow<\/span><br \/>\n<span style=\"color: #000000;\"><strong>AKTUELL<\/strong><\/span><\/p>\n<\/div><\/div><\/div><\/div><\/div><div class=\"vc_col-sm-3 wpb_column vc_column_container\"><div class=\"vc_column-inner\"><div class=\"wpb_wrapper\"><div class=\"w-separator size_custom\" style=\"height:16px\"><\/div><div class=\"w-image align_none\"><a target=\"_blank\" title=\"Werk des Quartals 01.2023\" href=\"\/wordpress\/florastrasse-2026\/\" aria-label=\"Andreas Felger, ohne Titel, 2013\" class=\"w-image-h\"><img decoding=\"async\" width=\"768\" height=\"574\" src=\"https:\/\/www.af-kulturstiftung.de\/wordpress\/wp-content\/uploads\/AF_Oel_13_0024-768x574.jpg\" class=\"attachment-us_768_0 size-us_768_0\" alt=\"\" loading=\"lazy\" srcset=\"https:\/\/www.af-kulturstiftung.de\/wordpress\/wp-content\/uploads\/AF_Oel_13_0024-768x574.jpg 768w, https:\/\/www.af-kulturstiftung.de\/wordpress\/wp-content\/uploads\/AF_Oel_13_0024-300x224.jpg 300w, https:\/\/www.af-kulturstiftung.de\/wordpress\/wp-content\/uploads\/AF_Oel_13_0024-1024x765.jpg 1024w, https:\/\/www.af-kulturstiftung.de\/wordpress\/wp-content\/uploads\/AF_Oel_13_0024-150x112.jpg 150w, https:\/\/www.af-kulturstiftung.de\/wordpress\/wp-content\/uploads\/AF_Oel_13_0024.jpg 1679w\" sizes=\"auto, (max-width: 768px) 100vw, 768px\" \/><\/a><\/div><div class=\"w-separator size_custom\" style=\"height:16px\"><\/div><div class=\"wpb_text_column\"><div class=\"wpb_wrapper\"><p><span style=\"color: #000000;\">POPUP PR\u00c4SENTATION<\/span><br \/>\n<span style=\"color: #000000;\">Andreas Felger<\/span><br \/>\n<span style=\"color: #000000;\">Florastra\u00dfe 80, Berlin Pankow<\/span><br \/>\n<span style=\"color: #000000;\"><strong>AKTUELL<\/strong><\/span><\/p>\n<\/div><\/div><\/div><\/div><\/div><\/div><\/div><\/section><section class=\"l-section wpb_row us_custom_c2f20314 height_medium with_img\"><div class=\"l-section-img\" role=\"img\" aria-label=\"Bild\" data-img-width=\"1000\" data-img-height=\"739\" style=\"background-image: url(https:\/\/www.af-kulturstiftung.de\/wordpress\/wp-content\/uploads\/AF_AQ_94_0120-1.jpg);\"><\/div><div class=\"l-section-h i-cf\"><div class=\"g-cols vc_row via_flex valign_top type_default stacking_default\" style=\"--additional-gap:5px;\"><div class=\"vc_col-sm-3 wpb_column vc_column_container\"><div class=\"vc_column-inner\"><div class=\"wpb_wrapper\"><div class=\"w-separator size_custom\" style=\"height:16px\"><\/div><div class=\"w-separator size_custom\" style=\"height:16px\"><\/div><\/div><\/div><\/div><div class=\"vc_col-sm-3 wpb_column vc_column_container\"><div class=\"vc_column-inner\"><div class=\"wpb_wrapper\"><div class=\"w-separator size_custom\" style=\"height:16px\"><\/div><div class=\"w-separator size_custom\" style=\"height:16px\"><\/div><\/div><\/div><\/div><div class=\"vc_col-sm-3 wpb_column vc_column_container\"><div class=\"vc_column-inner\"><div class=\"wpb_wrapper\"><div class=\"w-separator size_custom\" style=\"height:16px\"><\/div><div class=\"w-separator size_custom\" style=\"height:16px\"><\/div><\/div><\/div><\/div><div class=\"vc_col-sm-3 wpb_column vc_column_container\"><div class=\"vc_column-inner\"><div class=\"wpb_wrapper\"><div class=\"w-separator size_custom\" style=\"height:16px\"><\/div><div class=\"w-separator size_custom\" style=\"height:16px\"><\/div><\/div><\/div><\/div><\/div><\/div><\/section>\n","protected":false},"excerpt":{"rendered":"AUSSTELLUNGEN Seit 1974 wurden die Werke von Andreas Felger in \u00fcber 500 Einzelausstellungen im In- und Ausland gezeigt. Eine tabellarische \u00dcbersicht finden Sie hier. F\u00fcr n\u00e4here Informationen zu den aktuellen Ausstellungen klicken Sie auf ein Bild. THEATER HEIDELBERG Marcel Kohler Auf der anderen Seite des Mondes mit Texten von Hilde Domin und Andreas Felgers Theater-Vorhang...","protected":false},"author":4,"featured_media":0,"parent":0,"menu_order":0,"comment_status":"closed","ping_status":"closed","template":"","meta":{"h5ap_radio_sources":[],"footnotes":""},"class_list":["post-18337","page","type-page","status-publish","hentry"],"_links":{"self":[{"href":"https:\/\/www.af-kulturstiftung.de\/wordpress\/wp-json\/wp\/v2\/pages\/18337","targetHints":{"allow":["GET"]}}],"collection":[{"href":"https:\/\/www.af-kulturstiftung.de\/wordpress\/wp-json\/wp\/v2\/pages"}],"about":[{"href":"https:\/\/www.af-kulturstiftung.de\/wordpress\/wp-json\/wp\/v2\/types\/page"}],"author":[{"embeddable":true,"href":"https:\/\/www.af-kulturstiftung.de\/wordpress\/wp-json\/wp\/v2\/users\/4"}],"replies":[{"embeddable":true,"href":"https:\/\/www.af-kulturstiftung.de\/wordpress\/wp-json\/wp\/v2\/comments?post=18337"}],"version-history":[{"count":3,"href":"https:\/\/www.af-kulturstiftung.de\/wordpress\/wp-json\/wp\/v2\/pages\/18337\/revisions"}],"predecessor-version":[{"id":20367,"href":"https:\/\/www.af-kulturstiftung.de\/wordpress\/wp-json\/wp\/v2\/pages\/18337\/revisions\/20367"}],"wp:attachment":[{"href":"https:\/\/www.af-kulturstiftung.de\/wordpress\/wp-json\/wp\/v2\/media?parent=18337"}],"curies":[{"name":"wp","href":"https:\/\/api.w.org\/{rel}","templated":true}]}}

<section class="l-section wpb_row height_medium"><div class="l-section-h i-cf"><div class="g-cols vc_row via_flex valign_top type_default stacking_default"><div class="vc_col-sm-3 wpb_column vc_column_container"><div class="vc_column-inner"><div class="wpb_wrapper"><div class="wpb_text_column"><div class="wpb_wrapper"><h4>AUSSTELLUNGEN</h4>
</div></div></div></div></div><div class="vc_col-sm-9 wpb_column vc_column_container"><div class="vc_column-inner"><div class="wpb_wrapper"><div class="wpb_text_column"><div class="wpb_wrapper"><p><span style="font-size: 14pt;">Seit 1974 wurden die Werke von Andreas Felger in über 500 Einzelausstellungen im In- und Ausland gezeigt. Eine tabellarische Übersicht finden Sie <a href="/index.php/ausstellungen/einzelausstellungen/">hier</a>. Für nähere Informationen zu den aktuellen Ausstellungen klicken Sie auf ein Bild.</span></p>
</div></div></div></div></div></div></div></section><section class="l-section wpb_row us_custom_c2f20314 height_medium with_img"><div class="l-section-img" role="img" aria-label="Bild" data-img-width="1000" data-img-height="739" style="background-image: url(https://www.af-kulturstiftung.de/wordpress/wp-content/uploads/AF_AQ_94_0120-1.jpg);"></div><div class="l-section-h i-cf"><div class="g-cols vc_row via_flex valign_top type_default stacking_default" style="--additional-gap:5px;"><div class="vc_col-sm-3 wpb_column vc_column_container"><div class="vc_column-inner"><div class="wpb_wrapper"><div class="w-separator size_custom" style="height:16px"></div><div class="w-image align_none"><a target="_blank" title="Werk des Quartals 01.2023" href="/wordpress/theater-heidelberg-2026/" aria-label="Mitglieder des Opernchors des Theaters und Orchesters Heidelberg vor Andreas Felgers Theater-Vorhang während der Uraufführung von &quot;Auf der anderen Seite des Mondes&quot;" class="w-image-h"><img decoding="async" width="768" height="512" src="https://www.af-kulturstiftung.de/wordpress/wp-content/uploads/Andere-Seite-Mond_2_CSusanne-Reichardt_u-768x512.jpg" class="attachment-us_768_0 size-us_768_0" alt="" loading="lazy" srcset="https://www.af-kulturstiftung.de/wordpress/wp-content/uploads/Andere-Seite-Mond_2_CSusanne-Reichardt_u-768x512.jpg 768w, https://www.af-kulturstiftung.de/wordpress/wp-content/uploads/Andere-Seite-Mond_2_CSusanne-Reichardt_u-300x200.jpg 300w, https://www.af-kulturstiftung.de/wordpress/wp-content/uploads/Andere-Seite-Mond_2_CSusanne-Reichardt_u-1024x682.jpg 1024w, https://www.af-kulturstiftung.de/wordpress/wp-content/uploads/Andere-Seite-Mond_2_CSusanne-Reichardt_u-150x100.jpg 150w, https://www.af-kulturstiftung.de/wordpress/wp-content/uploads/Andere-Seite-Mond_2_CSusanne-Reichardt_u.jpg 1400w" sizes="auto, (max-width: 768px) 100vw, 768px" /></a></div><div class="w-separator size_custom" style="height:16px"></div><div class="wpb_text_column"><div class="wpb_wrapper"><p><span style="color: #000000;">THEATER HEIDELBERG</span><br />
<span style="color: #000000;">Marcel Kohler</span><br />
<span style="color: #000000;"><em>Auf der anderen Seite des Mondes</em> mit Texten von Hilde Domin und Andreas Felgers Theater-Vorhang</span></p>
</div></div></div></div></div><div class="vc_col-sm-3 wpb_column vc_column_container"><div class="vc_column-inner"><div class="wpb_wrapper"><div class="w-separator size_custom" style="height:16px"></div><div class="w-image align_none"><a target="_blank" title="Werk des Quartals 01.2023" href="/wordpress/tag-des-offenen-ateliers/" aria-label="Andreas Felger an der Staffelei, Atelier K, Foto: Verena Müller, Stuttgart" class="w-image-h"><img decoding="async" width="768" height="1156" src="https://www.af-kulturstiftung.de/wordpress/wp-content/uploads/Atelier_K_Innen_VMueller_02-768x1156.jpg" class="attachment-us_768_0 size-us_768_0" alt="" loading="lazy" srcset="https://www.af-kulturstiftung.de/wordpress/wp-content/uploads/Atelier_K_Innen_VMueller_02-768x1156.jpg 768w, https://www.af-kulturstiftung.de/wordpress/wp-content/uploads/Atelier_K_Innen_VMueller_02-199x300.jpg 199w, https://www.af-kulturstiftung.de/wordpress/wp-content/uploads/Atelier_K_Innen_VMueller_02-681x1024.jpg 681w, https://www.af-kulturstiftung.de/wordpress/wp-content/uploads/Atelier_K_Innen_VMueller_02-100x150.jpg 100w, https://www.af-kulturstiftung.de/wordpress/wp-content/uploads/Atelier_K_Innen_VMueller_02.jpg 864w" sizes="auto, (max-width: 768px) 100vw, 768px" /></a></div><div class="w-separator size_custom" style="height:16px"></div><div class="wpb_text_column"><div class="wpb_wrapper"><p><span style="color: #000000;">TAG DES OFFENEN ATELIERS</span><br />
<span style="color: #000000;">Atelier K</span><br />
<span style="color: #000000;">Bad Sebastiansweiler</span><br />
<span style="color: #000000;"><strong>Termin folgt</strong></span></p>
</div></div></div></div></div><div class="vc_col-sm-3 wpb_column vc_column_container"><div class="vc_column-inner"><div class="wpb_wrapper"><div class="w-separator size_custom" style="height:16px"></div><div class="w-image align_none"><a target="_blank" title="Werk des Quartals 01.2023" href="/wordpress/ausstellung-im-vera-2026/" aria-label="Andreas Felger, ohne Titel (Detail), 2020" class="w-image-h"><img decoding="async" width="437" height="682" src="https://www.af-kulturstiftung.de/wordpress/wp-content/uploads/AF_Oel_20_0030_Detail.png" class="attachment-us_768_0 size-us_768_0" alt="" loading="lazy" srcset="https://www.af-kulturstiftung.de/wordpress/wp-content/uploads/AF_Oel_20_0030_Detail.png 437w, https://www.af-kulturstiftung.de/wordpress/wp-content/uploads/AF_Oel_20_0030_Detail-192x300.png 192w, https://www.af-kulturstiftung.de/wordpress/wp-content/uploads/AF_Oel_20_0030_Detail-96x150.png 96w" sizes="auto, (max-width: 437px) 100vw, 437px" /></a></div><div class="w-separator size_custom" style="height:16px"></div><div class="wpb_text_column"><div class="wpb_wrapper"><p><span style="color: #000000;">POPUP AUSSTELLUNG</span><br />
<span style="color: #000000;">Andreas Felger</span><br />
<span style="color: #000000;">Restaurant VERA, Berlin Pankow</span><br />
<span style="color: #000000;"><strong>AKTUELL</strong></span></p>
</div></div></div></div></div><div class="vc_col-sm-3 wpb_column vc_column_container"><div class="vc_column-inner"><div class="wpb_wrapper"><div class="w-separator size_custom" style="height:16px"></div><div class="w-image align_none"><a target="_blank" title="Werk des Quartals 01.2023" href="/wordpress/florastrasse-2026/" aria-label="Andreas Felger, ohne Titel, 2013" class="w-image-h"><img decoding="async" width="768" height="574" src="https://www.af-kulturstiftung.de/wordpress/wp-content/uploads/AF_Oel_13_0024-768x574.jpg" class="attachment-us_768_0 size-us_768_0" alt="" loading="lazy" srcset="https://www.af-kulturstiftung.de/wordpress/wp-content/uploads/AF_Oel_13_0024-768x574.jpg 768w, https://www.af-kulturstiftung.de/wordpress/wp-content/uploads/AF_Oel_13_0024-300x224.jpg 300w, https://www.af-kulturstiftung.de/wordpress/wp-content/uploads/AF_Oel_13_0024-1024x765.jpg 1024w, https://www.af-kulturstiftung.de/wordpress/wp-content/uploads/AF_Oel_13_0024-150x112.jpg 150w, https://www.af-kulturstiftung.de/wordpress/wp-content/uploads/AF_Oel_13_0024.jpg 1679w" sizes="auto, (max-width: 768px) 100vw, 768px" /></a></div><div class="w-separator size_custom" style="height:16px"></div><div class="wpb_text_column"><div class="wpb_wrapper"><p><span style="color: #000000;">POPUP PRÄSENTATION</span><br />
<span style="color: #000000;">Andreas Felger</span><br />
<span style="color: #000000;">Florastraße 80, Berlin Pankow</span><br />
<span style="color: #000000;"><strong>AKTUELL</strong></span></p>
</div></div></div></div></div></div></div></section><section class="l-section wpb_row us_custom_c2f20314 height_medium with_img"><div class="l-section-img" role="img" aria-label="Bild" data-img-width="1000" data-img-height="739" style="background-image: url(https://www.af-kulturstiftung.de/wordpress/wp-content/uploads/AF_AQ_94_0120-1.jpg);"></div><div class="l-section-h i-cf"><div class="g-cols vc_row via_flex valign_top type_default stacking_default" style="--additional-gap:5px;"><div class="vc_col-sm-3 wpb_column vc_column_container"><div class="vc_column-inner"><div class="wpb_wrapper"><div class="w-separator size_custom" style="height:16px"></div><div class="w-separator size_custom" style="height:16px"></div></div></div></div><div class="vc_col-sm-3 wpb_column vc_column_container"><div class="vc_column-inner"><div class="wpb_wrapper"><div class="w-separator size_custom" style="height:16px"></div><div class="w-separator size_custom" style="height:16px"></div></div></div></div><div class="vc_col-sm-3 wpb_column vc_column_container"><div class="vc_column-inner"><div class="wpb_wrapper"><div class="w-separator size_custom" style="height:16px"></div><div class="w-separator size_custom" style="height:16px"></div></div></div></div><div class="vc_col-sm-3 wpb_column vc_column_container"><div class="vc_column-inner"><div class="wpb_wrapper"><div class="w-separator size_custom" style="height:16px"></div><div class="w-separator size_custom" style="height:16px"></div></div></div></div></div></div></section>

AUSSTELLUNGEN Seit 1974 wurden die Werke von Andreas Felger in über 500 Einzelausstellungen im In- und Ausland gezeigt. Eine tabellarische Übersicht finden Sie hier. Für nähere Informationen zu den aktuellen Ausstellungen klicken Sie auf ein Bild. THEATER HEIDELBERG Marcel Kohler Auf der anderen Seite des Mondes mit Texten von Hilde Domin und Andreas Felgers Theater-Vorhang...
