{"id":1412,"date":"2017-10-22T18:34:52","date_gmt":"2017-10-22T16:34:52","guid":{"rendered":"http:\/\/www1.af-kulturstiftung.de\/wordpress\/?page_id=1412"},"modified":"2023-10-04T11:29:18","modified_gmt":"2023-10-04T09:29:18","slug":"glaskunst","status":"publish","type":"page","link":"https:\/\/www.af-kulturstiftung.de\/wordpress\/werk\/glaskunst\/","title":{"rendered":"Glaskunst"},"content":{"rendered":"<section class=\"l-section wpb_row us_custom_d971738f height_medium\"><div class=\"l-section-h i-cf\"><div class=\"g-cols vc_row via_flex valign_top type_default stacking_default\"><div class=\"vc_col-sm-3 wpb_column vc_column_container\"><div class=\"vc_column-inner\"><div class=\"wpb_wrapper\"><div class=\"wpb_text_column\"><div class=\"wpb_wrapper\"><h4><a href=\"\/werk\/\">WERK<\/a>\u00a0\/\u00a0GLASKUNST<\/h4>\n<\/div><\/div><\/div><\/div><\/div><div class=\"vc_col-sm-9 wpb_column vc_column_container\"><div class=\"vc_column-inner\"><div class=\"wpb_wrapper\"><div class=\"wpb_text_column\"><div class=\"wpb_wrapper\"><p>Auch Glaskunst geh\u00f6rt zu Andreas Felgers breitgef\u00e4chertem Werk. Vorwiegend als Fenster f\u00fcr Kirchen- und Andachtsr\u00e4ume konzipiert, sind seine Arbeiten aus farbigem Glas meist fest in architektonische R\u00e4ume integriert. Ihr aufw\u00e4ndiger Gestaltungs- und Herstellungsprozess wird in allen Schritten mit dem K\u00fcnstler abgestimmt.<div class=\"bg-margin-for-link\"><input type='hidden' bg_collapse_expand='69e33b783990c9051220378' value='69e33b783990c9051220378'><input type='hidden' id='bg-show-more-text-69e33b783990c9051220378' value='Weiterlesen \u2026'><input type='hidden' id='bg-show-less-text-69e33b783990c9051220378' value='weniger \u2026'><div id='bg-showmore-hidden-69e33b783990c9051220378' ><\/p>\n<p>Oft sind die Glasfenster Teil eines gr\u00f6\u00dferen Ensembles von raumbezogenen Werken der angewandten Kunst, die in ihren unterschiedlichen Facetten zusammenwirken. Mit den <a href=\"\/kunst-stationen\/\" target=\"_blank\" rel=\"noopener\">KUNST.STATIONEN<\/a> hat die Andreas Felger Kulturstiftung erstmals 2016 f\u00fcr Baden W\u00fcrttemberg eine Auswahl der ortsgebundenen Werke dokumentiert.<\/p>\n<p>In einigen dieser Werkgruppen, etwa der Evangelischen Vers\u00f6hnungskirche Schorndorf, zeigt Felger das ganze Spektrum seiner Glasfenster-Kunst. Die Arbeiten verbinden Gegens\u00e4tze, sie sind kleinteilig und gro\u00dffl\u00e4chig, abstrakt und figurativ, statisch und dynamisch \u2013 das glanzvolle Spiel mit dem Licht, das Durchleuchten der Formen bildet eine vielschichtige Raumkomposition.<\/p>\n<p>Licht ist nicht nur das zentrale Medium der Glaskunst, sondern auch ein wesentliches Thema in Felgers Kunst. Die Suche nach Transzendenz, das Streben nach einer \u00dcberwindung der Schwere alles Materiellen, die Umwandlung des Stofflichen in eine geistige Potenzierung, die (nicht nur im christlichen Sinn) auf eine himmlische Dimension verweist \u2013 all dies wird in den Fenstern symbolisiert und zugleich veranschaulicht.<\/p>\n<p>So sind es gerade die kirchlichen R\u00e4ume, die jene Vermittlung irdischer und h\u00f6herer Sph\u00e4ren besonders sinnf\u00e4llig gelingen lassen.<\/div><\/div><a id='bg-showmore-action-69e33b783990c9051220378' class='bg-showmore-plg-link bg-arrow '  style=\" color:#72777c;;\" href='#'>Weiterlesen \u2026<\/a><\/p>\n<\/div><\/div><\/div><\/div><\/div><\/div><\/div><\/section><section class=\"l-section wpb_row us_custom_d984a24d height_small\"><div class=\"l-section-h i-cf\"><div class=\"g-cols vc_row via_flex valign_top type_default stacking_default\"><div class=\"vc_col-sm-12 wpb_column vc_column_container\"><div class=\"vc_column-inner\"><div class=\"wpb_wrapper\"><div class=\"w-grid us_grid type_masonry layout_6333 cols_4 preload_style_spinner with_isotope\" id=\"us_grid_1\" style=\"--columns:4;--gap:1.5rem;\" data-filterable=\"true\"><style>@media (max-width:1280px){#us_grid_1{--columns:3!important}}@media (max-width:1024px){#us_grid_1{--columns:2!important}}@media (max-width:600px){#us_grid_1{--columns:1!important}}.layout_6333 .w-grid-item-h{}.layout_6333 .usg_post_image_1{margin-bottom:1rem!important}.layout_6333 .usg_post_content_1{margin-top:0.5rem!important}<\/style><div class=\"w-grid-list\">\t<article class=\"w-grid-item size_1x1 post-2561 post type-post status-publish format-standard has-post-thumbnail hentry category-glaskunst\" data-id=\"2561\">\r\n\t\t<div class=\"w-grid-item-h\">\r\n\t\t\t\t\t\t<div class=\"w-post-elm post_image usg_post_image_1 stretched\"><a href=\"https:\/\/www.af-kulturstiftung.de\/wordpress\/af_glas_001\/\" aria-label=\"AF_Glas_001\"><img loading=\"lazy\" decoding=\"async\" width=\"768\" height=\"899\" src=\"https:\/\/www.af-kulturstiftung.de\/wordpress\/wp-content\/uploads\/AF_Glas_001-768x899.jpg\" class=\"attachment-us_768_0 size-us_768_0 wp-post-image\" alt=\"\" srcset=\"https:\/\/www.af-kulturstiftung.de\/wordpress\/wp-content\/uploads\/AF_Glas_001-768x899.jpg 768w, https:\/\/www.af-kulturstiftung.de\/wordpress\/wp-content\/uploads\/AF_Glas_001-256x300.jpg 256w, https:\/\/www.af-kulturstiftung.de\/wordpress\/wp-content\/uploads\/AF_Glas_001-875x1024.jpg 875w, https:\/\/www.af-kulturstiftung.de\/wordpress\/wp-content\/uploads\/AF_Glas_001-128x150.jpg 128w, https:\/\/www.af-kulturstiftung.de\/wordpress\/wp-content\/uploads\/AF_Glas_001.jpg 1025w\" sizes=\"auto, (max-width: 768px) 100vw, 768px\" \/><\/a><\/div><div class=\"w-post-elm post_content usg_post_content_1\"><p>Nikolaus<br \/>\n2008<br \/>\nGlas, bemalt<br \/>\n230 x 195 cm<\/p>\n<\/div>\t\t<\/div>\r\n\t\t\t<\/article>\r\n\t<article class=\"w-grid-item size_1x1 post-2568 post type-post status-publish format-standard has-post-thumbnail hentry category-glaskunst\" data-id=\"2568\">\r\n\t\t<div class=\"w-grid-item-h\">\r\n\t\t\t\t\t\t<div class=\"w-post-elm post_image usg_post_image_1 stretched\"><a href=\"https:\/\/www.af-kulturstiftung.de\/wordpress\/af_glas_003\/\" aria-label=\"AF_Glas_003\"><img loading=\"lazy\" decoding=\"async\" width=\"768\" height=\"512\" src=\"https:\/\/www.af-kulturstiftung.de\/wordpress\/wp-content\/uploads\/AF_Glas_006-768x512.jpg\" class=\"attachment-us_768_0 size-us_768_0 wp-post-image\" alt=\"\" srcset=\"https:\/\/www.af-kulturstiftung.de\/wordpress\/wp-content\/uploads\/AF_Glas_006-768x512.jpg 768w, https:\/\/www.af-kulturstiftung.de\/wordpress\/wp-content\/uploads\/AF_Glas_006-300x200.jpg 300w, https:\/\/www.af-kulturstiftung.de\/wordpress\/wp-content\/uploads\/AF_Glas_006-150x100.jpg 150w, https:\/\/www.af-kulturstiftung.de\/wordpress\/wp-content\/uploads\/AF_Glas_006.jpg 1000w\" sizes=\"auto, (max-width: 768px) 100vw, 768px\" \/><\/a><\/div><div class=\"w-post-elm post_content usg_post_content_1\"><p>Sch\u00f6pfung, Vers\u00f6hnung<br \/>\n1990\u201391<br \/>\nGlasfenster<br \/>\n750 x 80 cm<\/p>\n<\/div>\t\t<\/div>\r\n\t\t\t<\/article>\r\n\t<article class=\"w-grid-item size_1x1 post-2570 post type-post status-publish format-standard has-post-thumbnail hentry category-glaskunst\" data-id=\"2570\">\r\n\t\t<div class=\"w-grid-item-h\">\r\n\t\t\t\t\t\t<div class=\"w-post-elm post_image usg_post_image_1 stretched\"><a href=\"https:\/\/www.af-kulturstiftung.de\/wordpress\/af_glas_007\/\" aria-label=\"AF_Glas_007\"><img loading=\"lazy\" decoding=\"async\" width=\"768\" height=\"512\" src=\"https:\/\/www.af-kulturstiftung.de\/wordpress\/wp-content\/uploads\/AF_Glas_007-768x512.jpg\" class=\"attachment-us_768_0 size-us_768_0 wp-post-image\" alt=\"\" srcset=\"https:\/\/www.af-kulturstiftung.de\/wordpress\/wp-content\/uploads\/AF_Glas_007-768x512.jpg 768w, https:\/\/www.af-kulturstiftung.de\/wordpress\/wp-content\/uploads\/AF_Glas_007-300x200.jpg 300w, https:\/\/www.af-kulturstiftung.de\/wordpress\/wp-content\/uploads\/AF_Glas_007-150x100.jpg 150w, https:\/\/www.af-kulturstiftung.de\/wordpress\/wp-content\/uploads\/AF_Glas_007.jpg 1000w\" sizes=\"auto, (max-width: 768px) 100vw, 768px\" \/><\/a><\/div><div class=\"w-post-elm post_content usg_post_content_1\"><p>ohne Titel<br \/>\n1990\u201391<br \/>\nGlasfenster<br \/>\n210 x 310 cm<\/p>\n<\/div>\t\t<\/div>\r\n\t\t\t<\/article>\r\n\t<article class=\"w-grid-item size_1x1 post-2572 post type-post status-publish format-standard has-post-thumbnail hentry category-glaskunst\" data-id=\"2572\">\r\n\t\t<div class=\"w-grid-item-h\">\r\n\t\t\t\t\t\t<div class=\"w-post-elm post_image usg_post_image_1 stretched\"><a href=\"https:\/\/www.af-kulturstiftung.de\/wordpress\/af_glas_008\/\" aria-label=\"AF_Glas_008\"><img loading=\"lazy\" decoding=\"async\" width=\"768\" height=\"512\" src=\"https:\/\/www.af-kulturstiftung.de\/wordpress\/wp-content\/uploads\/AF_Glas_008-768x512.jpg\" class=\"attachment-us_768_0 size-us_768_0 wp-post-image\" alt=\"\" srcset=\"https:\/\/www.af-kulturstiftung.de\/wordpress\/wp-content\/uploads\/AF_Glas_008-768x512.jpg 768w, https:\/\/www.af-kulturstiftung.de\/wordpress\/wp-content\/uploads\/AF_Glas_008-300x200.jpg 300w, https:\/\/www.af-kulturstiftung.de\/wordpress\/wp-content\/uploads\/AF_Glas_008-150x100.jpg 150w, https:\/\/www.af-kulturstiftung.de\/wordpress\/wp-content\/uploads\/AF_Glas_008.jpg 1000w\" sizes=\"auto, (max-width: 768px) 100vw, 768px\" \/><\/a><\/div><div class=\"w-post-elm post_content usg_post_content_1\"><p>Glaube, Liebe, Hoffnung<br \/>\n2001<br \/>\nGlasfenster<br \/>\n240 x 60 cm<\/p>\n<\/div>\t\t<\/div>\r\n\t\t\t<\/article>\r\n\t<article class=\"w-grid-item size_1x1 post-2574 post type-post status-publish format-standard has-post-thumbnail hentry category-glaskunst\" data-id=\"2574\">\r\n\t\t<div class=\"w-grid-item-h\">\r\n\t\t\t\t\t\t<div class=\"w-post-elm post_image usg_post_image_1 stretched\"><a href=\"https:\/\/www.af-kulturstiftung.de\/wordpress\/af_glas_013\/\" aria-label=\"AF_Glas_013\"><img loading=\"lazy\" decoding=\"async\" width=\"768\" height=\"1152\" src=\"https:\/\/www.af-kulturstiftung.de\/wordpress\/wp-content\/uploads\/AF_Glas_013-768x1152.jpg\" class=\"attachment-us_768_0 size-us_768_0 wp-post-image\" alt=\"\" srcset=\"https:\/\/www.af-kulturstiftung.de\/wordpress\/wp-content\/uploads\/AF_Glas_013-768x1152.jpg 768w, https:\/\/www.af-kulturstiftung.de\/wordpress\/wp-content\/uploads\/AF_Glas_013-200x300.jpg 200w, https:\/\/www.af-kulturstiftung.de\/wordpress\/wp-content\/uploads\/AF_Glas_013-683x1024.jpg 683w, https:\/\/www.af-kulturstiftung.de\/wordpress\/wp-content\/uploads\/AF_Glas_013-100x150.jpg 100w, https:\/\/www.af-kulturstiftung.de\/wordpress\/wp-content\/uploads\/AF_Glas_013.jpg 800w\" sizes=\"auto, (max-width: 768px) 100vw, 768px\" \/><\/a><\/div><div class=\"w-post-elm post_content usg_post_content_1\"><p>Jesus mit Maria und Martha<br \/>\n1997<br \/>\nGlasfenster<br \/>\n600 x 62 cm<\/p>\n<\/div>\t\t<\/div>\r\n\t\t\t<\/article>\r\n\t<article class=\"w-grid-item size_1x1 post-2576 post type-post status-publish format-standard has-post-thumbnail hentry category-glaskunst\" data-id=\"2576\">\r\n\t\t<div class=\"w-grid-item-h\">\r\n\t\t\t\t\t\t<div class=\"w-post-elm post_image usg_post_image_1 stretched\"><a href=\"https:\/\/www.af-kulturstiftung.de\/wordpress\/af_glas_016\/\" aria-label=\"AF_Glas_016\"><img loading=\"lazy\" decoding=\"async\" width=\"768\" height=\"512\" src=\"https:\/\/www.af-kulturstiftung.de\/wordpress\/wp-content\/uploads\/AF_Glas_016-768x512.jpg\" class=\"attachment-us_768_0 size-us_768_0 wp-post-image\" alt=\"\" srcset=\"https:\/\/www.af-kulturstiftung.de\/wordpress\/wp-content\/uploads\/AF_Glas_016-768x512.jpg 768w, https:\/\/www.af-kulturstiftung.de\/wordpress\/wp-content\/uploads\/AF_Glas_016-300x200.jpg 300w, https:\/\/www.af-kulturstiftung.de\/wordpress\/wp-content\/uploads\/AF_Glas_016-150x100.jpg 150w, https:\/\/www.af-kulturstiftung.de\/wordpress\/wp-content\/uploads\/AF_Glas_016.jpg 1000w\" sizes=\"auto, (max-width: 768px) 100vw, 768px\" \/><\/a><\/div><div class=\"w-post-elm post_content usg_post_content_1\"><p>Salbung Jesu (Detail)\/<br \/>\nHochzeit zu Kana (Detail)<br \/>\n1997<br \/>\nGlasfenster<br \/>\n550 x 78\/58 cm<\/p>\n<\/div>\t\t<\/div>\r\n\t\t\t<\/article>\r\n\t<article class=\"w-grid-item size_1x1 post-2581 post type-post status-publish format-standard has-post-thumbnail hentry category-glaskunst\" data-id=\"2581\">\r\n\t\t<div class=\"w-grid-item-h\">\r\n\t\t\t\t\t\t<div class=\"w-post-elm post_image usg_post_image_1 stretched\"><a href=\"https:\/\/www.af-kulturstiftung.de\/wordpress\/af_glas_023\/\" aria-label=\"AF_Glas_023\"><img loading=\"lazy\" decoding=\"async\" width=\"768\" height=\"512\" src=\"https:\/\/www.af-kulturstiftung.de\/wordpress\/wp-content\/uploads\/AF_Glas_023-768x512.jpg\" class=\"attachment-us_768_0 size-us_768_0 wp-post-image\" alt=\"\" srcset=\"https:\/\/www.af-kulturstiftung.de\/wordpress\/wp-content\/uploads\/AF_Glas_023-768x512.jpg 768w, https:\/\/www.af-kulturstiftung.de\/wordpress\/wp-content\/uploads\/AF_Glas_023-300x200.jpg 300w, https:\/\/www.af-kulturstiftung.de\/wordpress\/wp-content\/uploads\/AF_Glas_023-1024x683.jpg 1024w, https:\/\/www.af-kulturstiftung.de\/wordpress\/wp-content\/uploads\/AF_Glas_023-150x100.jpg 150w, https:\/\/www.af-kulturstiftung.de\/wordpress\/wp-content\/uploads\/AF_Glas_023.jpg 1500w\" sizes=\"auto, (max-width: 768px) 100vw, 768px\" \/><\/a><\/div><div class=\"w-post-elm post_content usg_post_content_1\"><p>Auferstehung<br \/>\n1981<br \/>\nGlasfenster (dreiteilig)<br \/>\nje 203 x 56 cm<\/p>\n<\/div>\t\t<\/div>\r\n\t\t\t<\/article>\r\n\t<article class=\"w-grid-item size_1x1 post-15366 post type-post status-publish format-standard has-post-thumbnail hentry category-glaskunst\" data-id=\"15366\">\r\n\t\t<div class=\"w-grid-item-h\">\r\n\t\t\t\t\t\t<div class=\"w-post-elm post_image usg_post_image_1 stretched\"><a href=\"https:\/\/www.af-kulturstiftung.de\/wordpress\/af_glas_012\/\" aria-label=\"AF_Glas_012\"><img loading=\"lazy\" decoding=\"async\" width=\"768\" height=\"512\" src=\"https:\/\/www.af-kulturstiftung.de\/wordpress\/wp-content\/uploads\/AF_Glas_020-768x512.jpg\" class=\"attachment-us_768_0 size-us_768_0 wp-post-image\" alt=\"\" srcset=\"https:\/\/www.af-kulturstiftung.de\/wordpress\/wp-content\/uploads\/AF_Glas_020-768x512.jpg 768w, https:\/\/www.af-kulturstiftung.de\/wordpress\/wp-content\/uploads\/AF_Glas_020-300x200.jpg 300w, https:\/\/www.af-kulturstiftung.de\/wordpress\/wp-content\/uploads\/AF_Glas_020-150x100.jpg 150w, https:\/\/www.af-kulturstiftung.de\/wordpress\/wp-content\/uploads\/AF_Glas_020.jpg 1000w\" sizes=\"auto, (max-width: 768px) 100vw, 768px\" \/><\/a><\/div><div class=\"w-post-elm post_content usg_post_content_1\"><p>Glaube, Liebe, Hoffnung<br \/>\n1997<br \/>\nGlasfenster<br \/>\nje 116 x 25 cm<\/p>\n<\/div>\t\t<\/div>\r\n\t\t\t<\/article>\r\n<\/div>\t<div class=\"w-grid-preloader\">\r\n\t\t<div class=\"g-preloader type_1\">\r\n\t\t\t<div><\/div>\r\n\t\t<\/div>\r\n\t<\/div>\r\n\t\t<div class=\"w-grid-json hidden\" onclick='return {&quot;action&quot;:&quot;us_ajax_grid&quot;,&quot;infinite_scroll&quot;:0,&quot;max_num_pages&quot;:1,&quot;pagination&quot;:&quot;none&quot;,&quot;template_vars&quot;:{&quot;columns&quot;:&quot;4&quot;,&quot;exclude_items&quot;:&quot;none&quot;,&quot;img_size&quot;:&quot;us_768_0&quot;,&quot;ignore_items_size&quot;:0,&quot;items_layout&quot;:&quot;6333&quot;,&quot;items_offset&quot;:&quot;1&quot;,&quot;load_animation&quot;:&quot;none&quot;,&quot;overriding_link&quot;:&quot;{\\&quot;url\\&quot;:\\&quot;\\&quot;}&quot;,&quot;post_id&quot;:0,&quot;query_args&quot;:{&quot;post_type&quot;:[&quot;post&quot;],&quot;tax_query&quot;:[{&quot;taxonomy&quot;:&quot;category&quot;,&quot;field&quot;:&quot;slug&quot;,&quot;terms&quot;:[&quot;glaskunst&quot;]}],&quot;post_status&quot;:[&quot;publish&quot;],&quot;posts_per_page&quot;:&quot;50&quot;},&quot;orderby_query_args&quot;:{&quot;orderby&quot;:{&quot;date&quot;:&quot;ASC&quot;}},&quot;type&quot;:&quot;masonry&quot;,&quot;us_grid_post_type&quot;:&quot;post&quot;,&quot;us_grid_ajax_index&quot;:1,&quot;us_grid_filter_query_string&quot;:null,&quot;us_grid_index&quot;:1,&quot;page_args&quot;:[]}}'><\/div>\r\n\t<\/div><\/div><\/div><\/div><\/div><\/div><\/section>\n","protected":false},"excerpt":{"rendered":"WERK \/ GLASKUNST Andreas Felger, Glaube, Liebe, Hoffnung, 1997Glasfenster, je 116 x 25 cm \u00a9 AFKSGlaube, Liebe, Hoffnung 1997 Glasfenster je 116 x 25 cm Mutterhauskirche Herrenberg unverk\u00e4uflich zur\u00fcck zur \u00dcbersichtVorheriger BeitragAF_Glas_023","protected":false},"author":4,"featured_media":0,"parent":1793,"menu_order":0,"comment_status":"closed","ping_status":"closed","template":"","meta":{"h5ap_radio_sources":[],"footnotes":""},"class_list":["post-1412","page","type-page","status-publish","hentry"],"_links":{"self":[{"href":"https:\/\/www.af-kulturstiftung.de\/wordpress\/wp-json\/wp\/v2\/pages\/1412","targetHints":{"allow":["GET"]}}],"collection":[{"href":"https:\/\/www.af-kulturstiftung.de\/wordpress\/wp-json\/wp\/v2\/pages"}],"about":[{"href":"https:\/\/www.af-kulturstiftung.de\/wordpress\/wp-json\/wp\/v2\/types\/page"}],"author":[{"embeddable":true,"href":"https:\/\/www.af-kulturstiftung.de\/wordpress\/wp-json\/wp\/v2\/users\/4"}],"replies":[{"embeddable":true,"href":"https:\/\/www.af-kulturstiftung.de\/wordpress\/wp-json\/wp\/v2\/comments?post=1412"}],"version-history":[{"count":0,"href":"https:\/\/www.af-kulturstiftung.de\/wordpress\/wp-json\/wp\/v2\/pages\/1412\/revisions"}],"up":[{"embeddable":true,"href":"https:\/\/www.af-kulturstiftung.de\/wordpress\/wp-json\/wp\/v2\/pages\/1793"}],"wp:attachment":[{"href":"https:\/\/www.af-kulturstiftung.de\/wordpress\/wp-json\/wp\/v2\/media?parent=1412"}],"curies":[{"name":"wp","href":"https:\/\/api.w.org\/{rel}","templated":true}]}}