{"id":1373,"date":"2017-10-22T17:40:27","date_gmt":"2017-10-22T15:40:27","guid":{"rendered":"http:\/\/www1.af-kulturstiftung.de\/wordpress\/?page_id=1373"},"modified":"2021-03-05T17:58:09","modified_gmt":"2021-03-05T16:58:09","slug":"spenden-2","status":"publish","type":"page","link":"https:\/\/www.af-kulturstiftung.de\/wordpress\/spenden-2\/","title":{"rendered":"Spenden"},"content":{"rendered":"<section class=\"l-section wpb_row height_small with_img parallax_fixed\"><div class=\"l-section-img\" role=\"img\" aria-label=\"Bild\" data-img-width=\"1920\" data-img-height=\"955\" style=\"background-image: url(https:\/\/www.af-kulturstiftung.de\/wordpress\/wp-content\/uploads\/slideshow11.jpg);background-repeat: no-repeat;\"><\/div><div class=\"l-section-h i-cf\"><div class=\"g-cols vc_row via_flex valign_top type_default stacking_default\"><div class=\"vc_col-sm-6 wpb_column vc_column_container has_bg_color\"><div class=\"vc_column-inner us_custom_4fb9e5a3\"><div class=\"wpb_wrapper\"><div class=\"wpb_text_column\"><div class=\"wpb_wrapper\"><h4><span style=\"font-size: 14pt;\">SPENDEN<\/span><\/h4>\n<p><span style=\"font-size: 14pt;\">Wir freuen uns, dass Sie die Arbeit der Andreas Felger Kulturstiftung mit einer Spende unterst\u00fctzen m\u00f6chten!<\/span><\/p>\n<p><span style=\"font-size: 14pt;\"><strong>Unsere Kontoverbindung:<\/strong><\/span><br \/>\n<span style=\"font-size: 14pt;\">Andreas Felger Kulturstiftung<\/span><br \/>\n<span style=\"font-size: 14pt;\">F\u00fcrstlich Castell\u2018sche Bank<\/span><br \/>\n<span style=\"font-size: 14pt;\">IBAN DE4579030001 0000 0020 07<\/span><br \/>\n<span style=\"font-size: 14pt;\">BIC FUCEDE77XXX<\/span><\/p>\n<p><span style=\"font-size: 14pt;\">Wenn Sie w\u00fcnschen, dass Ihre Spende f\u00fcr einen konkreten Zweck eingesetzt wird, geben Sie dies bei \u00dcberweisung bitte als Verwendungszweck mit an.<\/span><\/p>\n<p><span style=\"font-size: 14pt;\">Spenden an die Andreas Felger Kulturstiftung sind aufgrund unseres gemeinn\u00fctzigen Status vollst\u00e4ndig steuerlich abzugsf\u00e4hig. F\u00fcr Betr\u00e4ge ab 30 Euro stellen wir Ihnen gerne auch eine Spendenquittung aus.<\/span><\/p>\n<\/div><\/div><div class=\"w-btn-wrapper align_none\"><a class=\"w-btn us-btn-style_1\" href=\"\/wordpress\/index.php\/kontakt\/\"><span class=\"w-btn-label\">Spendenquittung anfragen<\/span><\/a><\/div><\/div><\/div><\/div><div class=\"vc_col-sm-6 wpb_column vc_column_container\"><div class=\"vc_column-inner\"><div class=\"wpb_wrapper\"><\/div><\/div><\/div><\/div><\/div><\/section><!-- Row Backgrounds -->\n","protected":false},"excerpt":{"rendered":"SPENDEN Wir freuen uns, dass Sie die Arbeit der Andreas Felger Kulturstiftung mit einer Spende unterst\u00fctzen m\u00f6chten! Unsere Kontoverbindung: Andreas Felger Kulturstiftung F\u00fcrstlich Castell\u2018sche Bank IBAN DE4579030001 0000 0020 07 BIC FUCEDE77XXX Wenn Sie w\u00fcnschen, dass Ihre Spende f\u00fcr einen konkreten Zweck eingesetzt wird, geben Sie dies bei \u00dcberweisung bitte als Verwendungszweck mit an. Spenden...","protected":false},"author":4,"featured_media":0,"parent":0,"menu_order":0,"comment_status":"closed","ping_status":"closed","template":"","meta":{"h5ap_radio_sources":[],"footnotes":""},"class_list":["post-1373","page","type-page","status-publish","hentry"],"_links":{"self":[{"href":"https:\/\/www.af-kulturstiftung.de\/wordpress\/wp-json\/wp\/v2\/pages\/1373","targetHints":{"allow":["GET"]}}],"collection":[{"href":"https:\/\/www.af-kulturstiftung.de\/wordpress\/wp-json\/wp\/v2\/pages"}],"about":[{"href":"https:\/\/www.af-kulturstiftung.de\/wordpress\/wp-json\/wp\/v2\/types\/page"}],"author":[{"embeddable":true,"href":"https:\/\/www.af-kulturstiftung.de\/wordpress\/wp-json\/wp\/v2\/users\/4"}],"replies":[{"embeddable":true,"href":"https:\/\/www.af-kulturstiftung.de\/wordpress\/wp-json\/wp\/v2\/comments?post=1373"}],"version-history":[{"count":0,"href":"https:\/\/www.af-kulturstiftung.de\/wordpress\/wp-json\/wp\/v2\/pages\/1373\/revisions"}],"wp:attachment":[{"href":"https:\/\/www.af-kulturstiftung.de\/wordpress\/wp-json\/wp\/v2\/media?parent=1373"}],"curies":[{"name":"wp","href":"https:\/\/api.w.org\/{rel}","templated":true}]}}