{"id":13228,"date":"2023-06-17T15:01:01","date_gmt":"2023-06-17T13:01:01","guid":{"rendered":"https:\/\/www1.af-kulturstiftung.de\/?page_id=13228"},"modified":"2026-03-16T17:49:25","modified_gmt":"2026-03-16T16:49:25","slug":"newsletter-archiv","status":"publish","type":"page","link":"https:\/\/www.af-kulturstiftung.de\/wordpress\/service\/newsletter-archiv\/","title":{"rendered":"Newsletter Archiv"},"content":{"rendered":"<section class=\"l-section wpb_row height_small with_img parallax_fixed\"><div class=\"l-section-img\" role=\"img\" aria-label=\"Bild\" data-img-width=\"2560\" data-img-height=\"1876\" style=\"background-image: url(https:\/\/www.af-kulturstiftung.de\/wordpress\/wp-content\/uploads\/AF_AQ_10_0043-1-scaled.jpg);background-repeat: no-repeat;\"><\/div><div class=\"l-section-h i-cf\"><div class=\"g-cols vc_row via_flex valign_top type_default stacking_default\"><div class=\"vc_col-sm-6 wpb_column vc_column_container\"><div class=\"vc_column-inner\"><div class=\"wpb_wrapper\"><\/div><\/div><\/div><div class=\"vc_col-sm-6 wpb_column vc_column_container has_bg_color\"><div class=\"vc_column-inner us_custom_4fb9e5a3\"><div class=\"wpb_wrapper\"><div class=\"wpb_text_column\"><div class=\"wpb_wrapper\"><h4>NEWSLETTER-ARCHIV<\/h4>\n<p>Seit Jahr und Tag versenden wir quartalsweise den Newsletter der Andreas Felger Kulturstiftung und informieren zu Veranstaltungen, Ank\u00e4ufen, Projekten, Publikationen, dem Kunstpreis WERK.Stoff u. v. a. m. Wir lassen Sie an Leben und Werk von Andreas Felger und den Aktivit\u00e4ten des Vorstands und der Mitarbeiter*innen der Stiftung teilhaben. Wir schauen ins Archiv, physisch in der PAUSA in M\u00f6ssingen und virtuell in unsere Datenbank mit unterdessen \u00fcber 10.000 Eintr\u00e4gen in Bild und Text. Nicht zuletzt entsteht so eine Chronologie der T\u00e4tigkeiten und Ereignisse in unserer Stiftung, die sich auch in der st\u00e4ndig wachsenden und \u2013 wie wir glauben: sich verbessernden \u2013 Homepage widerspiegelt.<\/p>\n<p>Wer noch einmal zur\u00fcckschauen m\u00f6chte, sich etwas in Erinnerung rufen, wer \u00fcberlegt, ob er\/sie den Newsletter <a href=\"https:\/\/www.af-kulturstiftung.de\/wordpress\/newsletter\/\">bestellen<\/a> m\u00f6chte oder wer sich \u00fcberhaupt f\u00fcr unsere Stiftungsarbeit interessiert, sei hiermit eingeladen, einen Blick in die Newsletter der j\u00fcngst vergangenen Jahre zu werfen. Und wenn Ihnen etwas auff\u00e4llt: Wir freuen uns \u00fcber Lob und Kritik und erweitern gern das Spektrum der Neuigkeiten! Wem die Newsletter gefallen, der ist vielleicht nicht mehr weit davon entfernt, sich auch f\u00fcr unseren Verein der Freund*innen <em>Kunstfreunde Andreas Felger e. V.<\/em> zu engagieren und <a href=\"https:\/\/www.af-kulturstiftung.de\/wordpress\/kunstfreunde\/\">HIER<\/a> weiterzulesen.<\/p>\n<hr class=\"twenty-down\">\n<p><a href=\"https:\/\/mailchi.mp\/af-kulturstiftung\/newsletter-03-2025-nachtrag-17447356?e=d4e2e61f36\" target=\"_blank\" rel=\"noopener\">NEWSLETTER 01.2026<\/a><\/p>\n<hr>\n<p><a href=\"https:\/\/mailchi.mp\/af-kulturstiftung\/newsletter-03-2025-nachtrag-17444813?e=d4e2e61f36\" target=\"_blank\" rel=\"noopener\">NEWSLETTER 04.2025<\/a><\/p>\n<hr>\n<p><a href=\"https:\/\/mailchi.mp\/af-kulturstiftung\/newsletter-03-2025-nachtrag?e=0ac4b0bc1d\" target=\"_blank\" rel=\"noopener\">NEWSLETTER 03.2025 Nachtrag<\/a><\/p>\n<hr>\n<p><a href=\"https:\/\/mailchi.mp\/af-kulturstiftung\/jahrestag-der-kunstfreunde-af-17441681?e=0ac4b0bc1d\" target=\"_blank\" rel=\"noopener\">NEWSLETTER 03.2025<\/a><\/p>\n<hr>\n<p><a href=\"https:\/\/mailchi.mp\/af-kulturstiftung\/jahrestag-der-kunstfreunde-af-17439266?e=0ac4b0bc1d\" target=\"_blank\" rel=\"noopener\">NEWSLETTER 02.2025<\/a><\/p>\n<hr>\n<p><a href=\"https:\/\/mailchi.mp\/af-kulturstiftung\/jahrestag-der-kunstfreunde-af-17437942?e=&#091;UNIQID&#093;\" target=\"_blank\" rel=\"noopener\">NEWSLETTER 01.2025<\/a><\/p>\n<hr>\n<p><a href=\"https:\/\/mailchi.mp\/af-kulturstiftung\/jahrestag-der-kunstfreunde-af-17436354?e=&#091;UNIQID&#093;\" target=\"_blank\" rel=\"noopener\">NEWSLETTER 04.2024<\/a><\/p>\n<hr>\n<p><a href=\"https:\/\/mailchi.mp\/af-kulturstiftung\/jahrestag-der-kunstfreunde-af-17381576?e=&#091;UNIQID&#093;\" target=\"_blank\" rel=\"noopener\">NEWSLETTER 02.2024<\/a><\/p>\n<hr>\n<p><a href=\"https:\/\/mailchi.mp\/049a0401eafd\/jahrestag-der-kunstfreunde-af-16931660?e=&#091;UNIQID&#093;\/\" target=\"_blank\" rel=\"noopener\">NEWSLETTER 01.2024<\/a><\/p>\n<hr>\n<p><a href=\"https:\/\/mailchi.mp\/c35366283689\/jahrestag-der-kunstfreunde-af-16853124?e=&#091;UNIQID&#093;\/\" target=\"_blank\" rel=\"noopener\">NEWSLETTER 03.2023<\/a><\/p>\n<hr>\n<p><a href=\"https:\/\/mailchi.mp\/1412b548e620\/jahrestag-der-kunstfreunde-af-16841320?e=&#091;UNIQID&#093;\/\" target=\"_blank\" rel=\"noopener\">NEWSLETTER 02.2023<\/a><\/p>\n<hr>\n<p><a href=\"https:\/\/mailchi.mp\/cc829840888d\/jahrestag-der-kunstfreunde-af-15760816?e=&#091;UNIQID&#093;\/\" target=\"_blank\" rel=\"noopener\">NEWSLETTER 01.2023<\/a><\/p>\n<hr>\n<p><a href=\"https:\/\/mailchi.mp\/221e09c4d43f\/jahrestag-der-kunstfreunde-af-15903492?e=&#091;UNIQID&#093;\/\" target=\"_blank\" rel=\"noopener\">NEWSLETTER 04.2022<\/a><\/p>\n<hr>\n<p><a href=\"https:\/\/mailchi.mp\/e6e3e65c66fc\/jahrestag-der-kunstfreunde-af-15759800?e=&#091;UNIQID&#093;\/\" target=\"_blank\" rel=\"noopener\">NEWSLETTER 03.2022<\/a><\/p>\n<hr>\n<p><a href=\"https:\/\/mailchi.mp\/7cf2eaa683da\/jahrestag-der-kunstfreunde-af-15324776?e=&#091;UNIQID&#093;\/\" target=\"_blank\" rel=\"noopener\">NEWSLETTER 01.2022<\/a><\/p>\n<hr>\n<p><a href=\"https:\/\/mailchi.mp\/01d7a59818e6\/jahrestag-der-kunstfreunde-af-13385479?e=&#091;UNIQID&#093;\/\" target=\"_blank\" rel=\"noopener\">NEWSLETTER 02.2021<\/a><\/p>\n<hr>\n<p><a href=\"https:\/\/mailchi.mp\/2a483abea6ec\/jahrestag-der-kunstfreunde-af-10112212?e=&#091;UNIQID&#093;\/\" target=\"_blank\" rel=\"noopener\">NEWSLETTER 01.2021<\/a><\/p>\n<hr>\n<p><a href=\"\/\/mailchi.mp\/2c8059bfbf04\/neuigkeiten-der-afks-in-coronazeiten?e=&#091;UNIQID&#093;\/\" target=\"_blank\" rel=\"noopener\">NEWSLETTER 02.2020<\/a><\/p>\n<hr>\n<p><a href=\"https:\/\/mailchi.mp\/9e855c00b2f0\/newsletter-022019-der-andreas-felger-kulturstiftung?e=0ac4b0bc1d\/\" target=\"_blank\" rel=\"noopener\">NEWSLETTER 02.2019<\/a><\/p>\n<hr>\n<\/div><\/div><div class=\"w-separator size_small with_line width_default thick_1 style_solid color_border align_center\"><div class=\"w-separator-h\"><\/div><\/div><div class=\"wpb_text_column us_custom_f4397b66\"><div class=\"wpb_wrapper\"><p>Hintergrundbild<br \/>\nAndreas Felger, ohne Titel, 2010, Aquarell auf Papier, 55 x 75 cm \u00a9 AFKS<\/p>\n<\/div><\/div><\/div><\/div><\/div><\/div><\/div><\/section><!-- Row Backgrounds -->\n","protected":false},"excerpt":{"rendered":"NEWSLETTER-ARCHIV Seit Jahr und Tag versenden wir quartalsweise den Newsletter der Andreas Felger Kulturstiftung und informieren zu Veranstaltungen, Ank\u00e4ufen, Projekten, Publikationen, dem Kunstpreis WERK.Stoff u. v. a. m. Wir lassen Sie an Leben und Werk von Andreas Felger und den Aktivit\u00e4ten des Vorstands und der Mitarbeiter*innen der Stiftung teilhaben. Wir schauen ins Archiv, physisch in...","protected":false},"author":4,"featured_media":0,"parent":25,"menu_order":0,"comment_status":"closed","ping_status":"closed","template":"","meta":{"h5ap_radio_sources":[],"footnotes":""},"class_list":["post-13228","page","type-page","status-publish","hentry"],"_links":{"self":[{"href":"https:\/\/www.af-kulturstiftung.de\/wordpress\/wp-json\/wp\/v2\/pages\/13228","targetHints":{"allow":["GET"]}}],"collection":[{"href":"https:\/\/www.af-kulturstiftung.de\/wordpress\/wp-json\/wp\/v2\/pages"}],"about":[{"href":"https:\/\/www.af-kulturstiftung.de\/wordpress\/wp-json\/wp\/v2\/types\/page"}],"author":[{"embeddable":true,"href":"https:\/\/www.af-kulturstiftung.de\/wordpress\/wp-json\/wp\/v2\/users\/4"}],"replies":[{"embeddable":true,"href":"https:\/\/www.af-kulturstiftung.de\/wordpress\/wp-json\/wp\/v2\/comments?post=13228"}],"version-history":[{"count":0,"href":"https:\/\/www.af-kulturstiftung.de\/wordpress\/wp-json\/wp\/v2\/pages\/13228\/revisions"}],"up":[{"embeddable":true,"href":"https:\/\/www.af-kulturstiftung.de\/wordpress\/wp-json\/wp\/v2\/pages\/25"}],"wp:attachment":[{"href":"https:\/\/www.af-kulturstiftung.de\/wordpress\/wp-json\/wp\/v2\/media?parent=13228"}],"curies":[{"name":"wp","href":"https:\/\/api.w.org\/{rel}","templated":true}]}}

<section class="l-section wpb_row height_small with_img parallax_fixed"><div class="l-section-img" role="img" aria-label="Bild" data-img-width="2560" data-img-height="1876" style="background-image: url(https://www.af-kulturstiftung.de/wordpress/wp-content/uploads/AF_AQ_10_0043-1-scaled.jpg);background-repeat: no-repeat;"></div><div class="l-section-h i-cf"><div class="g-cols vc_row via_flex valign_top type_default stacking_default"><div class="vc_col-sm-6 wpb_column vc_column_container"><div class="vc_column-inner"><div class="wpb_wrapper"></div></div></div><div class="vc_col-sm-6 wpb_column vc_column_container has_bg_color"><div class="vc_column-inner us_custom_4fb9e5a3"><div class="wpb_wrapper"><div class="wpb_text_column"><div class="wpb_wrapper"><h4>NEWSLETTER-ARCHIV</h4>
<p>Seit Jahr und Tag versenden wir quartalsweise den Newsletter der Andreas Felger Kulturstiftung und informieren zu Veranstaltungen, Ankäufen, Projekten, Publikationen, dem Kunstpreis WERK.Stoff u. v. a. m. Wir lassen Sie an Leben und Werk von Andreas Felger und den Aktivitäten des Vorstands und der Mitarbeiter*innen der Stiftung teilhaben. Wir schauen ins Archiv, physisch in der PAUSA in Mössingen und virtuell in unsere Datenbank mit unterdessen über 10.000 Einträgen in Bild und Text. Nicht zuletzt entsteht so eine Chronologie der Tätigkeiten und Ereignisse in unserer Stiftung, die sich auch in der ständig wachsenden und – wie wir glauben: sich verbessernden – Homepage widerspiegelt.</p>
<p>Wer noch einmal zurückschauen möchte, sich etwas in Erinnerung rufen, wer überlegt, ob er/sie den Newsletter <a href="https://www.af-kulturstiftung.de/wordpress/newsletter/">bestellen</a> möchte oder wer sich überhaupt für unsere Stiftungsarbeit interessiert, sei hiermit eingeladen, einen Blick in die Newsletter der jüngst vergangenen Jahre zu werfen. Und wenn Ihnen etwas auffällt: Wir freuen uns über Lob und Kritik und erweitern gern das Spektrum der Neuigkeiten! Wem die Newsletter gefallen, der ist vielleicht nicht mehr weit davon entfernt, sich auch für unseren Verein der Freund*innen <em>Kunstfreunde Andreas Felger e. V.</em> zu engagieren und <a href="https://www.af-kulturstiftung.de/wordpress/kunstfreunde/">HIER</a> weiterzulesen.</p>
<hr class="twenty-down">
<p><a href="https://mailchi.mp/af-kulturstiftung/newsletter-03-2025-nachtrag-17447356?e=d4e2e61f36" target="_blank" rel="noopener">NEWSLETTER 01.2026</a></p>
<hr>
<p><a href="https://mailchi.mp/af-kulturstiftung/newsletter-03-2025-nachtrag-17444813?e=d4e2e61f36" target="_blank" rel="noopener">NEWSLETTER 04.2025</a></p>
<hr>
<p><a href="https://mailchi.mp/af-kulturstiftung/newsletter-03-2025-nachtrag?e=0ac4b0bc1d" target="_blank" rel="noopener">NEWSLETTER 03.2025 Nachtrag</a></p>
<hr>
<p><a href="https://mailchi.mp/af-kulturstiftung/jahrestag-der-kunstfreunde-af-17441681?e=0ac4b0bc1d" target="_blank" rel="noopener">NEWSLETTER 03.2025</a></p>
<hr>
<p><a href="https://mailchi.mp/af-kulturstiftung/jahrestag-der-kunstfreunde-af-17439266?e=0ac4b0bc1d" target="_blank" rel="noopener">NEWSLETTER 02.2025</a></p>
<hr>
<p><a href="https://mailchi.mp/af-kulturstiftung/jahrestag-der-kunstfreunde-af-17437942?e=&#091;UNIQID&#093;" target="_blank" rel="noopener">NEWSLETTER 01.2025</a></p>
<hr>
<p><a href="https://mailchi.mp/af-kulturstiftung/jahrestag-der-kunstfreunde-af-17436354?e=&#091;UNIQID&#093;" target="_blank" rel="noopener">NEWSLETTER 04.2024</a></p>
<hr>
<p><a href="https://mailchi.mp/af-kulturstiftung/jahrestag-der-kunstfreunde-af-17381576?e=&#091;UNIQID&#093;" target="_blank" rel="noopener">NEWSLETTER 02.2024</a></p>
<hr>
<p><a href="https://mailchi.mp/049a0401eafd/jahrestag-der-kunstfreunde-af-16931660?e=&#091;UNIQID&#093;/" target="_blank" rel="noopener">NEWSLETTER 01.2024</a></p>
<hr>
<p><a href="https://mailchi.mp/c35366283689/jahrestag-der-kunstfreunde-af-16853124?e=&#091;UNIQID&#093;/" target="_blank" rel="noopener">NEWSLETTER 03.2023</a></p>
<hr>
<p><a href="https://mailchi.mp/1412b548e620/jahrestag-der-kunstfreunde-af-16841320?e=&#091;UNIQID&#093;/" target="_blank" rel="noopener">NEWSLETTER 02.2023</a></p>
<hr>
<p><a href="https://mailchi.mp/cc829840888d/jahrestag-der-kunstfreunde-af-15760816?e=&#091;UNIQID&#093;/" target="_blank" rel="noopener">NEWSLETTER 01.2023</a></p>
<hr>
<p><a href="https://mailchi.mp/221e09c4d43f/jahrestag-der-kunstfreunde-af-15903492?e=&#091;UNIQID&#093;/" target="_blank" rel="noopener">NEWSLETTER 04.2022</a></p>
<hr>
<p><a href="https://mailchi.mp/e6e3e65c66fc/jahrestag-der-kunstfreunde-af-15759800?e=&#091;UNIQID&#093;/" target="_blank" rel="noopener">NEWSLETTER 03.2022</a></p>
<hr>
<p><a href="https://mailchi.mp/7cf2eaa683da/jahrestag-der-kunstfreunde-af-15324776?e=&#091;UNIQID&#093;/" target="_blank" rel="noopener">NEWSLETTER 01.2022</a></p>
<hr>
<p><a href="https://mailchi.mp/01d7a59818e6/jahrestag-der-kunstfreunde-af-13385479?e=&#091;UNIQID&#093;/" target="_blank" rel="noopener">NEWSLETTER 02.2021</a></p>
<hr>
<p><a href="https://mailchi.mp/2a483abea6ec/jahrestag-der-kunstfreunde-af-10112212?e=&#091;UNIQID&#093;/" target="_blank" rel="noopener">NEWSLETTER 01.2021</a></p>
<hr>
<p><a href="//mailchi.mp/2c8059bfbf04/neuigkeiten-der-afks-in-coronazeiten?e=&#091;UNIQID&#093;/" target="_blank" rel="noopener">NEWSLETTER 02.2020</a></p>
<hr>
<p><a href="https://mailchi.mp/9e855c00b2f0/newsletter-022019-der-andreas-felger-kulturstiftung?e=0ac4b0bc1d/" target="_blank" rel="noopener">NEWSLETTER 02.2019</a></p>
<hr>
</div></div><div class="w-separator size_small with_line width_default thick_1 style_solid color_border align_center"><div class="w-separator-h"></div></div><div class="wpb_text_column us_custom_f4397b66"><div class="wpb_wrapper"><p>Hintergrundbild<br />
Andreas Felger, ohne Titel, 2010, Aquarell auf Papier, 55 x 75 cm © AFKS</p>
</div></div></div></div></div></div></div></section><!-- Row Backgrounds -->

NEWSLETTER-ARCHIV Seit Jahr und Tag versenden wir quartalsweise den Newsletter der Andreas Felger Kulturstiftung und informieren zu Veranstaltungen, Ankäufen, Projekten, Publikationen, dem Kunstpreis WERK.Stoff u. v. a. m. Wir lassen Sie an Leben und Werk von Andreas Felger und den Aktivitäten des Vorstands und der Mitarbeiter*innen der Stiftung teilhaben. Wir schauen ins Archiv, physisch in...
