{"id":12,"date":"2017-09-08T14:35:07","date_gmt":"2017-09-08T12:35:07","guid":{"rendered":"http:\/\/www1.af-kulturstiftung.de\/wordpress\/?page_id=12"},"modified":"2026-04-23T23:19:58","modified_gmt":"2026-04-23T21:19:58","slug":"start","status":"publish","type":"page","link":"https:\/\/www.af-kulturstiftung.de\/wordpress\/","title":{"rendered":"Start"},"content":{"rendered":"<section class=\"l-section wpb_row height_auto\"><div class=\"l-section-h i-cf\"><div class=\"g-cols vc_row via_flex valign_top type_default stacking_default\"><div class=\"vc_col-sm-12 wpb_column vc_column_container\"><div class=\"vc_column-inner\"><div class=\"wpb_wrapper\">[rev_slider_vc alias=&#8220;afks-hp01&#8243;]<\/div><\/div><\/div><div class=\"vc_col-sm-12 wpb_column vc_column_container\"><div class=\"vc_column-inner\"><div class=\"wpb_wrapper\"><div class=\"w-popup us_custom_dccb733d hide_on_mobiles align_none\"><span  class=\"w-popup-trigger type_load\" data-options=\"{&quot;delay&quot;:2}\"><\/span><div class=\"w-popup-overlay\" style=\"background:rgba(0,0,0,0.85);\"><\/div><div class=\"w-popup-wrap layout_default\" role=\"dialog\" aria-modal=\"true\" aria-label=\"Pop-up\" style=\"--title-color:var(--color-content-heading);--title-bg-color:var(--color-content-bg-alt);--content-color:var(--color-content-text);--content-bg-color:var(--color-content-bg);--popup-width:25%;--popup-padding:10%;\"><div class=\"w-popup-box animation_fadeIn closerpos_inside with_title\"><div class=\"w-popup-box-h\"><button aria-label=\"Schlie\u00dfen\" class=\"w-popup-closer\" type=\"button\"><\/button><div class=\"w-popup-box-title\">ANDREAS FELGERS THEATER-VORHANG<\/div><div class=\"w-popup-box-content\"><h5>Andreas Felgers <em>B\u00fchnen-Vorhang<\/em> hatte Premiere am Heidelberger Theater in Marcel Kohlers <em>Auf der anderen Seite des Mondes<\/em><\/h5>\n<p>F\u00fcr weitere Informationen klicken Sie bitte auf die folgende Abbildung:<\/p>\n<p><a href=\"https:\/\/www.af-kulturstiftung.de\/wordpress\/theater-heidelberg-2026\/\"><img loading=\"lazy\" decoding=\"async\" class=\"alignnone size-medium wp-image-17722\" src=\"https:\/\/www.af-kulturstiftung.de\/wordpress\/wp-content\/uploads\/Bildschirmfoto-2026-04-23-um-08.25.29.png\" alt=\"\" width=\"300\" height=\"383\"><\/a><\/p>\n<h6>Mitglieder des Opernchors des Theaters und Orchesters Heidelberg vor Andreas Felgers B\u00fchnen-Vorhang (Ausschnitt), Foto: Susanne Reichardt<\/h6>\n<\/div><\/div><\/div><\/div><\/div><\/div><\/div><\/div><\/div><\/div><\/section><section class=\"l-section wpb_row height_medium\" id=\"aktionen\"><div class=\"l-section-h i-cf\"><div class=\"g-cols vc_row via_flex valign_top type_default stacking_default\"><div class=\"vc_col-sm-4 wpb_column vc_column_container\"><div class=\"vc_column-inner\"><div class=\"wpb_wrapper\"><div class=\"wpb_text_column\"><div class=\"wpb_wrapper\"><h5>Werk des Quartals<\/h5>\n<\/div><\/div><div class=\"w-separator size_small\"><\/div><div class=\"w-image align_none\"><a target=\" _blank\" rel=\"nofollow\" href=\"\/wordpress\/index.php\/werk-des-quartals\/\" aria-label=\"Andreas Felger, ohne Titel, 2012\" class=\"w-image-h\"><img decoding=\"async\" width=\"768\" height=\"384\" src=\"https:\/\/www.af-kulturstiftung.de\/wordpress\/wp-content\/uploads\/AF_Oel_12_0052-768x384.jpeg\" class=\"attachment-us_768_0 size-us_768_0\" alt=\"\" loading=\"lazy\" srcset=\"https:\/\/www.af-kulturstiftung.de\/wordpress\/wp-content\/uploads\/AF_Oel_12_0052-768x384.jpeg 768w, https:\/\/www.af-kulturstiftung.de\/wordpress\/wp-content\/uploads\/AF_Oel_12_0052-300x150.jpeg 300w, https:\/\/www.af-kulturstiftung.de\/wordpress\/wp-content\/uploads\/AF_Oel_12_0052-1024x512.jpeg 1024w, https:\/\/www.af-kulturstiftung.de\/wordpress\/wp-content\/uploads\/AF_Oel_12_0052-150x75.jpeg 150w, https:\/\/www.af-kulturstiftung.de\/wordpress\/wp-content\/uploads\/AF_Oel_12_0052.jpeg 1280w\" sizes=\"auto, (max-width: 768px) 100vw, 768px\" \/><\/a><\/div><div class=\"w-separator size_large\"><\/div><div class=\"wpb_text_column\"><div class=\"wpb_wrapper\"><h5>Art for Sale<\/h5>\n<\/div><\/div><div class=\"w-separator size_small\"><\/div><div class=\"w-image align_none\"><a target=\"_blank\" rel=\"nofollow\" href=\"https:\/\/https:\/\/www.af-kulturstiftung.de\/wordpress\/kunst-kaufen\/\" aria-label=\"Andreas Felger, ohne Titel, 2006\" class=\"w-image-h\"><img decoding=\"async\" width=\"768\" height=\"767\" src=\"https:\/\/www.af-kulturstiftung.de\/wordpress\/wp-content\/uploads\/AF_Oel_06_0010-1-768x767.jpg\" class=\"attachment-us_768_0 size-us_768_0\" alt=\"AF_Oel_06_0010\" loading=\"lazy\" srcset=\"https:\/\/www.af-kulturstiftung.de\/wordpress\/wp-content\/uploads\/AF_Oel_06_0010-1-768x767.jpg 768w, https:\/\/www.af-kulturstiftung.de\/wordpress\/wp-content\/uploads\/AF_Oel_06_0010-1-300x300.jpg 300w, https:\/\/www.af-kulturstiftung.de\/wordpress\/wp-content\/uploads\/AF_Oel_06_0010-1-1024x1024.jpg 1024w, https:\/\/www.af-kulturstiftung.de\/wordpress\/wp-content\/uploads\/AF_Oel_06_0010-1-150x150.jpg 150w, https:\/\/www.af-kulturstiftung.de\/wordpress\/wp-content\/uploads\/AF_Oel_06_0010-1-350x350.jpg 350w, https:\/\/www.af-kulturstiftung.de\/wordpress\/wp-content\/uploads\/AF_Oel_06_0010-1-600x600.jpg 600w, https:\/\/www.af-kulturstiftung.de\/wordpress\/wp-content\/uploads\/AF_Oel_06_0010-1.jpg 1042w\" sizes=\"auto, (max-width: 768px) 100vw, 768px\" \/><\/a><\/div><\/div><\/div><\/div><div class=\"vc_col-sm-4 wpb_column vc_column_container\"><div class=\"vc_column-inner\"><div class=\"wpb_wrapper\"><div class=\"wpb_text_column\"><div class=\"wpb_wrapper\"><h5>Ausstellungen<\/h5>\n<\/div><\/div><div class=\"w-separator size_small\"><\/div><div class=\"w-image align_none\"><a target=\" _blank\" rel=\"nofollow\" href=\"\/wordpress\/index.php\/ausstellungen\/\" aria-label=\"Ausstellungsansicht, ANDREAS FELGER. MALEN WIE ATMEN, Gem\u00e4lde und Skizzenb\u00fccher, Kunstsammlungen Chemnitz, 29.9.\u201318.11.2012\" class=\"w-image-h\"><img decoding=\"async\" width=\"768\" height=\"707\" src=\"https:\/\/www.af-kulturstiftung.de\/wordpress\/wp-content\/uploads\/DSC_2219-768x707.jpg\" class=\"attachment-us_768_0 size-us_768_0\" alt=\"Gezeigt werden in der Ausstellung gro\u00dfformatige \u00d6lgem\u00e4lde aus den Jahren 2002 bis 2012 und eine Auswahl seiner Skizzenb\u00fccher. Andreas Felger (*1. Januar 1935 in M\u00f6ssingen-Belsen) ist ein vielseitiger K\u00fcnstler. In seinem Werk vereint er sehr unterschiedliche Techniken, zu denen Holzschnitte, Skulpturen, Aquarelle und seit den sp\u00e4ten 80er-Jahren verst\u00e4rkt die \u00d6lmalerei, die Elemente der Farbfeld- und Ornamentmalerei in sich tr\u00e4gt, z\u00e4hlen. So universell sich das k\u00fcnstlerische Werk von Andreas Felger im Holzschnitt, im Aquarell und im Gem\u00e4lde darstellt, so vielseitig sind auch seine Skizzenb\u00fccher. Seit den 1980er Jahren zeichnet er akribisch Ideen, Eindr\u00fccke, Form- und Farbstudien auf, dabei entstehen ca. 40 bis 70 B\u00fccher j\u00e4hrlich.\" loading=\"lazy\" srcset=\"https:\/\/www.af-kulturstiftung.de\/wordpress\/wp-content\/uploads\/DSC_2219-768x707.jpg 768w, https:\/\/www.af-kulturstiftung.de\/wordpress\/wp-content\/uploads\/DSC_2219-300x276.jpg 300w, https:\/\/www.af-kulturstiftung.de\/wordpress\/wp-content\/uploads\/DSC_2219-1024x942.jpg 1024w, https:\/\/www.af-kulturstiftung.de\/wordpress\/wp-content\/uploads\/DSC_2219-1536x1413.jpg 1536w\" sizes=\"auto, (max-width: 768px) 100vw, 768px\" \/><\/a><\/div><div class=\"w-separator size_large\"><\/div><div class=\"wpb_text_column\"><div class=\"wpb_wrapper\"><h5>Veranstaltungen<\/h5>\n<\/div><\/div><div class=\"w-separator size_small\"><\/div><div class=\"w-image align_none\"><a target=\" _blank\" rel=\"nofollow\" href=\"\/wordpress\/index.php\/veranstaltungen\/\" aria-label=\"veranstaltungen\" class=\"w-image-h\"><img decoding=\"async\" width=\"397\" height=\"248\" src=\"https:\/\/www.af-kulturstiftung.de\/wordpress\/wp-content\/uploads\/veranstaltungen.jpg\" class=\"attachment-us_768_0 size-us_768_0\" alt=\"\" loading=\"lazy\" srcset=\"https:\/\/www.af-kulturstiftung.de\/wordpress\/wp-content\/uploads\/veranstaltungen.jpg 397w, https:\/\/www.af-kulturstiftung.de\/wordpress\/wp-content\/uploads\/veranstaltungen-300x187.jpg 300w, https:\/\/www.af-kulturstiftung.de\/wordpress\/wp-content\/uploads\/veranstaltungen-150x94.jpg 150w\" sizes=\"auto, (max-width: 397px) 100vw, 397px\" \/><\/a><\/div><\/div><\/div><\/div><div class=\"vc_col-sm-4 wpb_column vc_column_container\"><div class=\"vc_column-inner\"><div class=\"wpb_wrapper\"><div class=\"wpb_text_column\"><div class=\"wpb_wrapper\"><h5>Das Werk<\/h5>\n<\/div><\/div><div class=\"w-separator size_small\"><\/div><div class=\"w-image align_none\"><a href=\"https:\/\/https:\/\/www.af-kulturstiftung.de\/wordpress\/das-werk\/\" aria-label=\"Andreas Felger, Herrlichkeit, 2001\" class=\"w-image-h\"><img decoding=\"async\" width=\"768\" height=\"768\" src=\"https:\/\/www.af-kulturstiftung.de\/wordpress\/wp-content\/uploads\/AF_HR_01_0005-768x768.jpg\" class=\"attachment-us_768_0 size-us_768_0\" alt=\"\" loading=\"lazy\" srcset=\"https:\/\/www.af-kulturstiftung.de\/wordpress\/wp-content\/uploads\/AF_HR_01_0005-768x768.jpg 768w, https:\/\/www.af-kulturstiftung.de\/wordpress\/wp-content\/uploads\/AF_HR_01_0005-300x300.jpg 300w, https:\/\/www.af-kulturstiftung.de\/wordpress\/wp-content\/uploads\/AF_HR_01_0005-1024x1024.jpg 1024w, https:\/\/www.af-kulturstiftung.de\/wordpress\/wp-content\/uploads\/AF_HR_01_0005-150x150.jpg 150w, https:\/\/www.af-kulturstiftung.de\/wordpress\/wp-content\/uploads\/AF_HR_01_0005-350x350.jpg 350w, https:\/\/www.af-kulturstiftung.de\/wordpress\/wp-content\/uploads\/AF_HR_01_0005-600x600.jpg 600w, https:\/\/www.af-kulturstiftung.de\/wordpress\/wp-content\/uploads\/AF_HR_01_0005.jpg 1042w\" sizes=\"auto, (max-width: 768px) 100vw, 768px\" \/><\/a><\/div><div class=\"w-separator size_large\"><\/div><div class=\"wpb_text_column\"><div class=\"wpb_wrapper\"><h5>Neue Produkte<\/h5>\n<\/div><\/div><div class=\"w-separator size_small\"><\/div><div class=\"w-image align_none\"><a href=\"\/wordpress\/produkte\/\" aria-label=\"2025\" class=\"w-image-h\"><img decoding=\"async\" width=\"768\" height=\"723\" src=\"https:\/\/www.af-kulturstiftung.de\/wordpress\/wp-content\/uploads\/U1_4251693904205_blanko-768x723.jpg\" class=\"attachment-us_768_0 size-us_768_0\" alt=\"\" loading=\"lazy\" srcset=\"https:\/\/www.af-kulturstiftung.de\/wordpress\/wp-content\/uploads\/U1_4251693904205_blanko-768x723.jpg 768w, https:\/\/www.af-kulturstiftung.de\/wordpress\/wp-content\/uploads\/U1_4251693904205_blanko-300x282.jpg 300w, https:\/\/www.af-kulturstiftung.de\/wordpress\/wp-content\/uploads\/U1_4251693904205_blanko-1024x964.jpg 1024w, https:\/\/www.af-kulturstiftung.de\/wordpress\/wp-content\/uploads\/U1_4251693904205_blanko-150x141.jpg 150w, https:\/\/www.af-kulturstiftung.de\/wordpress\/wp-content\/uploads\/U1_4251693904205_blanko.jpg 1600w\" sizes=\"auto, (max-width: 768px) 100vw, 768px\" \/><\/a><\/div><\/div><\/div><\/div><\/div><\/div><\/section><section class=\"l-section wpb_row height_medium\"><div class=\"l-section-h i-cf\"><div class=\"g-cols vc_row via_flex valign_top type_default stacking_default\"><div class=\"vc_col-sm-12 wpb_column vc_column_container\"><div class=\"vc_column-inner\"><div class=\"wpb_wrapper\"><\/div><\/div><\/div><\/div><\/div><\/section>\n","protected":false},"excerpt":{"rendered":"[rev_slider_vc alias=\"afks-hp01\"]ANDREAS FELGERS THEATER-VORHANG Andreas Felgers B\u00fchnen-Vorhang hatte Premiere am Heidelberger Theater in Marcel Kohlers Auf der anderen Seite des Mondes F\u00fcr weitere Informationen klicken Sie bitte auf die folgende Abbildung: Mitglieder des Opernchors des Theaters und Orchesters Heidelberg vor Andreas Felgers B\u00fchnen-Vorhang (Ausschnitt), Foto: Susanne Reichardt Werk des Quartals Art for Sale Ausstellungen Veranstaltungen...","protected":false},"author":4,"featured_media":126,"parent":0,"menu_order":0,"comment_status":"closed","ping_status":"closed","template":"","meta":{"h5ap_radio_sources":[],"footnotes":""},"class_list":["post-12","page","type-page","status-publish","has-post-thumbnail","hentry"],"_links":{"self":[{"href":"https:\/\/www.af-kulturstiftung.de\/wordpress\/wp-json\/wp\/v2\/pages\/12","targetHints":{"allow":["GET"]}}],"collection":[{"href":"https:\/\/www.af-kulturstiftung.de\/wordpress\/wp-json\/wp\/v2\/pages"}],"about":[{"href":"https:\/\/www.af-kulturstiftung.de\/wordpress\/wp-json\/wp\/v2\/types\/page"}],"author":[{"embeddable":true,"href":"https:\/\/www.af-kulturstiftung.de\/wordpress\/wp-json\/wp\/v2\/users\/4"}],"replies":[{"embeddable":true,"href":"https:\/\/www.af-kulturstiftung.de\/wordpress\/wp-json\/wp\/v2\/comments?post=12"}],"version-history":[{"count":2,"href":"https:\/\/www.af-kulturstiftung.de\/wordpress\/wp-json\/wp\/v2\/pages\/12\/revisions"}],"predecessor-version":[{"id":20395,"href":"https:\/\/www.af-kulturstiftung.de\/wordpress\/wp-json\/wp\/v2\/pages\/12\/revisions\/20395"}],"wp:featuredmedia":[{"embeddable":true,"href":"https:\/\/www.af-kulturstiftung.de\/wordpress\/wp-json\/wp\/v2\/media\/126"}],"wp:attachment":[{"href":"https:\/\/www.af-kulturstiftung.de\/wordpress\/wp-json\/wp\/v2\/media?parent=12"}],"curies":[{"name":"wp","href":"https:\/\/api.w.org\/{rel}","templated":true}]}}