{"id":15785,"date":"2017-10-24T20:11:28","date_gmt":"2017-10-24T18:11:28","guid":{"rendered":"https:\/\/www1.af-kulturstiftung.de\/oeuvre\/design\/"},"modified":"2023-10-03T21:43:31","modified_gmt":"2023-10-03T19:43:31","slug":"design","status":"publish","type":"page","link":"https:\/\/www.af-kulturstiftung.de\/wordpress\/en\/oeuvre\/design\/","title":{"rendered":"Design"},"content":{"rendered":"<section class=\"l-section wpb_row us_custom_d971738f height_medium\"><div class=\"l-section-h i-cf\"><div class=\"g-cols vc_row via_flex valign_top type_default stacking_default\"><div class=\"vc_col-sm-3 wpb_column vc_column_container\"><div class=\"vc_column-inner\"><div class=\"wpb_wrapper\"><div class=\"wpb_text_column\"><div class=\"wpb_wrapper\"><h4><a href=\"\/en\/oeuvre\/\">OEUVRE<\/a> \/ DESIGN<\/h4>\n<\/div><\/div><\/div><\/div><\/div><div class=\"vc_col-sm-9 wpb_column vc_column_container\"><div class=\"vc_column-inner\"><div class=\"wpb_wrapper\"><div class=\"wpb_text_column\"><div class=\"wpb_wrapper\"><p>Andreas Felger&#8217;s repertoire includes both the free and the applied arts. In addition to designs for textiles, he has also been creating designs for objects of everyday use since the 1970s, often in the context of larger ensembles for churches, congregations or hospitals. <div class=\"bg-margin-for-link\"><input type='hidden' bg_collapse_expand='69f4a7aa525260086423798' value='69f4a7aa525260086423798'><input type='hidden' id='bg-show-more-text-69f4a7aa525260086423798' value='Continue \u2026'><input type='hidden' id='bg-show-less-text-69f4a7aa525260086423798' value='less \u2026'><div id='bg-showmore-hidden-69f4a7aa525260086423798' ><\/p>\n<p>In the liturgical context, for example, he designs baptismal fonts, paraments, tabernacles, lecterns, altar tables and furnishing details from candlesticks to door handles. His designs are characterised by clear form and subtle details; function and design are consistently linked, far from any ornamentation.<\/p>\n<p>In Felger&#8217;s applied works, the connection to free art always remains noticeable: a stone stele with a sculptural appearance is only recognisable as a fountain through the tap discreetly set into one side, the wavy lines carved into the limestone of a baptismal font have something graphic about them, the colour gradients of the paraments are reminiscent of paintings.<\/p>\n<p>In 1974, Andreas Felger designed a ten-metre-wide mural for the indoor swimming pool in M\u00f6ssingen made of 280 ceramic tiles individually fired for this project. The landscape of the Alps, abstracted into a brightly coloured composition, blends into the architecture like a window view.<\/p>\n<p>Among other things, numerous design objects by Felger were documented for the first time in the work groups of the KUNST.STATIONEN.<\/div><\/div><a id='bg-showmore-action-69f4a7aa525260086423798' class='bg-showmore-plg-link bg-arrow '  style=\" color:#72777c;;\" href='#'>Continue \u2026<\/a><\/p>\n<\/div><\/div><\/div><\/div><\/div><\/div><\/div><\/section><section class=\"l-section wpb_row us_custom_d984a24d height_small\"><div class=\"l-section-h i-cf\"><div class=\"g-cols vc_row via_flex valign_top type_default stacking_default\"><div class=\"vc_col-sm-12 wpb_column vc_column_container\"><div class=\"vc_column-inner\"><div class=\"wpb_wrapper\"><div class=\"w-grid us_grid type_masonry layout_6333 cols_4 preload_style_spinner with_isotope\" id=\"us_grid_1\" style=\"--columns:4;--gap:1.5rem;\" data-filterable=\"true\"><style>@media (max-width:1280px){#us_grid_1{--columns:3!important}}@media (max-width:1024px){#us_grid_1{--columns:2!important}}@media (max-width:600px){#us_grid_1{--columns:1!important}}.layout_6333 .w-grid-item-h{}.layout_6333 .usg_post_image_1{margin-bottom:1rem!important}.layout_6333 .usg_post_content_1{margin-top:0.5rem!important}<\/style><div class=\"w-grid-list\">\t<article class=\"w-grid-item size_1x1 post-15415 post type-post status-publish format-standard has-post-thumbnail hentry category-design-en\" data-id=\"15415\">\r\n\t\t<div class=\"w-grid-item-h\">\r\n\t\t\t\t\t\t<div class=\"w-post-elm post_image usg_post_image_1 stretched\"><a href=\"https:\/\/www.af-kulturstiftung.de\/wordpress\/en\/af_design_001\/\" aria-label=\"af_design_001\"><img loading=\"lazy\" decoding=\"async\" width=\"397\" height=\"248\" src=\"https:\/\/www.af-kulturstiftung.de\/wordpress\/wp-content\/uploads\/vorschau-design.jpg\" class=\"attachment-us_768_0 size-us_768_0 wp-post-image\" alt=\"\" srcset=\"https:\/\/www.af-kulturstiftung.de\/wordpress\/wp-content\/uploads\/vorschau-design.jpg 397w, https:\/\/www.af-kulturstiftung.de\/wordpress\/wp-content\/uploads\/vorschau-design-300x187.jpg 300w, https:\/\/www.af-kulturstiftung.de\/wordpress\/wp-content\/uploads\/vorschau-design-150x94.jpg 150w\" sizes=\"auto, (max-width: 397px) 100vw, 397px\" \/><\/a><\/div><div class=\"w-post-elm post_content usg_post_content_1\"><p>Baptismal font<br \/>\n2004<br \/>\nKirchheim Shell lime stone<br \/>\nH 80 cm, \u00d8 50 cm<\/p>\n<\/div>\t\t<\/div>\r\n\t\t\t<\/article>\r\n\t<article class=\"w-grid-item size_1x1 post-15793 post type-post status-publish format-standard has-post-thumbnail hentry category-design-en\" data-id=\"15793\">\r\n\t\t<div class=\"w-grid-item-h\">\r\n\t\t\t\t\t\t<div class=\"w-post-elm post_image usg_post_image_1 stretched\"><a href=\"https:\/\/www.af-kulturstiftung.de\/wordpress\/en\/af_design_002\/\" aria-label=\"af_design_002\"><img loading=\"lazy\" decoding=\"async\" width=\"768\" height=\"421\" src=\"https:\/\/www.af-kulturstiftung.de\/wordpress\/wp-content\/uploads\/af_design_002-768x421.jpg\" class=\"attachment-us_768_0 size-us_768_0 wp-post-image\" alt=\"\" srcset=\"https:\/\/www.af-kulturstiftung.de\/wordpress\/wp-content\/uploads\/af_design_002-768x421.jpg 768w, https:\/\/www.af-kulturstiftung.de\/wordpress\/wp-content\/uploads\/af_design_002-300x164.jpg 300w, https:\/\/www.af-kulturstiftung.de\/wordpress\/wp-content\/uploads\/af_design_002-150x82.jpg 150w, https:\/\/www.af-kulturstiftung.de\/wordpress\/wp-content\/uploads\/af_design_002.jpg 964w\" sizes=\"auto, (max-width: 768px) 100vw, 768px\" \/><\/a><\/div><div class=\"w-post-elm post_content usg_post_content_1\"><p>Altar table<br \/>\n2015<br \/>\nWood<br \/>\n87 x 147,5 x 73 cm<\/p>\n<\/div>\t\t<\/div>\r\n\t\t\t<\/article>\r\n\t<article class=\"w-grid-item size_1x1 post-15796 post type-post status-publish format-standard has-post-thumbnail hentry category-design-en\" data-id=\"15796\">\r\n\t\t<div class=\"w-grid-item-h\">\r\n\t\t\t\t\t\t<div class=\"w-post-elm post_image usg_post_image_1 stretched\"><a href=\"https:\/\/www.af-kulturstiftung.de\/wordpress\/en\/af_design_004\/\" aria-label=\"af_design_004\"><img loading=\"lazy\" decoding=\"async\" width=\"768\" height=\"1104\" src=\"https:\/\/www.af-kulturstiftung.de\/wordpress\/wp-content\/uploads\/Moessingen_Gemeindehaus_Feuer-768x1104.jpg\" class=\"attachment-us_768_0 size-us_768_0 wp-post-image\" alt=\"\" srcset=\"https:\/\/www.af-kulturstiftung.de\/wordpress\/wp-content\/uploads\/Moessingen_Gemeindehaus_Feuer-768x1104.jpg 768w, https:\/\/www.af-kulturstiftung.de\/wordpress\/wp-content\/uploads\/Moessingen_Gemeindehaus_Feuer-209x300.jpg 209w, https:\/\/www.af-kulturstiftung.de\/wordpress\/wp-content\/uploads\/Moessingen_Gemeindehaus_Feuer-712x1024.jpg 712w, https:\/\/www.af-kulturstiftung.de\/wordpress\/wp-content\/uploads\/Moessingen_Gemeindehaus_Feuer-104x150.jpg 104w, https:\/\/www.af-kulturstiftung.de\/wordpress\/wp-content\/uploads\/Moessingen_Gemeindehaus_Feuer.jpg 900w\" sizes=\"auto, (max-width: 768px) 100vw, 768px\" \/><\/a><\/div><div class=\"w-post-elm post_content usg_post_content_1\"><p>Holzrelief (Feuer)<br \/>\n1989\u201390<br \/>\nAcrylfarbe auf Lindenholz<br \/>\n100 x 80 x 10 cm<\/p>\n<\/div>\t\t<\/div>\r\n\t\t\t<\/article>\r\n\t<article class=\"w-grid-item size_1x1 post-15408 post type-post status-publish format-standard has-post-thumbnail hentry category-design-en\" data-id=\"15408\">\r\n\t\t<div class=\"w-grid-item-h\">\r\n\t\t\t\t\t\t<div class=\"w-post-elm post_image usg_post_image_1 stretched\"><a href=\"https:\/\/www.af-kulturstiftung.de\/wordpress\/en\/af_design_005\/\" aria-label=\"af_design_005\"><img loading=\"lazy\" decoding=\"async\" width=\"768\" height=\"687\" src=\"https:\/\/www.af-kulturstiftung.de\/wordpress\/wp-content\/uploads\/af_design_005-768x687.jpg\" class=\"attachment-us_768_0 size-us_768_0 wp-post-image\" alt=\"\" srcset=\"https:\/\/www.af-kulturstiftung.de\/wordpress\/wp-content\/uploads\/af_design_005-768x687.jpg 768w, https:\/\/www.af-kulturstiftung.de\/wordpress\/wp-content\/uploads\/af_design_005-300x268.jpg 300w, https:\/\/www.af-kulturstiftung.de\/wordpress\/wp-content\/uploads\/af_design_005-1024x916.jpg 1024w, https:\/\/www.af-kulturstiftung.de\/wordpress\/wp-content\/uploads\/af_design_005-150x134.jpg 150w, https:\/\/www.af-kulturstiftung.de\/wordpress\/wp-content\/uploads\/af_design_005.jpg 1200w\" sizes=\"auto, (max-width: 768px) 100vw, 768px\" \/><\/a><\/div><div class=\"w-post-elm post_content usg_post_content_1\"><p>Alblandschaft \u2013 Durchdringung<br \/>\n1974<br \/>\nWandbild aus Keramikfliesen mit Unterglasurbemalung<br \/>\nca. 550 x 1000 cm<\/p>\n<\/div>\t\t<\/div>\r\n\t\t\t<\/article>\r\n\t<article class=\"w-grid-item size_1x1 post-15425 post type-post status-publish format-standard has-post-thumbnail hentry category-design-en\" data-id=\"15425\">\r\n\t\t<div class=\"w-grid-item-h\">\r\n\t\t\t\t\t\t<div class=\"w-post-elm post_image usg_post_image_1 stretched\"><a href=\"https:\/\/www.af-kulturstiftung.de\/wordpress\/en\/af_design_003\/\" aria-label=\"af_design_003\"><img loading=\"lazy\" decoding=\"async\" width=\"768\" height=\"512\" src=\"https:\/\/www.af-kulturstiftung.de\/wordpress\/wp-content\/uploads\/af_design_003-768x512.jpg\" class=\"attachment-us_768_0 size-us_768_0 wp-post-image\" alt=\"\" srcset=\"https:\/\/www.af-kulturstiftung.de\/wordpress\/wp-content\/uploads\/af_design_003-768x512.jpg 768w, https:\/\/www.af-kulturstiftung.de\/wordpress\/wp-content\/uploads\/af_design_003-300x200.jpg 300w, https:\/\/www.af-kulturstiftung.de\/wordpress\/wp-content\/uploads\/af_design_003-1024x683.jpg 1024w, https:\/\/www.af-kulturstiftung.de\/wordpress\/wp-content\/uploads\/af_design_003-150x100.jpg 150w, https:\/\/www.af-kulturstiftung.de\/wordpress\/wp-content\/uploads\/af_design_003.jpg 1200w\" sizes=\"auto, (max-width: 768px) 100vw, 768px\" \/><\/a><\/div><div class=\"w-post-elm post_content usg_post_content_1\"><p>Parament<br \/>\n2002<br \/>\ngewebter Stoff<br \/>\n90 x 42,5 cm<\/p>\n<\/div>\t\t<\/div>\r\n\t\t\t<\/article>\r\n<\/div>\t<div class=\"w-grid-preloader\">\r\n\t\t<div class=\"g-preloader type_1\">\r\n\t\t\t<div><\/div>\r\n\t\t<\/div>\r\n\t<\/div>\r\n\t\t<div class=\"w-grid-json hidden\" onclick='return {&quot;action&quot;:&quot;us_ajax_grid&quot;,&quot;infinite_scroll&quot;:0,&quot;max_num_pages&quot;:1,&quot;pagination&quot;:&quot;none&quot;,&quot;template_vars&quot;:{&quot;columns&quot;:&quot;4&quot;,&quot;exclude_items&quot;:&quot;none&quot;,&quot;img_size&quot;:&quot;us_768_0&quot;,&quot;ignore_items_size&quot;:0,&quot;items_layout&quot;:&quot;6333&quot;,&quot;items_offset&quot;:&quot;1&quot;,&quot;load_animation&quot;:&quot;none&quot;,&quot;overriding_link&quot;:&quot;%7B%22url%22%3A%22%22%7D&quot;,&quot;post_id&quot;:0,&quot;query_args&quot;:{&quot;post_type&quot;:[&quot;post&quot;],&quot;tax_query&quot;:[{&quot;taxonomy&quot;:&quot;category&quot;,&quot;field&quot;:&quot;slug&quot;,&quot;terms&quot;:[&quot;design&quot;,&quot;design-en&quot;]}],&quot;post_status&quot;:[&quot;publish&quot;],&quot;posts_per_page&quot;:&quot;50&quot;},&quot;orderby_query_args&quot;:{&quot;orderby&quot;:{&quot;date&quot;:&quot;ASC&quot;}},&quot;type&quot;:&quot;masonry&quot;,&quot;us_grid_post_type&quot;:&quot;post&quot;,&quot;us_grid_ajax_index&quot;:1,&quot;us_grid_filter_query_string&quot;:null,&quot;us_grid_index&quot;:1,&quot;page_args&quot;:[],&quot;lang&quot;:&quot;en&quot;}}'><\/div>\r\n\t<\/div><\/div><\/div><\/div><\/div><\/div><\/section>\n","protected":false},"excerpt":{"rendered":"OEUVRE \/ DESIGN Andreas Felger, Parament a. o., 2002Woven fabric, 90 x 42,5 cm \u00a9 AFKS Parament 2002 gewebter Stoff 90 x 42,5 cm unverk\u00e4uflich zur\u00fcck zur \u00dcbersichtPrevious Postaf_design_005","protected":false},"author":4,"featured_media":0,"parent":9861,"menu_order":0,"comment_status":"closed","ping_status":"closed","template":"","meta":{"h5ap_radio_sources":[],"footnotes":""},"class_list":["post-15785","page","type-page","status-publish","hentry"],"_links":{"self":[{"href":"https:\/\/www.af-kulturstiftung.de\/wordpress\/en\/wp-json\/wp\/v2\/pages\/15785","targetHints":{"allow":["GET"]}}],"collection":[{"href":"https:\/\/www.af-kulturstiftung.de\/wordpress\/en\/wp-json\/wp\/v2\/pages"}],"about":[{"href":"https:\/\/www.af-kulturstiftung.de\/wordpress\/en\/wp-json\/wp\/v2\/types\/page"}],"author":[{"embeddable":true,"href":"https:\/\/www.af-kulturstiftung.de\/wordpress\/en\/wp-json\/wp\/v2\/users\/4"}],"replies":[{"embeddable":true,"href":"https:\/\/www.af-kulturstiftung.de\/wordpress\/en\/wp-json\/wp\/v2\/comments?post=15785"}],"version-history":[{"count":0,"href":"https:\/\/www.af-kulturstiftung.de\/wordpress\/en\/wp-json\/wp\/v2\/pages\/15785\/revisions"}],"up":[{"embeddable":true,"href":"https:\/\/www.af-kulturstiftung.de\/wordpress\/en\/wp-json\/wp\/v2\/pages\/9861"}],"wp:attachment":[{"href":"https:\/\/www.af-kulturstiftung.de\/wordpress\/en\/wp-json\/wp\/v2\/media?parent=15785"}],"curies":[{"name":"wp","href":"https:\/\/api.w.org\/{rel}","templated":true}]}}

<section class="l-section wpb_row us_custom_d971738f height_medium"><div class="l-section-h i-cf"><div class="g-cols vc_row via_flex valign_top type_default stacking_default"><div class="vc_col-sm-3 wpb_column vc_column_container"><div class="vc_column-inner"><div class="wpb_wrapper"><div class="wpb_text_column"><div class="wpb_wrapper"><h4><a href="/en/oeuvre/">OEUVRE</a> / DESIGN</h4>
</div></div></div></div></div><div class="vc_col-sm-9 wpb_column vc_column_container"><div class="vc_column-inner"><div class="wpb_wrapper"><div class="wpb_text_column"><div class="wpb_wrapper"><p>Andreas Felger&#8217;s repertoire includes both the free and the applied arts. In addition to designs for textiles, he has also been creating designs for objects of everyday use since the 1970s, often in the context of larger ensembles for churches, congregations or hospitals. <div class="bg-margin-for-link"><input type='hidden' bg_collapse_expand='69f4a7aa525260086423798' value='69f4a7aa525260086423798'><input type='hidden' id='bg-show-more-text-69f4a7aa525260086423798' value='Continue …'><input type='hidden' id='bg-show-less-text-69f4a7aa525260086423798' value='less …'><div id='bg-showmore-hidden-69f4a7aa525260086423798' ></p>
<p>In the liturgical context, for example, he designs baptismal fonts, paraments, tabernacles, lecterns, altar tables and furnishing details from candlesticks to door handles. His designs are characterised by clear form and subtle details; function and design are consistently linked, far from any ornamentation.</p>
<p>In Felger&#8217;s applied works, the connection to free art always remains noticeable: a stone stele with a sculptural appearance is only recognisable as a fountain through the tap discreetly set into one side, the wavy lines carved into the limestone of a baptismal font have something graphic about them, the colour gradients of the paraments are reminiscent of paintings.</p>
<p>In 1974, Andreas Felger designed a ten-metre-wide mural for the indoor swimming pool in Mössingen made of 280 ceramic tiles individually fired for this project. The landscape of the Alps, abstracted into a brightly coloured composition, blends into the architecture like a window view.</p>
<p>Among other things, numerous design objects by Felger were documented for the first time in the work groups of the KUNST.STATIONEN.</div></div><a id='bg-showmore-action-69f4a7aa525260086423798' class='bg-showmore-plg-link bg-arrow '  style=" color:#72777c;;" href='#'>Continue …</a></p>
</div></div></div></div></div></div></div></section><section class="l-section wpb_row us_custom_d984a24d height_small"><div class="l-section-h i-cf"><div class="g-cols vc_row via_flex valign_top type_default stacking_default"><div class="vc_col-sm-12 wpb_column vc_column_container"><div class="vc_column-inner"><div class="wpb_wrapper"><div class="w-grid us_grid type_masonry layout_6333 cols_4 preload_style_spinner with_isotope" id="us_grid_1" style="--columns:4;--gap:1.5rem;" data-filterable="true"><style>@media (max-width:1280px){#us_grid_1{--columns:3!important}}@media (max-width:1024px){#us_grid_1{--columns:2!important}}@media (max-width:600px){#us_grid_1{--columns:1!important}}.layout_6333 .w-grid-item-h{}.layout_6333 .usg_post_image_1{margin-bottom:1rem!important}.layout_6333 .usg_post_content_1{margin-top:0.5rem!important}</style><div class="w-grid-list">	<article class="w-grid-item size_1x1 post-15415 post type-post status-publish format-standard has-post-thumbnail hentry category-design-en" data-id="15415">
		<div class="w-grid-item-h">
						<div class="w-post-elm post_image usg_post_image_1 stretched"><a href="https://www.af-kulturstiftung.de/wordpress/en/af_design_001/" aria-label="af_design_001"><img loading="lazy" decoding="async" width="397" height="248" src="https://www.af-kulturstiftung.de/wordpress/wp-content/uploads/vorschau-design.jpg" class="attachment-us_768_0 size-us_768_0 wp-post-image" alt="" srcset="https://www.af-kulturstiftung.de/wordpress/wp-content/uploads/vorschau-design.jpg 397w, https://www.af-kulturstiftung.de/wordpress/wp-content/uploads/vorschau-design-300x187.jpg 300w, https://www.af-kulturstiftung.de/wordpress/wp-content/uploads/vorschau-design-150x94.jpg 150w" sizes="auto, (max-width: 397px) 100vw, 397px" /></a></div><div class="w-post-elm post_content usg_post_content_1"><p>Baptismal font<br />
2004<br />
Kirchheim Shell lime stone<br />
H 80 cm, Ø 50 cm</p>
</div>		</div>
			</article>
	<article class="w-grid-item size_1x1 post-15793 post type-post status-publish format-standard has-post-thumbnail hentry category-design-en" data-id="15793">
		<div class="w-grid-item-h">
						<div class="w-post-elm post_image usg_post_image_1 stretched"><a href="https://www.af-kulturstiftung.de/wordpress/en/af_design_002/" aria-label="af_design_002"><img loading="lazy" decoding="async" width="768" height="421" src="https://www.af-kulturstiftung.de/wordpress/wp-content/uploads/af_design_002-768x421.jpg" class="attachment-us_768_0 size-us_768_0 wp-post-image" alt="" srcset="https://www.af-kulturstiftung.de/wordpress/wp-content/uploads/af_design_002-768x421.jpg 768w, https://www.af-kulturstiftung.de/wordpress/wp-content/uploads/af_design_002-300x164.jpg 300w, https://www.af-kulturstiftung.de/wordpress/wp-content/uploads/af_design_002-150x82.jpg 150w, https://www.af-kulturstiftung.de/wordpress/wp-content/uploads/af_design_002.jpg 964w" sizes="auto, (max-width: 768px) 100vw, 768px" /></a></div><div class="w-post-elm post_content usg_post_content_1"><p>Altar table<br />
2015<br />
Wood<br />
87 x 147,5 x 73 cm</p>
</div>		</div>
			</article>
	<article class="w-grid-item size_1x1 post-15796 post type-post status-publish format-standard has-post-thumbnail hentry category-design-en" data-id="15796">
		<div class="w-grid-item-h">
						<div class="w-post-elm post_image usg_post_image_1 stretched"><a href="https://www.af-kulturstiftung.de/wordpress/en/af_design_004/" aria-label="af_design_004"><img loading="lazy" decoding="async" width="768" height="1104" src="https://www.af-kulturstiftung.de/wordpress/wp-content/uploads/Moessingen_Gemeindehaus_Feuer-768x1104.jpg" class="attachment-us_768_0 size-us_768_0 wp-post-image" alt="" srcset="https://www.af-kulturstiftung.de/wordpress/wp-content/uploads/Moessingen_Gemeindehaus_Feuer-768x1104.jpg 768w, https://www.af-kulturstiftung.de/wordpress/wp-content/uploads/Moessingen_Gemeindehaus_Feuer-209x300.jpg 209w, https://www.af-kulturstiftung.de/wordpress/wp-content/uploads/Moessingen_Gemeindehaus_Feuer-712x1024.jpg 712w, https://www.af-kulturstiftung.de/wordpress/wp-content/uploads/Moessingen_Gemeindehaus_Feuer-104x150.jpg 104w, https://www.af-kulturstiftung.de/wordpress/wp-content/uploads/Moessingen_Gemeindehaus_Feuer.jpg 900w" sizes="auto, (max-width: 768px) 100vw, 768px" /></a></div><div class="w-post-elm post_content usg_post_content_1"><p>Holzrelief (Feuer)<br />
1989–90<br />
Acrylfarbe auf Lindenholz<br />
100 x 80 x 10 cm</p>
</div>		</div>
			</article>
	<article class="w-grid-item size_1x1 post-15408 post type-post status-publish format-standard has-post-thumbnail hentry category-design-en" data-id="15408">
		<div class="w-grid-item-h">
						<div class="w-post-elm post_image usg_post_image_1 stretched"><a href="https://www.af-kulturstiftung.de/wordpress/en/af_design_005/" aria-label="af_design_005"><img loading="lazy" decoding="async" width="768" height="687" src="https://www.af-kulturstiftung.de/wordpress/wp-content/uploads/af_design_005-768x687.jpg" class="attachment-us_768_0 size-us_768_0 wp-post-image" alt="" srcset="https://www.af-kulturstiftung.de/wordpress/wp-content/uploads/af_design_005-768x687.jpg 768w, https://www.af-kulturstiftung.de/wordpress/wp-content/uploads/af_design_005-300x268.jpg 300w, https://www.af-kulturstiftung.de/wordpress/wp-content/uploads/af_design_005-1024x916.jpg 1024w, https://www.af-kulturstiftung.de/wordpress/wp-content/uploads/af_design_005-150x134.jpg 150w, https://www.af-kulturstiftung.de/wordpress/wp-content/uploads/af_design_005.jpg 1200w" sizes="auto, (max-width: 768px) 100vw, 768px" /></a></div><div class="w-post-elm post_content usg_post_content_1"><p>Alblandschaft – Durchdringung<br />
1974<br />
Wandbild aus Keramikfliesen mit Unterglasurbemalung<br />
ca. 550 x 1000 cm</p>
</div>		</div>
			</article>
	<article class="w-grid-item size_1x1 post-15425 post type-post status-publish format-standard has-post-thumbnail hentry category-design-en" data-id="15425">
		<div class="w-grid-item-h">
						<div class="w-post-elm post_image usg_post_image_1 stretched"><a href="https://www.af-kulturstiftung.de/wordpress/en/af_design_003/" aria-label="af_design_003"><img loading="lazy" decoding="async" width="768" height="512" src="https://www.af-kulturstiftung.de/wordpress/wp-content/uploads/af_design_003-768x512.jpg" class="attachment-us_768_0 size-us_768_0 wp-post-image" alt="" srcset="https://www.af-kulturstiftung.de/wordpress/wp-content/uploads/af_design_003-768x512.jpg 768w, https://www.af-kulturstiftung.de/wordpress/wp-content/uploads/af_design_003-300x200.jpg 300w, https://www.af-kulturstiftung.de/wordpress/wp-content/uploads/af_design_003-1024x683.jpg 1024w, https://www.af-kulturstiftung.de/wordpress/wp-content/uploads/af_design_003-150x100.jpg 150w, https://www.af-kulturstiftung.de/wordpress/wp-content/uploads/af_design_003.jpg 1200w" sizes="auto, (max-width: 768px) 100vw, 768px" /></a></div><div class="w-post-elm post_content usg_post_content_1"><p>Parament<br />
2002<br />
gewebter Stoff<br />
90 x 42,5 cm</p>
</div>		</div>
			</article>
</div>	<div class="w-grid-preloader">
		<div class="g-preloader type_1">
			<div></div>
		</div>
	</div>
		<div class="w-grid-json hidden" onclick='return {&quot;action&quot;:&quot;us_ajax_grid&quot;,&quot;infinite_scroll&quot;:0,&quot;max_num_pages&quot;:1,&quot;pagination&quot;:&quot;none&quot;,&quot;template_vars&quot;:{&quot;columns&quot;:&quot;4&quot;,&quot;exclude_items&quot;:&quot;none&quot;,&quot;img_size&quot;:&quot;us_768_0&quot;,&quot;ignore_items_size&quot;:0,&quot;items_layout&quot;:&quot;6333&quot;,&quot;items_offset&quot;:&quot;1&quot;,&quot;load_animation&quot;:&quot;none&quot;,&quot;overriding_link&quot;:&quot;%7B%22url%22%3A%22%22%7D&quot;,&quot;post_id&quot;:0,&quot;query_args&quot;:{&quot;post_type&quot;:[&quot;post&quot;],&quot;tax_query&quot;:[{&quot;taxonomy&quot;:&quot;category&quot;,&quot;field&quot;:&quot;slug&quot;,&quot;terms&quot;:[&quot;design&quot;,&quot;design-en&quot;]}],&quot;post_status&quot;:[&quot;publish&quot;],&quot;posts_per_page&quot;:&quot;50&quot;},&quot;orderby_query_args&quot;:{&quot;orderby&quot;:{&quot;date&quot;:&quot;ASC&quot;}},&quot;type&quot;:&quot;masonry&quot;,&quot;us_grid_post_type&quot;:&quot;post&quot;,&quot;us_grid_ajax_index&quot;:1,&quot;us_grid_filter_query_string&quot;:null,&quot;us_grid_index&quot;:1,&quot;page_args&quot;:[],&quot;lang&quot;:&quot;en&quot;}}'></div>
	</div></div></div></div></div></div></section>

OEUVRE / DESIGN Andreas Felger, Parament a. o., 2002Woven fabric, 90 x 42,5 cm © AFKS Parament 2002 gewebter Stoff 90 x 42,5 cm unverkäuflich zurück zur ÜbersichtPrevious Postaf_design_005
